Back to Multiple platform build/check report for BioC 3.14
ABCDEFG[H]IJKLMNOPQRSTUVWXYZ

This page was generated on 2021-11-26 15:05:52 -0500 (Fri, 26 Nov 2021).

CHECK results for HiCcompare on machv2

To the developers/maintainers of the HiCcompare package:
- Please allow up to 24 hours (and sometimes 48 hours) for your latest push to git@git.bioconductor.org:packages/HiCcompare.git to
reflect on this report. See How and When does the builder pull? When will my changes propagate? here for more information.
- Make sure to use the following settings in order to reproduce any error or warning you see on this page.

raw results

Package 867/2083HostnameOS / ArchINSTALLBUILDCHECKBUILD BIN
HiCcompare 1.16.0  (landing page)
John Stansfield , Mikhail Dozmorov
Snapshot Date: 2021-11-25 04:15:05 -0500 (Thu, 25 Nov 2021)
git_url: https://git.bioconductor.org/packages/HiCcompare
git_branch: RELEASE_3_14
git_last_commit: dafc05f
git_last_commit_date: 2021-10-26 12:36:44 -0500 (Tue, 26 Oct 2021)
nebbiolo2Linux (Ubuntu 20.04.3 LTS) / x86_64  OK    OK    WARNINGS  UNNEEDED, same version is already published
tokay2Windows Server 2012 R2 Standard / x64  OK    OK    WARNINGS    OK  UNNEEDED, same version is already published
machv2macOS 10.14.6 Mojave / x86_64  OK    OK    WARNINGS    OK  UNNEEDED, same version is already published

Summary

Package: HiCcompare
Version: 1.16.0
Command: /Library/Frameworks/R.framework/Resources/bin/R CMD check --install=check:HiCcompare.install-out.txt --library=/Library/Frameworks/R.framework/Resources/library --no-vignettes --timings HiCcompare_1.16.0.tar.gz
StartedAt: 2021-11-25 17:32:03 -0500 (Thu, 25 Nov 2021)
EndedAt: 2021-11-25 17:37:32 -0500 (Thu, 25 Nov 2021)
EllapsedTime: 329.3 seconds
RetCode: 0
Status:   WARNINGS  
CheckDir: HiCcompare.Rcheck
Warnings: 1

Command output

##############################################################################
##############################################################################
###
### Running command:
###
###   /Library/Frameworks/R.framework/Resources/bin/R CMD check --install=check:HiCcompare.install-out.txt --library=/Library/Frameworks/R.framework/Resources/library --no-vignettes --timings HiCcompare_1.16.0.tar.gz
###
##############################################################################
##############################################################################


* using log directory ‘/Users/biocbuild/bbs-3.14-bioc/meat/HiCcompare.Rcheck’
* using R version 4.1.2 (2021-11-01)
* using platform: x86_64-apple-darwin17.0 (64-bit)
* using session charset: UTF-8
* using option ‘--no-vignettes’
* checking for file ‘HiCcompare/DESCRIPTION’ ... OK
* this is package ‘HiCcompare’ version ‘1.16.0’
* package encoding: UTF-8
* checking package namespace information ... OK
* checking package dependencies ... OK
* checking if this is a source package ... OK
* checking if there is a namespace ... OK
* checking for hidden files and directories ... OK
* checking for portable file names ... OK
* checking for sufficient/correct file permissions ... OK
* checking whether package ‘HiCcompare’ can be installed ... OK
* checking installed package size ... NOTE
  installed size is  6.0Mb
  sub-directories of 1Mb or more:
    data   5.8Mb
* checking package directory ... OK
* checking ‘build’ directory ... OK
* checking DESCRIPTION meta-information ... OK
* checking top-level files ... OK
* checking for left-over files ... OK
* checking index information ... OK
* checking package subdirectories ... OK
* checking R files for non-ASCII characters ... OK
* checking R files for syntax errors ... OK
* checking whether the package can be loaded ... OK
* checking whether the package can be loaded with stated dependencies ... OK
* checking whether the package can be unloaded cleanly ... OK
* checking whether the namespace can be loaded with stated dependencies ... OK
* checking whether the namespace can be unloaded cleanly ... OK
* checking dependencies in R code ... OK
* checking S3 generic/method consistency ... OK
* checking replacement functions ... OK
* checking foreign function calls ... OK
* checking R code for possible problems ... NOTE
.adjust_pval : <anonymous>: no visible binding for global variable
  ‘p.adj’
.adjust_pval : <anonymous>: no visible binding for global variable
  ‘p.value’
.adjust_pval: no visible binding for global variable ‘p.value’
.adjust_pval: no visible binding for global variable ‘p.adj’
.calc.diff.thresh: no visible global function definition for ‘sd’
.calc.pval: no visible binding for global variable ‘D’
.calc.pval: no visible binding for global variable ‘p.value’
.calc.pval: no visible binding for global variable ‘p.adj’
.calc.pval: no visible binding for global variable ‘adj.M’
.calc.pval: no visible binding for global variable ‘fold.change’
.calc.pval: no visible binding for global variable ‘adj.IF2’
.calc.pval: no visible binding for global variable ‘adj.IF1’
.calc_z2: no visible global function definition for ‘sd’
.calc_z2: no visible binding for global variable ‘Z’
.calc_z2: no visible global function definition for ‘pnorm’
.calc_z2: no visible binding for global variable ‘p.value’
.loess.matrix: no visible binding for global variable ‘adj.IF1’
.loess.matrix: no visible binding for global variable ‘IF1’
.loess.matrix: no visible binding for global variable ‘adj.IF2’
.loess.matrix: no visible binding for global variable ‘IF2’
.loess.matrix: no visible binding for global variable ‘adj.M’
.loess.matrix: no visible binding for global variable ‘A’
.sim.mat: no visible global function definition for ‘head’
.split_cent: no visible binding for global variable
  ‘centromere_locations’
.split_cent: no visible binding for global variable ‘start1’
.split_cent: no visible binding for global variable ‘start2’
.split_cent: no visible binding for global variable ‘chr1’
.split_cent: no visible binding for global variable ‘chr2’
MA_norm: no visible binding for global variable ‘D’
MA_norm: no visible binding for global variable ‘M’
MA_norm: no visible binding for global variable ‘adj.IF1’
MA_norm: no visible binding for global variable ‘IF1’
MA_norm: no visible binding for global variable ‘adj.IF2’
MA_norm: no visible binding for global variable ‘IF2’
MA_norm: no visible binding for global variable ‘adj.M’
cooler2sparse: no visible binding for global variable ‘chr1’
cooler2sparse: no visible binding for global variable ‘chr2’
cooler2sparse: no visible binding for global variable ‘IF’
create.hic.table: no visible binding for global variable ‘D’
create.hic.table: no visible binding for global variable ‘region2’
create.hic.table: no visible binding for global variable ‘region1’
create.hic.table: no visible binding for global variable ‘IF2’
create.hic.table: no visible binding for global variable ‘M’
create.hic.table: no visible binding for global variable ‘IF1’
create.hic.table: no visible binding for global variable ‘i’
create.hic.table: no visible binding for global variable ‘j’
filter_params: no visible binding for global variable ‘M’
filter_params: no visible binding for global variable ‘IF1’
filter_params: no visible binding for global variable ‘IF2’
filter_params: no visible global function definition for ‘axis’
full2sparse: no visible binding for global variable ‘IF’
hic_compare : <anonymous>: no visible binding for global variable
  ‘p.adj’
hic_simulate: no visible binding for global variable ‘bias.slope’
hic_simulate: no visible global function definition for ‘na.omit’
hicpro2bedpe: no visible binding for global variable ‘chr1’
hicpro2bedpe: no visible binding for global variable ‘chr2’
manhattan_plot: no visible binding for global variable ‘bp’
manhattan_plot: no visible binding for global variable ‘count’
sim.other.methods: no visible binding for global variable ‘adj.IF1’
sim.other.methods: no visible binding for global variable ‘IF1’
sim.other.methods: no visible binding for global variable ‘adj.IF2’
sim.other.methods: no visible binding for global variable ‘IF2’
sim.other.methods: no visible binding for global variable ‘adj.M’
sim.other.methods: no visible binding for global variable ‘M’
sim.other.methods: no visible global function definition for ‘na.omit’
sim_matrix: no visible binding for global variable ‘bias.slope’
total_sum: no visible binding for global variable ‘IF2’
total_sum: no visible binding for global variable ‘M’
total_sum: no visible binding for global variable ‘IF1’
total_sum: no visible binding for global variable ‘chr1’
volcano: no visible binding for global variable ‘A’
volcano: no visible binding for global variable ‘adj.IF1’
volcano: no visible binding for global variable ‘adj.IF2’
volcano: no visible binding for global variable ‘p.value’
volcano: no visible binding for global variable ‘D’
Undefined global functions or variables:
  A D IF IF1 IF2 M Z adj.IF1 adj.IF2 adj.M axis bias.slope bp
  centromere_locations chr1 chr2 count fold.change head i j na.omit
  p.adj p.value pnorm region1 region2 sd start1 start2
Consider adding
  importFrom("graphics", "axis")
  importFrom("stats", "D", "na.omit", "pnorm", "sd")
  importFrom("utils", "head")
to your NAMESPACE file.
* checking Rd files ... OK
* checking Rd metadata ... OK
* checking Rd cross-references ... OK
* checking for missing documentation entries ... OK
* checking for code/documentation mismatches ... OK
* checking Rd \usage sections ... OK
* checking Rd contents ... OK
* checking for unstated dependencies in examples ... OK
* checking contents of ‘data’ directory ... OK
* checking data for non-ASCII characters ... OK
* checking LazyData ... WARNING
  LazyData DB of 5.6 MB without LazyDataCompression set
  See §1.1.6 of 'Writing R Extensions'
* checking data for ASCII and uncompressed saves ... OK
* checking files in ‘vignettes’ ... OK
* checking examples ... OK
Examples with CPU (user + system) or elapsed time > 5s
               user system elapsed
filter_params 5.702   0.19   6.925
* checking for unstated dependencies in ‘tests’ ... OK
* checking tests ...
  Running ‘testthat.R’
 OK
* checking for unstated dependencies in vignettes ... OK
* checking package vignettes in ‘inst/doc’ ... OK
* checking running R code from vignettes ... SKIPPED
* checking re-building of vignette outputs ... SKIPPED
* checking PDF version of manual ... OK
* DONE

Status: 1 WARNING, 2 NOTEs
See
  ‘/Users/biocbuild/bbs-3.14-bioc/meat/HiCcompare.Rcheck/00check.log’
for details.



Installation output

HiCcompare.Rcheck/00install.out

##############################################################################
##############################################################################
###
### Running command:
###
###   /Library/Frameworks/R.framework/Resources/bin/R CMD INSTALL HiCcompare
###
##############################################################################
##############################################################################


* installing to library ‘/Library/Frameworks/R.framework/Versions/4.1/Resources/library’
* installing *source* package ‘HiCcompare’ ...
** using staged installation
** R
** data
*** moving datasets to lazyload DB
** inst
** byte-compile and prepare package for lazy loading
Note: wrong number of arguments to 'ceiling' 
** help
*** installing help indices
** building package indices
** installing vignettes
** testing if installed package can be loaded from temporary location
** testing if installed package can be loaded from final location
** testing if installed package keeps a record of temporary installation path
* DONE (HiCcompare)

Tests output

HiCcompare.Rcheck/tests/testthat.Rout


R version 4.1.2 (2021-11-01) -- "Bird Hippie"
Copyright (C) 2021 The R Foundation for Statistical Computing
Platform: x86_64-apple-darwin17.0 (64-bit)

R is free software and comes with ABSOLUTELY NO WARRANTY.
You are welcome to redistribute it under certain conditions.
Type 'license()' or 'licence()' for distribution details.

R is a collaborative project with many contributors.
Type 'contributors()' for more information and
'citation()' on how to cite R or R packages in publications.

Type 'demo()' for some demos, 'help()' for on-line help, or
'help.start()' for an HTML browser interface to help.
Type 'q()' to quit R.

> library(testthat)
> library(HiCcompare)
Loading required package: dplyr

Attaching package: 'dplyr'

The following object is masked from 'package:testthat':

    matches

The following objects are masked from 'package:stats':

    filter, lag

The following objects are masked from 'package:base':

    intersect, setdiff, setequal, union

> 
> test_check("HiCcompare")
[ FAIL 0 | WARN 0 | SKIP 0 | PASS 28 ]
> 
> proc.time()
   user  system elapsed 
 14.933   0.685  15.663 

Example timings

HiCcompare.Rcheck/HiCcompare-Ex.timings

nameusersystemelapsed
KRnorm0.0050.0030.008
MA_norm0.1430.0110.154
MD.plot10.3390.0240.363
MD.plot20.9180.0180.940
SCN0.0030.0010.005
cooler2bedpe0.0000.0010.000
cooler2sparse0.2320.0510.307
create.hic.table0.0190.0050.043
filter_params5.7020.1906.925
full2sparse0.0040.0020.005
get_CNV0.0010.0000.001
hic_compare0.4070.0290.441
hic_diff3.3171.0714.720
hic_loess0.3450.0410.625
hic_simulate1.2640.0681.346
hicpro2bedpe000
make_InteractionSet0.2630.0060.271
manhattan_plot0.7200.0490.777
remove_centromere0.0010.0020.002
sim.other.methods0.9270.0420.972
sim_matrix1.3060.0631.380
sparse2full0.0030.0010.005
split_centromere0.0130.0010.014
total_sum0.160.020.18
visualize_pvals0.6460.0340.687