Back to Multiple platform build/check report for BioC 3.14
ABCDEF[G]HIJKLMNOPQRSTUVWXYZ

This page was generated on 2021-11-26 15:05:18 -0500 (Fri, 26 Nov 2021).

BUILD results for GenoGAM on tokay2

To the developers/maintainers of the GenoGAM package:
- Please allow up to 24 hours (and sometimes 48 hours) for your latest push to git@git.bioconductor.org:packages/GenoGAM.git to
reflect on this report. See How and When does the builder pull? When will my changes propagate? here for more information.
- Make sure to use the following settings in order to reproduce any error or warning you see on this page.

raw results

Package 743/2083HostnameOS / ArchINSTALLBUILDCHECKBUILD BIN
GenoGAM 2.12.0  (landing page)
Georg Stricker
Snapshot Date: 2021-11-25 04:15:05 -0500 (Thu, 25 Nov 2021)
git_url: https://git.bioconductor.org/packages/GenoGAM
git_branch: RELEASE_3_14
git_last_commit: a819d51
git_last_commit_date: 2021-10-26 12:26:42 -0500 (Tue, 26 Oct 2021)
nebbiolo2Linux (Ubuntu 20.04.3 LTS) / x86_64  OK    ERROR  skipped
tokay2Windows Server 2012 R2 Standard / x64  OK    ERROR  skippedskipped
machv2macOS 10.14.6 Mojave / x86_64  OK    ERROR  skippedskipped

Summary

Package: GenoGAM
Version: 2.12.0
Command: chmod a+r GenoGAM -R && C:\Users\biocbuild\bbs-3.14-bioc\R\bin\R.exe CMD build --keep-empty-dirs --no-resave-data GenoGAM
StartedAt: 2021-11-25 13:19:34 -0500 (Thu, 25 Nov 2021)
EndedAt: 2021-11-25 13:26:23 -0500 (Thu, 25 Nov 2021)
EllapsedTime: 409.1 seconds
RetCode: 1
Status:   ERROR  
PackageFile: None
PackageFileSize: NA

Command output

##############################################################################
##############################################################################
###
### Running command:
###
###   chmod a+r GenoGAM -R && C:\Users\biocbuild\bbs-3.14-bioc\R\bin\R.exe CMD build --keep-empty-dirs --no-resave-data GenoGAM
###
##############################################################################
##############################################################################


* checking for file 'GenoGAM/DESCRIPTION' ... OK
* preparing 'GenoGAM':
* checking DESCRIPTION meta-information ... OK
* cleaning src
* installing the package to build vignettes
* creating vignettes ... ERROR
--- re-building 'GenoGAM.Rmd' using rmarkdown
Loading required package: SummarizedExperiment
Loading required package: MatrixGenerics
Loading required package: matrixStats

Attaching package: 'MatrixGenerics'

The following objects are masked from 'package:matrixStats':

    colAlls, colAnyNAs, colAnys, colAvgsPerRowSet, colCollapse,
    colCounts, colCummaxs, colCummins, colCumprods, colCumsums,
    colDiffs, colIQRDiffs, colIQRs, colLogSumExps, colMadDiffs,
    colMads, colMaxs, colMeans2, colMedians, colMins, colOrderStats,
    colProds, colQuantiles, colRanges, colRanks, colSdDiffs, colSds,
    colSums2, colTabulates, colVarDiffs, colVars, colWeightedMads,
    colWeightedMeans, colWeightedMedians, colWeightedSds,
    colWeightedVars, rowAlls, rowAnyNAs, rowAnys, rowAvgsPerColSet,
    rowCollapse, rowCounts, rowCummaxs, rowCummins, rowCumprods,
    rowCumsums, rowDiffs, rowIQRDiffs, rowIQRs, rowLogSumExps,
    rowMadDiffs, rowMads, rowMaxs, rowMeans2, rowMedians, rowMins,
    rowOrderStats, rowProds, rowQuantiles, rowRanges, rowRanks,
    rowSdDiffs, rowSds, rowSums2, rowTabulates, rowVarDiffs, rowVars,
    rowWeightedMads, rowWeightedMeans, rowWeightedMedians,
    rowWeightedSds, rowWeightedVars

Loading required package: GenomicRanges
Loading required package: stats4
Loading required package: BiocGenerics

Attaching package: 'BiocGenerics'

The following objects are masked from 'package:stats':

    IQR, mad, sd, var, xtabs

The following objects are masked from 'package:base':

    Filter, Find, Map, Position, Reduce, anyDuplicated, append,
    as.data.frame, basename, cbind, colnames, dirname, do.call,
    duplicated, eval, evalq, get, grep, grepl, intersect, is.unsorted,
    lapply, mapply, match, mget, order, paste, pmax, pmax.int, pmin,
    pmin.int, rank, rbind, rownames, sapply, setdiff, sort, table,
    tapply, union, unique, unsplit, which.max, which.min

Loading required package: S4Vectors

Attaching package: 'S4Vectors'

The following objects are masked from 'package:base':

    I, expand.grid, unname

Loading required package: IRanges

Attaching package: 'IRanges'

The following object is masked from 'package:grDevices':

    windows

Loading required package: GenomeInfoDb
Loading required package: Biobase
Welcome to Bioconductor

    Vignettes contain introductory material; view with
    'browseVignettes()'. To cite Bioconductor, see
    'citation("Biobase")', and for packages 'citation("pkgname")'.


Attaching package: 'Biobase'

The following object is masked from 'package:MatrixGenerics':

    rowMedians

The following objects are masked from 'package:matrixStats':

    anyMissing, rowMedians

Loading required package: HDF5Array
Loading required package: DelayedArray
Loading required package: Matrix

Attaching package: 'Matrix'

The following object is masked from 'package:S4Vectors':

    expand


Attaching package: 'DelayedArray'

The following objects are masked from 'package:base':

    aperm, apply, rowsum, scale, sweep

Loading required package: rhdf5

Attaching package: 'HDF5Array'

The following object is masked from 'package:rhdf5':

    h5ls

Loading required package: data.table

Attaching package: 'data.table'

The following object is masked from 'package:SummarizedExperiment':

    shift

The following object is masked from 'package:GenomicRanges':

    shift

The following object is masked from 'package:IRanges':

    shift

The following objects are masked from 'package:S4Vectors':

    first, second

Warning: replacing previous import 'HDF5Array::h5ls' by 'rhdf5::h5ls' when loading 'GenoGAM'
Warning: replacing previous import 'S4Vectors::na.omit' by 'stats::na.omit' when loading 'GenoGAM'
Warning in BiocParallel::MulticoreParam(worker = 2) :
  MulticoreParam() not supported on Windows, use SnowParam()
Warning in GenomicRanges:::valid.GenomicRanges.seqinfo(x) :
  GAlignments object contains 10 out-of-bound ranges located on sequence
  chrI. Note that ranges located on a sequence whose length is unknown
  (NA) or on a circular sequence are not considered out-of-bound (use
  seqlengths() and isCircular() to get the lengths and circularity flags
  of the underlying sequences).
Warning in valid.GenomicRanges.seqinfo(x, suggest.trim = TRUE) :
  GRanges object contains 9 out-of-bound ranges located on sequence chrI.
  Note that ranges located on a sequence whose length is unknown (NA) or
  on a circular sequence are not considered out-of-bound (use
  seqlengths() and isCircular() to get the lengths and circularity flags
  of the underlying sequences). You can use trim() to trim these ranges.
  See ?`trim,GenomicRanges-method` for more information.
Warning in valid.GenomicRanges.seqinfo(x, suggest.trim = TRUE) :
  GRanges object contains 3 out-of-bound ranges located on sequence chrI.
  Note that ranges located on a sequence whose length is unknown (NA) or
  on a circular sequence are not considered out-of-bound (use
  seqlengths() and isCircular() to get the lengths and circularity flags
  of the underlying sequences). You can use trim() to trim these ranges.
  See ?`trim,GenomicRanges-method` for more information.
Warning in valid.GenomicRanges.seqinfo(x, suggest.trim = TRUE) :
  GRanges object contains 3 out-of-bound ranges located on sequence chrI.
  Note that ranges located on a sequence whose length is unknown (NA) or
  on a circular sequence are not considered out-of-bound (use
  seqlengths() and isCircular() to get the lengths and circularity flags
  of the underlying sequences). You can use trim() to trim these ranges.
  See ?`trim,GenomicRanges-method` for more information.
Warning in valid.GenomicRanges.seqinfo(x, suggest.trim = TRUE) :
  GRanges object contains 3 out-of-bound ranges located on sequence chrI.
  Note that ranges located on a sequence whose length is unknown (NA) or
  on a circular sequence are not considered out-of-bound (use
  seqlengths() and isCircular() to get the lengths and circularity flags
  of the underlying sequences). You can use trim() to trim these ranges.
  See ?`trim,GenomicRanges-method` for more information.
Warning in valid.GenomicRanges.seqinfo(x, suggest.trim = TRUE) :
  GRanges object contains 6 out-of-bound ranges located on sequence chrI.
  Note that ranges located on a sequence whose length is unknown (NA) or
  on a circular sequence are not considered out-of-bound (use
  seqlengths() and isCircular() to get the lengths and circularity flags
  of the underlying sequences). You can use trim() to trim these ranges.
  See ?`trim,GenomicRanges-method` for more information.
Warning in valid.GenomicRanges.seqinfo(x, suggest.trim = TRUE) :
  GRanges object contains 6 out-of-bound ranges located on sequence chrI.
  Note that ranges located on a sequence whose length is unknown (NA) or
  on a circular sequence are not considered out-of-bound (use
  seqlengths() and isCircular() to get the lengths and circularity flags
  of the underlying sequences). You can use trim() to trim these ranges.
  See ?`trim,GenomicRanges-method` for more information.
Warning in valid.GenomicRanges.seqinfo(x, suggest.trim = TRUE) :
  GRanges object contains 3 out-of-bound ranges located on sequence chrI.
  Note that ranges located on a sequence whose length is unknown (NA) or
  on a circular sequence are not considered out-of-bound (use
  seqlengths() and isCircular() to get the lengths and circularity flags
  of the underlying sequences). You can use trim() to trim these ranges.
  See ?`trim,GenomicRanges-method` for more information.
Warning in GenomicRanges:::valid.GenomicRanges.seqinfo(x) :
  GAlignments object contains 6 out-of-bound ranges located on sequence
  chrI. Note that ranges located on a sequence whose length is unknown
  (NA) or on a circular sequence are not considered out-of-bound (use
  seqlengths() and isCircular() to get the lengths and circularity flags
  of the underlying sequences).
Warning in valid.GenomicRanges.seqinfo(x, suggest.trim = TRUE) :
  GRanges object contains 3 out-of-bound ranges located on sequence chrI.
  Note that ranges located on a sequence whose length is unknown (NA) or
  on a circular sequence are not considered out-of-bound (use
  seqlengths() and isCircular() to get the lengths and circularity flags
  of the underlying sequences). You can use trim() to trim these ranges.
  See ?`trim,GenomicRanges-method` for more information.
Warning in valid.GenomicRanges.seqinfo(x, suggest.trim = TRUE) :
  GRanges object contains 1 out-of-bound range located on sequence chrI.
  Note that ranges located on a sequence whose length is unknown (NA) or
  on a circular sequence are not considered out-of-bound (use
  seqlengths() and isCircular() to get the lengths and circularity flags
  of the underlying sequences). You can use trim() to trim these ranges.
  See ?`trim,GenomicRanges-method` for more information.
Warning in valid.GenomicRanges.seqinfo(x, suggest.trim = TRUE) :
  GRanges object contains 1 out-of-bound range located on sequence chrI.
  Note that ranges located on a sequence whose length is unknown (NA) or
  on a circular sequence are not considered out-of-bound (use
  seqlengths() and isCircular() to get the lengths and circularity flags
  of the underlying sequences). You can use trim() to trim these ranges.
  See ?`trim,GenomicRanges-method` for more information.
Warning in valid.GenomicRanges.seqinfo(x, suggest.trim = TRUE) :
  GRanges object contains 1 out-of-bound range located on sequence chrI.
  Note that ranges located on a sequence whose length is unknown (NA) or
  on a circular sequence are not considered out-of-bound (use
  seqlengths() and isCircular() to get the lengths and circularity flags
  of the underlying sequences). You can use trim() to trim these ranges.
  See ?`trim,GenomicRanges-method` for more information.
Warning in valid.GenomicRanges.seqinfo(x, suggest.trim = TRUE) :
  GRanges object contains 2 out-of-bound ranges located on sequence chrI.
  Note that ranges located on a sequence whose length is unknown (NA) or
  on a circular sequence are not considered out-of-bound (use
  seqlengths() and isCircular() to get the lengths and circularity flags
  of the underlying sequences). You can use trim() to trim these ranges.
  See ?`trim,GenomicRanges-method` for more information.
Warning in valid.GenomicRanges.seqinfo(x, suggest.trim = TRUE) :
  GRanges object contains 2 out-of-bound ranges located on sequence chrI.
  Note that ranges located on a sequence whose length is unknown (NA) or
  on a circular sequence are not considered out-of-bound (use
  seqlengths() and isCircular() to get the lengths and circularity flags
  of the underlying sequences). You can use trim() to trim these ranges.
  See ?`trim,GenomicRanges-method` for more information.
Warning in valid.GenomicRanges.seqinfo(x, suggest.trim = TRUE) :
  GRanges object contains 1 out-of-bound range located on sequence chrI.
  Note that ranges located on a sequence whose length is unknown (NA) or
  on a circular sequence are not considered out-of-bound (use
  seqlengths() and isCircular() to get the lengths and circularity flags
  of the underlying sequences). You can use trim() to trim these ranges.
  See ?`trim,GenomicRanges-method` for more information.
Warning in GenomicRanges:::valid.GenomicRanges.seqinfo(x) :
  GAlignments object contains 17 out-of-bound ranges located on sequence
  chrI. Note that ranges located on a sequence whose length is unknown
  (NA) or on a circular sequence are not considered out-of-bound (use
  seqlengths() and isCircular() to get the lengths and circularity flags
  of the underlying sequences).
Warning in valid.GenomicRanges.seqinfo(x, suggest.trim = TRUE) :
  GRanges object contains 14 out-of-bound ranges located on sequence
  chrI. Note that ranges located on a sequence whose length is unknown
  (NA) or on a circular sequence are not considered out-of-bound (use
  seqlengths() and isCircular() to get the lengths and circularity flags
  of the underlying sequences). You can use trim() to trim these ranges.
  See ?`trim,GenomicRanges-method` for more information.
Warning in valid.GenomicRanges.seqinfo(x, suggest.trim = TRUE) :
  GRanges object contains 5 out-of-bound ranges located on sequence chrI.
  Note that ranges located on a sequence whose length is unknown (NA) or
  on a circular sequence are not considered out-of-bound (use
  seqlengths() and isCircular() to get the lengths and circularity flags
  of the underlying sequences). You can use trim() to trim these ranges.
  See ?`trim,GenomicRanges-method` for more information.
Warning in valid.GenomicRanges.seqinfo(x, suggest.trim = TRUE) :
  GRanges object contains 6 out-of-bound ranges located on sequence chrI.
  Note that ranges located on a sequence whose length is unknown (NA) or
  on a circular sequence are not considered out-of-bound (use
  seqlengths() and isCircular() to get the lengths and circularity flags
  of the underlying sequences). You can use trim() to trim these ranges.
  See ?`trim,GenomicRanges-method` for more information.
Warning in valid.GenomicRanges.seqinfo(x, suggest.trim = TRUE) :
  GRanges object contains 6 out-of-bound ranges located on sequence chrI.
  Note that ranges located on a sequence whose length is unknown (NA) or
  on a circular sequence are not considered out-of-bound (use
  seqlengths() and isCircular() to get the lengths and circularity flags
  of the underlying sequences). You can use trim() to trim these ranges.
  See ?`trim,GenomicRanges-method` for more information.
Warning in valid.GenomicRanges.seqinfo(x, suggest.trim = TRUE) :
  GRanges object contains 9 out-of-bound ranges located on sequence chrI.
  Note that ranges located on a sequence whose length is unknown (NA) or
  on a circular sequence are not considered out-of-bound (use
  seqlengths() and isCircular() to get the lengths and circularity flags
  of the underlying sequences). You can use trim() to trim these ranges.
  See ?`trim,GenomicRanges-method` for more information.
Warning in valid.GenomicRanges.seqinfo(x, suggest.trim = TRUE) :
  GRanges object contains 10 out-of-bound ranges located on sequence
  chrI. Note that ranges located on a sequence whose length is unknown
  (NA) or on a circular sequence are not considered out-of-bound (use
  seqlengths() and isCircular() to get the lengths and circularity flags
  of the underlying sequences). You can use trim() to trim these ranges.
  See ?`trim,GenomicRanges-method` for more information.
Warning in valid.GenomicRanges.seqinfo(x, suggest.trim = TRUE) :
  GRanges object contains 1 out-of-bound range located on sequence chrI.
  Note that ranges located on a sequence whose length is unknown (NA) or
  on a circular sequence are not considered out-of-bound (use
  seqlengths() and isCircular() to get the lengths and circularity flags
  of the underlying sequences). You can use trim() to trim these ranges.
  See ?`trim,GenomicRanges-method` for more information.
Warning in valid.GenomicRanges.seqinfo(x, suggest.trim = TRUE) :
  GRanges object contains 7 out-of-bound ranges located on sequence chrI.
  Note that ranges located on a sequence whose length is unknown (NA) or
  on a circular sequence are not considered out-of-bound (use
  seqlengths() and isCircular() to get the lengths and circularity flags
  of the underlying sequences). You can use trim() to trim these ranges.
  See ?`trim,GenomicRanges-method` for more information.
Warning in GenomicRanges:::valid.GenomicRanges.seqinfo(x) :
  GAlignments object contains 8 out-of-bound ranges located on sequence
  chrI. Note that ranges located on a sequence whose length is unknown
  (NA) or on a circular sequence are not considered out-of-bound (use
  seqlengths() and isCircular() to get the lengths and circularity flags
  of the underlying sequences).
Warning in valid.GenomicRanges.seqinfo(x, suggest.trim = TRUE) :
  GRanges object contains 6 out-of-bound ranges located on sequence chrI.
  Note that ranges located on a sequence whose length is unknown (NA) or
  on a circular sequence are not considered out-of-bound (use
  seqlengths() and isCircular() to get the lengths and circularity flags
  of the underlying sequences). You can use trim() to trim these ranges.
  See ?`trim,GenomicRanges-method` for more information.
Warning in valid.GenomicRanges.seqinfo(x, suggest.trim = TRUE) :
  GRanges object contains 4 out-of-bound ranges located on sequence chrI.
  Note that ranges located on a sequence whose length is unknown (NA) or
  on a circular sequence are not considered out-of-bound (use
  seqlengths() and isCircular() to get the lengths and circularity flags
  of the underlying sequences). You can use trim() to trim these ranges.
  See ?`trim,GenomicRanges-method` for more information.
Warning in valid.GenomicRanges.seqinfo(x, suggest.trim = TRUE) :
  GRanges object contains 5 out-of-bound ranges located on sequence chrI.
  Note that ranges located on a sequence whose length is unknown (NA) or
  on a circular sequence are not considered out-of-bound (use
  seqlengths() and isCircular() to get the lengths and circularity flags
  of the underlying sequences). You can use trim() to trim these ranges.
  See ?`trim,GenomicRanges-method` for more information.
Warning in valid.GenomicRanges.seqinfo(x, suggest.trim = TRUE) :
  GRanges object contains 5 out-of-bound ranges located on sequence chrI.
  Note that ranges located on a sequence whose length is unknown (NA) or
  on a circular sequence are not considered out-of-bound (use
  seqlengths() and isCircular() to get the lengths and circularity flags
  of the underlying sequences). You can use trim() to trim these ranges.
  See ?`trim,GenomicRanges-method` for more information.
Warning in valid.GenomicRanges.seqinfo(x, suggest.trim = TRUE) :
  GRanges object contains 2 out-of-bound ranges located on sequence chrI.
  Note that ranges located on a sequence whose length is unknown (NA) or
  on a circular sequence are not considered out-of-bound (use
  seqlengths() and isCircular() to get the lengths and circularity flags
  of the underlying sequences). You can use trim() to trim these ranges.
  See ?`trim,GenomicRanges-method` for more information.
Warning in valid.GenomicRanges.seqinfo(x, suggest.trim = TRUE) :
  GRanges object contains 4 out-of-bound ranges located on sequence chrI.
  Note that ranges located on a sequence whose length is unknown (NA) or
  on a circular sequence are not considered out-of-bound (use
  seqlengths() and isCircular() to get the lengths and circularity flags
  of the underlying sequences). You can use trim() to trim these ranges.
  See ?`trim,GenomicRanges-method` for more information.
Warning in valid.GenomicRanges.seqinfo(x, suggest.trim = TRUE) :
  GRanges object contains 2 out-of-bound ranges located on sequence chrI.
  Note that ranges located on a sequence whose length is unknown (NA) or
  on a circular sequence are not considered out-of-bound (use
  seqlengths() and isCircular() to get the lengths and circularity flags
  of the underlying sequences). You can use trim() to trim these ranges.
  See ?`trim,GenomicRanges-method` for more information.
Warning in valid.GenomicRanges.seqinfo(x, suggest.trim = TRUE) :
  GRanges object contains 7 out-of-bound ranges located on sequence chrI.
  Note that ranges located on a sequence whose length is unknown (NA) or
  on a circular sequence are not considered out-of-bound (use
  seqlengths() and isCircular() to get the lengths and circularity flags
  of the underlying sequences). You can use trim() to trim these ranges.
  See ?`trim,GenomicRanges-method` for more information.
Warning in GenomicRanges:::valid.GenomicRanges.seqinfo(x) :
  GAlignments object contains 10 out-of-bound ranges located on sequence
  chrI. Note that ranges located on a sequence whose length is unknown
  (NA) or on a circular sequence are not considered out-of-bound (use
  seqlengths() and isCircular() to get the lengths and circularity flags
  of the underlying sequences).
Warning in valid.GenomicRanges.seqinfo(x, suggest.trim = TRUE) :
  GRanges object contains 9 out-of-bound ranges located on sequence chrI.
  Note that ranges located on a sequence whose length is unknown (NA) or
  on a circular sequence are not considered out-of-bound (use
  seqlengths() and isCircular() to get the lengths and circularity flags
  of the underlying sequences). You can use trim() to trim these ranges.
  See ?`trim,GenomicRanges-method` for more information.
Warning in valid.GenomicRanges.seqinfo(x, suggest.trim = TRUE) :
  GRanges object contains 3 out-of-bound ranges located on sequence chrI.
  Note that ranges located on a sequence whose length is unknown (NA) or
  on a circular sequence are not considered out-of-bound (use
  seqlengths() and isCircular() to get the lengths and circularity flags
  of the underlying sequences). You can use trim() to trim these ranges.
  See ?`trim,GenomicRanges-method` for more information.
Warning in valid.GenomicRanges.seqinfo(x, suggest.trim = TRUE) :
  GRanges object contains 3 out-of-bound ranges located on sequence chrI.
  Note that ranges located on a sequence whose length is unknown (NA) or
  on a circular sequence are not considered out-of-bound (use
  seqlengths() and isCircular() to get the lengths and circularity flags
  of the underlying sequences). You can use trim() to trim these ranges.
  See ?`trim,GenomicRanges-method` for more information.
Warning in valid.GenomicRanges.seqinfo(x, suggest.trim = TRUE) :
  GRanges object contains 3 out-of-bound ranges located on sequence chrI.
  Note that ranges located on a sequence whose length is unknown (NA) or
  on a circular sequence are not considered out-of-bound (use
  seqlengths() and isCircular() to get the lengths and circularity flags
  of the underlying sequences). You can use trim() to trim these ranges.
  See ?`trim,GenomicRanges-method` for more information.
Warning in valid.GenomicRanges.seqinfo(x, suggest.trim = TRUE) :
  GRanges object contains 6 out-of-bound ranges located on sequence chrI.
  Note that ranges located on a sequence whose length is unknown (NA) or
  on a circular sequence are not considered out-of-bound (use
  seqlengths() and isCircular() to get the lengths and circularity flags
  of the underlying sequences). You can use trim() to trim these ranges.
  See ?`trim,GenomicRanges-method` for more information.
Warning in valid.GenomicRanges.seqinfo(x, suggest.trim = TRUE) :
  GRanges object contains 6 out-of-bound ranges located on sequence chrI.
  Note that ranges located on a sequence whose length is unknown (NA) or
  on a circular sequence are not considered out-of-bound (use
  seqlengths() and isCircular() to get the lengths and circularity flags
  of the underlying sequences). You can use trim() to trim these ranges.
  See ?`trim,GenomicRanges-method` for more information.
Warning in valid.GenomicRanges.seqinfo(x, suggest.trim = TRUE) :
  GRanges object contains 3 out-of-bound ranges located on sequence chrI.
  Note that ranges located on a sequence whose length is unknown (NA) or
  on a circular sequence are not considered out-of-bound (use
  seqlengths() and isCircular() to get the lengths and circularity flags
  of the underlying sequences). You can use trim() to trim these ranges.
  See ?`trim,GenomicRanges-method` for more information.

Warning in GenomicRanges:::valid.GenomicRanges.seqinfo(x) :
  GAlignments object contains 6 out-of-bound ranges located on sequence
  chrI. Note that ranges located on a sequence whose length is unknown
  (NA) or on a circular sequence are not considered out-of-bound (use
  seqlengths() and isCircular() to get the lengths and circularity flags
  of the underlying sequences).
Warning in valid.GenomicRanges.seqinfo(x, suggest.trim = TRUE) :
  GRanges object contains 3 out-of-bound ranges located on sequence chrI.
  Note that ranges located on a sequence whose length is unknown (NA) or
  on a circular sequence are not considered out-of-bound (use
  seqlengths() and isCircular() to get the lengths and circularity flags
  of the underlying sequences). You can use trim() to trim these ranges.
  See ?`trim,GenomicRanges-method` for more information.
Warning in valid.GenomicRanges.seqinfo(x, suggest.trim = TRUE) :
  GRanges object contains 1 out-of-bound range located on sequence chrI.
  Note that ranges located on a sequence whose length is unknown (NA) or
  on a circular sequence are not considered out-of-bound (use
  seqlengths() and isCircular() to get the lengths and circularity flags
  of the underlying sequences). You can use trim() to trim these ranges.
  See ?`trim,GenomicRanges-method` for more information.
Warning in valid.GenomicRanges.seqinfo(x, suggest.trim = TRUE) :
  GRanges object contains 1 out-of-bound range located on sequence chrI.
  Note that ranges located on a sequence whose length is unknown (NA) or
  on a circular sequence are not considered out-of-bound (use
  seqlengths() and isCircular() to get the lengths and circularity flags
  of the underlying sequences). You can use trim() to trim these ranges.
  See ?`trim,GenomicRanges-method` for more information.
Warning in valid.GenomicRanges.seqinfo(x, suggest.trim = TRUE) :
  GRanges object contains 1 out-of-bound range located on sequence chrI.
  Note that ranges located on a sequence whose length is unknown (NA) or
  on a circular sequence are not considered out-of-bound (use
  seqlengths() and isCircular() to get the lengths and circularity flags
  of the underlying sequences). You can use trim() to trim these ranges.
  See ?`trim,GenomicRanges-method` for more information.
Warning in valid.GenomicRanges.seqinfo(x, suggest.trim = TRUE) :
  GRanges object contains 2 out-of-bound ranges located on sequence chrI.
  Note that ranges located on a sequence whose length is unknown (NA) or
  on a circular sequence are not considered out-of-bound (use
  seqlengths() and isCircular() to get the lengths and circularity flags
  of the underlying sequences). You can use trim() to trim these ranges.
  See ?`trim,GenomicRanges-method` for more information.
Warning in valid.GenomicRanges.seqinfo(x, suggest.trim = TRUE) :
  GRanges object contains 2 out-of-bound ranges located on sequence chrI.
  Note that ranges located on a sequence whose length is unknown (NA) or
  on a circular sequence are not considered out-of-bound (use
  seqlengths() and isCircular() to get the lengths and circularity flags
  of the underlying sequences). You can use trim() to trim these ranges.
  See ?`trim,GenomicRanges-method` for more information.
Warning in valid.GenomicRanges.seqinfo(x, suggest.trim = TRUE) :
  GRanges object contains 1 out-of-bound range located on sequence chrI.
  Note that ranges located on a sequence whose length is unknown (NA) or
  on a circular sequence are not considered out-of-bound (use
  seqlengths() and isCircular() to get the lengths and circularity flags
  of the underlying sequences). You can use trim() to trim these ranges.
  See ?`trim,GenomicRanges-method` for more information.

Warning in GenomicRanges:::valid.GenomicRanges.seqinfo(x) :
  GAlignments object contains 17 out-of-bound ranges located on sequence
  chrI. Note that ranges located on a sequence whose length is unknown
  (NA) or on a circular sequence are not considered out-of-bound (use
  seqlengths() and isCircular() to get the lengths and circularity flags
  of the underlying sequences).
Warning in valid.GenomicRanges.seqinfo(x, suggest.trim = TRUE) :
  GRanges object contains 14 out-of-bound ranges located on sequence
  chrI. Note that ranges located on a sequence whose length is unknown
  (NA) or on a circular sequence are not considered out-of-bound (use
  seqlengths() and isCircular() to get the lengths and circularity flags
  of the underlying sequences). You can use trim() to trim these ranges.
  See ?`trim,GenomicRanges-method` for more information.
Warning in valid.GenomicRanges.seqinfo(x, suggest.trim = TRUE) :
  GRanges object contains 5 out-of-bound ranges located on sequence chrI.
  Note that ranges located on a sequence whose length is unknown (NA) or
  on a circular sequence are not considered out-of-bound (use
  seqlengths() and isCircular() to get the lengths and circularity flags
  of the underlying sequences). You can use trim() to trim these ranges.
  See ?`trim,GenomicRanges-method` for more information.
Warning in valid.GenomicRanges.seqinfo(x, suggest.trim = TRUE) :
  GRanges object contains 6 out-of-bound ranges located on sequence chrI.
  Note that ranges located on a sequence whose length is unknown (NA) or
  on a circular sequence are not considered out-of-bound (use
  seqlengths() and isCircular() to get the lengths and circularity flags
  of the underlying sequences). You can use trim() to trim these ranges.
  See ?`trim,GenomicRanges-method` for more information.
Warning in valid.GenomicRanges.seqinfo(x, suggest.trim = TRUE) :
  GRanges object contains 6 out-of-bound ranges located on sequence chrI.
  Note that ranges located on a sequence whose length is unknown (NA) or
  on a circular sequence are not considered out-of-bound (use
  seqlengths() and isCircular() to get the lengths and circularity flags
  of the underlying sequences). You can use trim() to trim these ranges.
  See ?`trim,GenomicRanges-method` for more information.
Warning in valid.GenomicRanges.seqinfo(x, suggest.trim = TRUE) :
  GRanges object contains 9 out-of-bound ranges located on sequence chrI.
  Note that ranges located on a sequence whose length is unknown (NA) or
  on a circular sequence are not considered out-of-bound (use
  seqlengths() and isCircular() to get the lengths and circularity flags
  of the underlying sequences). You can use trim() to trim these ranges.
  See ?`trim,GenomicRanges-method` for more information.
Warning in valid.GenomicRanges.seqinfo(x, suggest.trim = TRUE) :
  GRanges object contains 10 out-of-bound ranges located on sequence
  chrI. Note that ranges located on a sequence whose length is unknown
  (NA) or on a circular sequence are not considered out-of-bound (use
  seqlengths() and isCircular() to get the lengths and circularity flags
  of the underlying sequences). You can use trim() to trim these ranges.
  See ?`trim,GenomicRanges-method` for more information.
Warning in valid.GenomicRanges.seqinfo(x, suggest.trim = TRUE) :
  GRanges object contains 1 out-of-bound range located on sequence chrI.
  Note that ranges located on a sequence whose length is unknown (NA) or
  on a circular sequence are not considered out-of-bound (use
  seqlengths() and isCircular() to get the lengths and circularity flags
  of the underlying sequences). You can use trim() to trim these ranges.
  See ?`trim,GenomicRanges-method` for more information.
Warning in valid.GenomicRanges.seqinfo(x, suggest.trim = TRUE) :
  GRanges object contains 7 out-of-bound ranges located on sequence chrI.
  Note that ranges located on a sequence whose length is unknown (NA) or
  on a circular sequence are not considered out-of-bound (use
  seqlengths() and isCircular() to get the lengths and circularity flags
  of the underlying sequences). You can use trim() to trim these ranges.
  See ?`trim,GenomicRanges-method` for more information.

Warning in GenomicRanges:::valid.GenomicRanges.seqinfo(x) :
  GAlignments object contains 8 out-of-bound ranges located on sequence
  chrI. Note that ranges located on a sequence whose length is unknown
  (NA) or on a circular sequence are not considered out-of-bound (use
  seqlengths() and isCircular() to get the lengths and circularity flags
  of the underlying sequences).
Warning in valid.GenomicRanges.seqinfo(x, suggest.trim = TRUE) :
  GRanges object contains 6 out-of-bound ranges located on sequence chrI.
  Note that ranges located on a sequence whose length is unknown (NA) or
  on a circular sequence are not considered out-of-bound (use
  seqlengths() and isCircular() to get the lengths and circularity flags
  of the underlying sequences). You can use trim() to trim these ranges.
  See ?`trim,GenomicRanges-method` for more information.
Warning in valid.GenomicRanges.seqinfo(x, suggest.trim = TRUE) :
  GRanges object contains 4 out-of-bound ranges located on sequence chrI.
  Note that ranges located on a sequence whose length is unknown (NA) or
  on a circular sequence are not considered out-of-bound (use
  seqlengths() and isCircular() to get the lengths and circularity flags
  of the underlying sequences). You can use trim() to trim these ranges.
  See ?`trim,GenomicRanges-method` for more information.
Warning in valid.GenomicRanges.seqinfo(x, suggest.trim = TRUE) :
  GRanges object contains 5 out-of-bound ranges located on sequence chrI.
  Note that ranges located on a sequence whose length is unknown (NA) or
  on a circular sequence are not considered out-of-bound (use
  seqlengths() and isCircular() to get the lengths and circularity flags
  of the underlying sequences). You can use trim() to trim these ranges.
  See ?`trim,GenomicRanges-method` for more information.
Warning in valid.GenomicRanges.seqinfo(x, suggest.trim = TRUE) :
  GRanges object contains 5 out-of-bound ranges located on sequence chrI.
  Note that ranges located on a sequence whose length is unknown (NA) or
  on a circular sequence are not considered out-of-bound (use
  seqlengths() and isCircular() to get the lengths and circularity flags
  of the underlying sequences). You can use trim() to trim these ranges.
  See ?`trim,GenomicRanges-method` for more information.
Warning in valid.GenomicRanges.seqinfo(x, suggest.trim = TRUE) :
  GRanges object contains 2 out-of-bound ranges located on sequence chrI.
  Note that ranges located on a sequence whose length is unknown (NA) or
  on a circular sequence are not considered out-of-bound (use
  seqlengths() and isCircular() to get the lengths and circularity flags
  of the underlying sequences). You can use trim() to trim these ranges.
  See ?`trim,GenomicRanges-method` for more information.
Warning in valid.GenomicRanges.seqinfo(x, suggest.trim = TRUE) :
  GRanges object contains 4 out-of-bound ranges located on sequence chrI.
  Note that ranges located on a sequence whose length is unknown (NA) or
  on a circular sequence are not considered out-of-bound (use
  seqlengths() and isCircular() to get the lengths and circularity flags
  of the underlying sequences). You can use trim() to trim these ranges.
  See ?`trim,GenomicRanges-method` for more information.
Warning in valid.GenomicRanges.seqinfo(x, suggest.trim = TRUE) :
  GRanges object contains 2 out-of-bound ranges located on sequence chrI.
  Note that ranges located on a sequence whose length is unknown (NA) or
  on a circular sequence are not considered out-of-bound (use
  seqlengths() and isCircular() to get the lengths and circularity flags
  of the underlying sequences). You can use trim() to trim these ranges.
  See ?`trim,GenomicRanges-method` for more information.
Warning in valid.GenomicRanges.seqinfo(x, suggest.trim = TRUE) :
  GRanges object contains 7 out-of-bound ranges located on sequence chrI.
  Note that ranges located on a sequence whose length is unknown (NA) or
  on a circular sequence are not considered out-of-bound (use
  seqlengths() and isCircular() to get the lengths and circularity flags
  of the underlying sequences). You can use trim() to trim these ranges.
  See ?`trim,GenomicRanges-method` for more information.

INFO [2021-11-25 13:23:27] Reading in data
INFO [2021-11-25 13:23:27] Reading in wt_1
Warning in GenomicRanges:::valid.GenomicRanges.seqinfo(x) :
  GAlignments object contains 10 out-of-bound ranges located on sequence
  chrI. Note that ranges located on a sequence whose length is unknown
  (NA) or on a circular sequence are not considered out-of-bound (use
  seqlengths() and isCircular() to get the lengths and circularity flags
  of the underlying sequences).
Warning in valid.GenomicRanges.seqinfo(x, suggest.trim = TRUE) :
  GRanges object contains 9 out-of-bound ranges located on sequence chrI.
  Note that ranges located on a sequence whose length is unknown (NA) or
  on a circular sequence are not considered out-of-bound (use
  seqlengths() and isCircular() to get the lengths and circularity flags
  of the underlying sequences). You can use trim() to trim these ranges.
  See ?`trim,GenomicRanges-method` for more information.
Warning in valid.GenomicRanges.seqinfo(x, suggest.trim = TRUE) :
  GRanges object contains 3 out-of-bound ranges located on sequence chrI.
  Note that ranges located on a sequence whose length is unknown (NA) or
  on a circular sequence are not considered out-of-bound (use
  seqlengths() and isCircular() to get the lengths and circularity flags
  of the underlying sequences). You can use trim() to trim these ranges.
  See ?`trim,GenomicRanges-method` for more information.
Warning in valid.GenomicRanges.seqinfo(x, suggest.trim = TRUE) :
  GRanges object contains 3 out-of-bound ranges located on sequence chrI.
  Note that ranges located on a sequence whose length is unknown (NA) or
  on a circular sequence are not considered out-of-bound (use
  seqlengths() and isCircular() to get the lengths and circularity flags
  of the underlying sequences). You can use trim() to trim these ranges.
  See ?`trim,GenomicRanges-method` for more information.
Warning in valid.GenomicRanges.seqinfo(x, suggest.trim = TRUE) :
  GRanges object contains 3 out-of-bound ranges located on sequence chrI.
  Note that ranges located on a sequence whose length is unknown (NA) or
  on a circular sequence are not considered out-of-bound (use
  seqlengths() and isCircular() to get the lengths and circularity flags
  of the underlying sequences). You can use trim() to trim these ranges.
  See ?`trim,GenomicRanges-method` for more information.
Warning in valid.GenomicRanges.seqinfo(x, suggest.trim = TRUE) :
  GRanges object contains 6 out-of-bound ranges located on sequence chrI.
  Note that ranges located on a sequence whose length is unknown (NA) or
  on a circular sequence are not considered out-of-bound (use
  seqlengths() and isCircular() to get the lengths and circularity flags
  of the underlying sequences). You can use trim() to trim these ranges.
  See ?`trim,GenomicRanges-method` for more information.
Warning in valid.GenomicRanges.seqinfo(x, suggest.trim = TRUE) :
  GRanges object contains 6 out-of-bound ranges located on sequence chrI.
  Note that ranges located on a sequence whose length is unknown (NA) or
  on a circular sequence are not considered out-of-bound (use
  seqlengths() and isCircular() to get the lengths and circularity flags
  of the underlying sequences). You can use trim() to trim these ranges.
  See ?`trim,GenomicRanges-method` for more information.
Warning in valid.GenomicRanges.seqinfo(x, suggest.trim = TRUE) :
  GRanges object contains 3 out-of-bound ranges located on sequence chrI.
  Note that ranges located on a sequence whose length is unknown (NA) or
  on a circular sequence are not considered out-of-bound (use
  seqlengths() and isCircular() to get the lengths and circularity flags
  of the underlying sequences). You can use trim() to trim these ranges.
  See ?`trim,GenomicRanges-method` for more information.

INFO [2021-11-25 13:23:48] Reading in wt_2
Warning in GenomicRanges:::valid.GenomicRanges.seqinfo(x) :
  GAlignments object contains 6 out-of-bound ranges located on sequence
  chrI. Note that ranges located on a sequence whose length is unknown
  (NA) or on a circular sequence are not considered out-of-bound (use
  seqlengths() and isCircular() to get the lengths and circularity flags
  of the underlying sequences).
Warning in valid.GenomicRanges.seqinfo(x, suggest.trim = TRUE) :
  GRanges object contains 3 out-of-bound ranges located on sequence chrI.
  Note that ranges located on a sequence whose length is unknown (NA) or
  on a circular sequence are not considered out-of-bound (use
  seqlengths() and isCircular() to get the lengths and circularity flags
  of the underlying sequences). You can use trim() to trim these ranges.
  See ?`trim,GenomicRanges-method` for more information.
Warning in valid.GenomicRanges.seqinfo(x, suggest.trim = TRUE) :
  GRanges object contains 1 out-of-bound range located on sequence chrI.
  Note that ranges located on a sequence whose length is unknown (NA) or
  on a circular sequence are not considered out-of-bound (use
  seqlengths() and isCircular() to get the lengths and circularity flags
  of the underlying sequences). You can use trim() to trim these ranges.
  See ?`trim,GenomicRanges-method` for more information.
Warning in valid.GenomicRanges.seqinfo(x, suggest.trim = TRUE) :
  GRanges object contains 1 out-of-bound range located on sequence chrI.
  Note that ranges located on a sequence whose length is unknown (NA) or
  on a circular sequence are not considered out-of-bound (use
  seqlengths() and isCircular() to get the lengths and circularity flags
  of the underlying sequences). You can use trim() to trim these ranges.
  See ?`trim,GenomicRanges-method` for more information.
Warning in valid.GenomicRanges.seqinfo(x, suggest.trim = TRUE) :
  GRanges object contains 1 out-of-bound range located on sequence chrI.
  Note that ranges located on a sequence whose length is unknown (NA) or
  on a circular sequence are not considered out-of-bound (use
  seqlengths() and isCircular() to get the lengths and circularity flags
  of the underlying sequences). You can use trim() to trim these ranges.
  See ?`trim,GenomicRanges-method` for more information.
Warning in valid.GenomicRanges.seqinfo(x, suggest.trim = TRUE) :
  GRanges object contains 2 out-of-bound ranges located on sequence chrI.
  Note that ranges located on a sequence whose length is unknown (NA) or
  on a circular sequence are not considered out-of-bound (use
  seqlengths() and isCircular() to get the lengths and circularity flags
  of the underlying sequences). You can use trim() to trim these ranges.
  See ?`trim,GenomicRanges-method` for more information.
Warning in valid.GenomicRanges.seqinfo(x, suggest.trim = TRUE) :
  GRanges object contains 2 out-of-bound ranges located on sequence chrI.
  Note that ranges located on a sequence whose length is unknown (NA) or
  on a circular sequence are not considered out-of-bound (use
  seqlengths() and isCircular() to get the lengths and circularity flags
  of the underlying sequences). You can use trim() to trim these ranges.
  See ?`trim,GenomicRanges-method` for more information.
Warning in valid.GenomicRanges.seqinfo(x, suggest.trim = TRUE) :
  GRanges object contains 1 out-of-bound range located on sequence chrI.
  Note that ranges located on a sequence whose length is unknown (NA) or
  on a circular sequence are not considered out-of-bound (use
  seqlengths() and isCircular() to get the lengths and circularity flags
  of the underlying sequences). You can use trim() to trim these ranges.
  See ?`trim,GenomicRanges-method` for more information.

INFO [2021-11-25 13:24:04] Reading in mutant_1
Warning in GenomicRanges:::valid.GenomicRanges.seqinfo(x) :
  GAlignments object contains 17 out-of-bound ranges located on sequence
  chrI. Note that ranges located on a sequence whose length is unknown
  (NA) or on a circular sequence are not considered out-of-bound (use
  seqlengths() and isCircular() to get the lengths and circularity flags
  of the underlying sequences).
Warning in valid.GenomicRanges.seqinfo(x, suggest.trim = TRUE) :
  GRanges object contains 14 out-of-bound ranges located on sequence
  chrI. Note that ranges located on a sequence whose length is unknown
  (NA) or on a circular sequence are not considered out-of-bound (use
  seqlengths() and isCircular() to get the lengths and circularity flags
  of the underlying sequences). You can use trim() to trim these ranges.
  See ?`trim,GenomicRanges-method` for more information.
Warning in valid.GenomicRanges.seqinfo(x, suggest.trim = TRUE) :
  GRanges object contains 5 out-of-bound ranges located on sequence chrI.
  Note that ranges located on a sequence whose length is unknown (NA) or
  on a circular sequence are not considered out-of-bound (use
  seqlengths() and isCircular() to get the lengths and circularity flags
  of the underlying sequences). You can use trim() to trim these ranges.
  See ?`trim,GenomicRanges-method` for more information.
Warning in valid.GenomicRanges.seqinfo(x, suggest.trim = TRUE) :
  GRanges object contains 6 out-of-bound ranges located on sequence chrI.
  Note that ranges located on a sequence whose length is unknown (NA) or
  on a circular sequence are not considered out-of-bound (use
  seqlengths() and isCircular() to get the lengths and circularity flags
  of the underlying sequences). You can use trim() to trim these ranges.
  See ?`trim,GenomicRanges-method` for more information.
Warning in valid.GenomicRanges.seqinfo(x, suggest.trim = TRUE) :
  GRanges object contains 6 out-of-bound ranges located on sequence chrI.
  Note that ranges located on a sequence whose length is unknown (NA) or
  on a circular sequence are not considered out-of-bound (use
  seqlengths() and isCircular() to get the lengths and circularity flags
  of the underlying sequences). You can use trim() to trim these ranges.
  See ?`trim,GenomicRanges-method` for more information.
Warning in valid.GenomicRanges.seqinfo(x, suggest.trim = TRUE) :
  GRanges object contains 9 out-of-bound ranges located on sequence chrI.
  Note that ranges located on a sequence whose length is unknown (NA) or
  on a circular sequence are not considered out-of-bound (use
  seqlengths() and isCircular() to get the lengths and circularity flags
  of the underlying sequences). You can use trim() to trim these ranges.
  See ?`trim,GenomicRanges-method` for more information.
Warning in valid.GenomicRanges.seqinfo(x, suggest.trim = TRUE) :
  GRanges object contains 10 out-of-bound ranges located on sequence
  chrI. Note that ranges located on a sequence whose length is unknown
  (NA) or on a circular sequence are not considered out-of-bound (use
  seqlengths() and isCircular() to get the lengths and circularity flags
  of the underlying sequences). You can use trim() to trim these ranges.
  See ?`trim,GenomicRanges-method` for more information.
Warning in valid.GenomicRanges.seqinfo(x, suggest.trim = TRUE) :
  GRanges object contains 1 out-of-bound range located on sequence chrI.
  Note that ranges located on a sequence whose length is unknown (NA) or
  on a circular sequence are not considered out-of-bound (use
  seqlengths() and isCircular() to get the lengths and circularity flags
  of the underlying sequences). You can use trim() to trim these ranges.
  See ?`trim,GenomicRanges-method` for more information.
Warning in valid.GenomicRanges.seqinfo(x, suggest.trim = TRUE) :
  GRanges object contains 7 out-of-bound ranges located on sequence chrI.
  Note that ranges located on a sequence whose length is unknown (NA) or
  on a circular sequence are not considered out-of-bound (use
  seqlengths() and isCircular() to get the lengths and circularity flags
  of the underlying sequences). You can use trim() to trim these ranges.
  See ?`trim,GenomicRanges-method` for more information.

INFO [2021-11-25 13:24:18] Reading in mutant_2
Warning in GenomicRanges:::valid.GenomicRanges.seqinfo(x) :
  GAlignments object contains 8 out-of-bound ranges located on sequence
  chrI. Note that ranges located on a sequence whose length is unknown
  (NA) or on a circular sequence are not considered out-of-bound (use
  seqlengths() and isCircular() to get the lengths and circularity flags
  of the underlying sequences).
Warning in valid.GenomicRanges.seqinfo(x, suggest.trim = TRUE) :
  GRanges object contains 6 out-of-bound ranges located on sequence chrI.
  Note that ranges located on a sequence whose length is unknown (NA) or
  on a circular sequence are not considered out-of-bound (use
  seqlengths() and isCircular() to get the lengths and circularity flags
  of the underlying sequences). You can use trim() to trim these ranges.
  See ?`trim,GenomicRanges-method` for more information.
Warning in valid.GenomicRanges.seqinfo(x, suggest.trim = TRUE) :
  GRanges object contains 4 out-of-bound ranges located on sequence chrI.
  Note that ranges located on a sequence whose length is unknown (NA) or
  on a circular sequence are not considered out-of-bound (use
  seqlengths() and isCircular() to get the lengths and circularity flags
  of the underlying sequences). You can use trim() to trim these ranges.
  See ?`trim,GenomicRanges-method` for more information.
Warning in valid.GenomicRanges.seqinfo(x, suggest.trim = TRUE) :
  GRanges object contains 5 out-of-bound ranges located on sequence chrI.
  Note that ranges located on a sequence whose length is unknown (NA) or
  on a circular sequence are not considered out-of-bound (use
  seqlengths() and isCircular() to get the lengths and circularity flags
  of the underlying sequences). You can use trim() to trim these ranges.
  See ?`trim,GenomicRanges-method` for more information.
Warning in valid.GenomicRanges.seqinfo(x, suggest.trim = TRUE) :
  GRanges object contains 5 out-of-bound ranges located on sequence chrI.
  Note that ranges located on a sequence whose length is unknown (NA) or
  on a circular sequence are not considered out-of-bound (use
  seqlengths() and isCircular() to get the lengths and circularity flags
  of the underlying sequences). You can use trim() to trim these ranges.
  See ?`trim,GenomicRanges-method` for more information.
Warning in valid.GenomicRanges.seqinfo(x, suggest.trim = TRUE) :
  GRanges object contains 2 out-of-bound ranges located on sequence chrI.
  Note that ranges located on a sequence whose length is unknown (NA) or
  on a circular sequence are not considered out-of-bound (use
  seqlengths() and isCircular() to get the lengths and circularity flags
  of the underlying sequences). You can use trim() to trim these ranges.
  See ?`trim,GenomicRanges-method` for more information.
Warning in valid.GenomicRanges.seqinfo(x, suggest.trim = TRUE) :
  GRanges object contains 4 out-of-bound ranges located on sequence chrI.
  Note that ranges located on a sequence whose length is unknown (NA) or
  on a circular sequence are not considered out-of-bound (use
  seqlengths() and isCircular() to get the lengths and circularity flags
  of the underlying sequences). You can use trim() to trim these ranges.
  See ?`trim,GenomicRanges-method` for more information.
Warning in valid.GenomicRanges.seqinfo(x, suggest.trim = TRUE) :
  GRanges object contains 2 out-of-bound ranges located on sequence chrI.
  Note that ranges located on a sequence whose length is unknown (NA) or
  on a circular sequence are not considered out-of-bound (use
  seqlengths() and isCircular() to get the lengths and circularity flags
  of the underlying sequences). You can use trim() to trim these ranges.
  See ?`trim,GenomicRanges-method` for more information.
Warning in valid.GenomicRanges.seqinfo(x, suggest.trim = TRUE) :
  GRanges object contains 7 out-of-bound ranges located on sequence chrI.
  Note that ranges located on a sequence whose length is unknown (NA) or
  on a circular sequence are not considered out-of-bound (use
  seqlengths() and isCircular() to get the lengths and circularity flags
  of the underlying sequences). You can use trim() to trim these ranges.
  See ?`trim,GenomicRanges-method` for more information.

INFO [2021-11-25 13:24:34] Finished reading in data
INFO [2021-11-25 13:24:48] Writing chrI to HDF5
INFO [2021-11-25 13:24:49] chrI written

Warning in GenomicRanges:::valid.GenomicRanges.seqinfo(x) :
  GAlignments object contains 1 out-of-bound range located on sequence
  chrI. Note that ranges located on a sequence whose length is unknown
  (NA) or on a circular sequence are not considered out-of-bound (use
  seqlengths() and isCircular() to get the lengths and circularity flags
  of the underlying sequences).

Warning in GenomicRanges:::valid.GenomicRanges.seqinfo(x) :
  GAlignments object contains 1 out-of-bound range located on sequence
  chrI. Note that ranges located on a sequence whose length is unknown
  (NA) or on a circular sequence are not considered out-of-bound (use
  seqlengths() and isCircular() to get the lengths and circularity flags
  of the underlying sequences).

Warning in GenomicRanges:::valid.GenomicRanges.seqinfo(x) :
  GAlignments object contains 2 out-of-bound ranges located on sequence
  chrI. Note that ranges located on a sequence whose length is unknown
  (NA) or on a circular sequence are not considered out-of-bound (use
  seqlengths() and isCircular() to get the lengths and circularity flags
  of the underlying sequences).

Quitting from lines 327-337 (GenoGAM.Rmd) 
Error: processing vignette 'GenoGAM.Rmd' failed with diagnostics:
attempt to use zero-length variable name
--- failed re-building 'GenoGAM.Rmd'

SUMMARY: processing the following file failed:
  'GenoGAM.Rmd'

Error: Vignette re-building failed.
Execution halted