Back to Multiple platform build/check report for BioC 3.17: simplified long |
|
This page was generated on 2023-09-21 11:36:12 -0400 (Thu, 21 Sep 2023).
Hostname | OS | Arch (*) | R version | Installed pkgs |
---|---|---|---|---|
nebbiolo1 | Linux (Ubuntu 22.04.2 LTS) | x86_64 | 4.3.1 (2023-06-16) -- "Beagle Scouts" | 4625 |
palomino3 | Windows Server 2022 Datacenter | x64 | 4.3.1 (2023-06-16 ucrt) -- "Beagle Scouts" | 4378 |
merida1 | macOS 12.6.4 Monterey | x86_64 | 4.3.1 (2023-06-16) -- "Beagle Scouts" | 4394 |
Click on any hostname to see more info about the system (e.g. compilers) (*) as reported by 'uname -p', except on Windows and Mac OS X |
Package 664/2230 | Hostname | OS / Arch | INSTALL | BUILD | CHECK | BUILD BIN | ||||||||
EWCE 1.8.2 (landing page) Alan Murphy
| nebbiolo1 | Linux (Ubuntu 22.04.2 LTS) / x86_64 | OK | OK | OK | ![]() | ||||||||
palomino3 | Windows Server 2022 Datacenter / x64 | OK | ERROR | skipped | skipped | |||||||||
merida1 | macOS 12.6.4 Monterey / x86_64 | OK | ERROR | skipped | skipped | |||||||||
To the developers/maintainers of the EWCE package: - Allow up to 24 hours (and sometimes 48 hours) for your latest push to git@git.bioconductor.org:packages/EWCE.git to reflect on this report. See Troubleshooting Build Report for more information. - Use the following Renviron settings to reproduce errors and warnings. - If 'R CMD check' started to fail recently on the Linux builder(s) over a missing dependency, add the missing dependency to 'Suggests:' in your DESCRIPTION file. See Renviron.bioc for more information. |
Package: EWCE |
Version: 1.8.2 |
Command: /Library/Frameworks/R.framework/Resources/bin/R CMD build --keep-empty-dirs --no-resave-data EWCE |
StartedAt: 2023-09-20 18:22:03 -0400 (Wed, 20 Sep 2023) |
EndedAt: 2023-09-20 18:24:53 -0400 (Wed, 20 Sep 2023) |
EllapsedTime: 169.8 seconds |
RetCode: 1 |
Status: ERROR |
PackageFile: None |
PackageFileSize: NA |
############################################################################## ############################################################################## ### ### Running command: ### ### /Library/Frameworks/R.framework/Resources/bin/R CMD build --keep-empty-dirs --no-resave-data EWCE ### ############################################################################## ############################################################################## * checking for file ‘EWCE/DESCRIPTION’ ... OK * preparing ‘EWCE’: * checking DESCRIPTION meta-information ... OK * installing the package to build vignettes * creating vignettes ... ERROR --- re-building ‘EWCE.Rmd’ using rmarkdown -- mouse -- human [WARNING] Could not parse YAML metadata at line 19 column 1: :10:28: Unexpected ' ' pandoc-citeproc: reference skene_2016 not found [WARNING] This document format requires a nonempty <title> element. Please specify either 'title' or 'pagetitle' in the metadata, e.g. by using --metadata pagetitle="..." on the command line. Falling back to 'EWCE.knit' --- finished re-building ‘EWCE.Rmd’ --- re-building ‘extended.Rmd’ using rmarkdown Quitting from lines 100-116 [unnamed-chunk-3] (extended.Rmd) Error: processing vignette 'extended.Rmd' failed with diagnostics: failed to load resource name: EH5367 title: mouse_to_human_homologs reason: error in evaluating the argument 'x' in selecting a method for function 'get': bad restore file magic number (file may be corrupted) -- no data loaded --- failed re-building ‘extended.Rmd’ SUMMARY: processing the following file failed: ‘extended.Rmd’ Error: Vignette re-building failed. Execution halted