Back to Multiple platform build/check report for BioC 3.16: simplified long |
|
This page was generated on 2023-03-22 11:05:28 -0400 (Wed, 22 Mar 2023).
Hostname | OS | Arch (*) | R version | Installed pkgs |
---|---|---|---|---|
nebbiolo2 | Linux (Ubuntu 20.04.5 LTS) | x86_64 | 4.2.3 (2023-03-15) -- "Shortstop Beagle" | 4271 |
palomino4 | Windows Server 2022 Datacenter | x64 | 4.2.3 (2023-03-15 ucrt) -- "Shortstop Beagle" | 4214 |
lconway | macOS 12.5.1 Monterey | x86_64 | 4.2.3 (2023-03-15) -- "Shortstop Beagle" | 4259 |
Click on any hostname to see more info about the system (e.g. compilers) (*) as reported by 'uname -p', except on Windows and Mac OS X |
To the developers/maintainers of the DelayedTensor package: - Please allow up to 24 hours (and sometimes 48 hours) for your latest push to git@git.bioconductor.org:packages/DelayedTensor.git to reflect on this report. See How and When does the builder pull? When will my changes propagate? for more information. - Make sure to use the following settings in order to reproduce any error or warning you see on this page. |
Package 507/2183 | Hostname | OS / Arch | INSTALL | BUILD | CHECK | BUILD BIN | ||||||||
DelayedTensor 1.4.0 (landing page) Koki Tsuyuzaki
| nebbiolo2 | Linux (Ubuntu 20.04.5 LTS) / x86_64 | OK | OK | WARNINGS | ![]() | ||||||||
palomino4 | Windows Server 2022 Datacenter / x64 | OK | OK | WARNINGS | OK | ![]() | ||||||||
lconway | macOS 12.5.1 Monterey / x86_64 | OK | OK | WARNINGS | OK | ![]() | ||||||||
Package: DelayedTensor |
Version: 1.4.0 |
Command: F:\biocbuild\bbs-3.16-bioc\R\bin\R.exe CMD check --no-multiarch --install=check:DelayedTensor.install-out.txt --library=F:\biocbuild\bbs-3.16-bioc\R\library --no-vignettes --timings DelayedTensor_1.4.0.tar.gz |
StartedAt: 2023-03-21 01:24:20 -0400 (Tue, 21 Mar 2023) |
EndedAt: 2023-03-21 01:32:05 -0400 (Tue, 21 Mar 2023) |
EllapsedTime: 465.4 seconds |
RetCode: 0 |
Status: WARNINGS |
CheckDir: DelayedTensor.Rcheck |
Warnings: 1 |
############################################################################## ############################################################################## ### ### Running command: ### ### F:\biocbuild\bbs-3.16-bioc\R\bin\R.exe CMD check --no-multiarch --install=check:DelayedTensor.install-out.txt --library=F:\biocbuild\bbs-3.16-bioc\R\library --no-vignettes --timings DelayedTensor_1.4.0.tar.gz ### ############################################################################## ############################################################################## * using log directory 'F:/biocbuild/bbs-3.16-bioc/meat/DelayedTensor.Rcheck' * using R version 4.2.3 (2023-03-15 ucrt) * using platform: x86_64-w64-mingw32 (64-bit) * using session charset: UTF-8 * using option '--no-vignettes' * checking for file 'DelayedTensor/DESCRIPTION' ... OK * checking extension type ... Package * this is package 'DelayedTensor' version '1.4.0' * checking package namespace information ... OK * checking package dependencies ... OK * checking if this is a source package ... OK * checking if there is a namespace ... OK * checking for hidden files and directories ... OK * checking for portable file names ... OK * checking whether package 'DelayedTensor' can be installed ... OK * checking installed package size ... OK * checking package directory ... OK * checking 'build' directory ... OK * checking DESCRIPTION meta-information ... OK * checking top-level files ... OK * checking for left-over files ... OK * checking index information ... OK * checking package subdirectories ... OK * checking R files for non-ASCII characters ... OK * checking R files for syntax errors ... OK * checking whether the package can be loaded ... OK * checking whether the package can be loaded with stated dependencies ... OK * checking whether the package can be unloaded cleanly ... OK * checking whether the namespace can be loaded with stated dependencies ... OK * checking whether the namespace can be unloaded cleanly ... OK * checking dependencies in R code ... OK * checking S3 generic/method consistency ... OK * checking replacement functions ... OK * checking foreign function calls ... OK * checking R code for possible problems ... OK * checking Rd files ... OK * checking Rd metadata ... OK * checking Rd cross-references ... OK * checking for missing documentation entries ... OK * checking for code/documentation mismatches ... OK * checking Rd \usage sections ... OK * checking Rd contents ... OK * checking for unstated dependencies in examples ... OK * checking contents of 'data' directory ... OK * checking data for non-ASCII characters ... OK * checking LazyData ... OK * checking data for ASCII and uncompressed saves ... WARNING Note: significantly better compression could be obtained by using R CMD build --resave-data old_size new_size compress human_mid_brain.rda 677Kb 440Kb xz mouse_mid_brain.rda 761Kb 511Kb xz * checking files in 'vignettes' ... OK * checking examples ... OK Examples with CPU (user + system) or elapsed time > 5s user system elapsed cp 126.52 27.19 235.34 tucker 18.18 4.78 34.50 mpca 8.22 2.08 15.25 pvd 4.92 0.89 8.47 hosvd 3.04 0.66 5.59 * checking for unstated dependencies in 'tests' ... OK * checking tests ... Running 'testthat.R' OK * checking for unstated dependencies in vignettes ... OK * checking package vignettes in 'inst/doc' ... OK * checking running R code from vignettes ... SKIPPED * checking re-building of vignette outputs ... SKIPPED * checking PDF version of manual ... OK * DONE Status: 1 WARNING See 'F:/biocbuild/bbs-3.16-bioc/meat/DelayedTensor.Rcheck/00check.log' for details.
DelayedTensor.Rcheck/00install.out
############################################################################## ############################################################################## ### ### Running command: ### ### F:\biocbuild\bbs-3.16-bioc\R\bin\R.exe CMD INSTALL DelayedTensor ### ############################################################################## ############################################################################## * installing to library 'F:/biocbuild/bbs-3.16-bioc/R/library' * installing *source* package 'DelayedTensor' ... ** using staged installation ** R ** data *** moving datasets to lazyload DB ** inst ** byte-compile and prepare package for lazy loading Creating a new generic function for 'kronecker' in package 'DelayedTensor' Creating a new generic function for 'diag' in package 'DelayedTensor' Creating a new generic function for 'diag<-' in package 'DelayedTensor' ** help *** installing help indices ** building package indices ** installing vignettes ** testing if installed package can be loaded from temporary location ** testing if installed package can be loaded from final location ** testing if installed package keeps a record of temporary installation path * DONE (DelayedTensor)
DelayedTensor.Rcheck/tests/testthat.Rout
R version 4.2.3 (2023-03-15 ucrt) -- "Shortstop Beagle" Copyright (C) 2023 The R Foundation for Statistical Computing Platform: x86_64-w64-mingw32/x64 (64-bit) R is free software and comes with ABSOLUTELY NO WARRANTY. You are welcome to redistribute it under certain conditions. Type 'license()' or 'licence()' for distribution details. R is a collaborative project with many contributors. Type 'contributors()' for more information and 'citation()' on how to cite R or R packages in publications. Type 'demo()' for some demos, 'help()' for on-line help, or 'help.start()' for an HTML browser interface to help. Type 'q()' to quit R. > library("DelayedArray") Loading required package: stats4 Loading required package: Matrix Loading required package: BiocGenerics Attaching package: 'BiocGenerics' The following objects are masked from 'package:stats': IQR, mad, sd, var, xtabs The following objects are masked from 'package:base': Filter, Find, Map, Position, Reduce, anyDuplicated, aperm, append, as.data.frame, basename, cbind, colnames, dirname, do.call, duplicated, eval, evalq, get, grep, grepl, intersect, is.unsorted, lapply, mapply, match, mget, order, paste, pmax, pmax.int, pmin, pmin.int, rank, rbind, rownames, sapply, setdiff, sort, table, tapply, union, unique, unsplit, which.max, which.min Loading required package: MatrixGenerics Loading required package: matrixStats Attaching package: 'MatrixGenerics' The following objects are masked from 'package:matrixStats': colAlls, colAnyNAs, colAnys, colAvgsPerRowSet, colCollapse, colCounts, colCummaxs, colCummins, colCumprods, colCumsums, colDiffs, colIQRDiffs, colIQRs, colLogSumExps, colMadDiffs, colMads, colMaxs, colMeans2, colMedians, colMins, colOrderStats, colProds, colQuantiles, colRanges, colRanks, colSdDiffs, colSds, colSums2, colTabulates, colVarDiffs, colVars, colWeightedMads, colWeightedMeans, colWeightedMedians, colWeightedSds, colWeightedVars, rowAlls, rowAnyNAs, rowAnys, rowAvgsPerColSet, rowCollapse, rowCounts, rowCummaxs, rowCummins, rowCumprods, rowCumsums, rowDiffs, rowIQRDiffs, rowIQRs, rowLogSumExps, rowMadDiffs, rowMads, rowMaxs, rowMeans2, rowMedians, rowMins, rowOrderStats, rowProds, rowQuantiles, rowRanges, rowRanks, rowSdDiffs, rowSds, rowSums2, rowTabulates, rowVarDiffs, rowVars, rowWeightedMads, rowWeightedMeans, rowWeightedMedians, rowWeightedSds, rowWeightedVars Loading required package: S4Vectors Attaching package: 'S4Vectors' The following objects are masked from 'package:Matrix': expand, unname The following objects are masked from 'package:base': I, expand.grid, unname Loading required package: IRanges Attaching package: 'IRanges' The following object is masked from 'package:grDevices': windows Attaching package: 'DelayedArray' The following objects are masked from 'package:base': apply, rowsum, scale, sweep > # library("HDF5Array") # comment out > # library("BiocSingular") # comment out > library("rTensor") Attaching package: 'rTensor' The following object is masked from 'package:S4Vectors': fold > library("DelayedRandomArray") > # library("irlba") # comment out > # library("Matrix") # comment out > library("einsum") > library("DelayedTensor") Attaching package: 'DelayedTensor' The following object is masked from 'package:einsum': einsum The following objects are masked from 'package:rTensor': cp, cs_fold, cs_unfold, fnorm, fold, hadamard_list, hosvd, innerProd, k_fold, k_unfold, khatri_rao, khatri_rao_list, kronecker_list, matvec, modeMean, modeSum, mpca, pvd, rs_fold, rs_unfold, ttl, ttm, tucker, unfold, unmatvec, vec The following object is masked from 'package:S4Vectors': fold The following objects are masked from 'package:Matrix': diag, diag<-, kronecker The following object is masked from 'package:methods': kronecker The following objects are masked from 'package:base': diag, diag<-, kronecker > library("reticulate") > library("testthat") > library("HDF5Array") Loading required package: rhdf5 Attaching package: 'HDF5Array' The following object is masked from 'package:rhdf5': h5ls > > # Setting > options(testthat.use_colours = FALSE) > options(delayedtensor.sparse = FALSE) > options(delayedtensor.verbose = FALSE) > setHDF5DumpCompressionLevel(level=9L) > source("testthat/test_Einsum_objects.R") > > # source("../R/Decomp.R") # comment out > # source("../R/Einsum.R") # comment out > # source("../R/Generics.R") # comment out > # source("../R/Global-settings.R") # comment out > # source("../R/Misc.R") # comment out > # source("../R/SVD.R") # comment out > # source("../R/Utils.R") # comment out > # source("../R/zzz.R") # comment out > > # for(size in c(1E+9,1E+8,1E+7,1E+6,1E+5,1E+4,1E+3,1E+2,50,20:1)){ # comment out > # setAutoBlockSize(size=size) # comment out > # getAutoBlockSize() # comment out > test_file("testthat/test_Generics.R") ══ Testing test_Generics.R ═════════════════════════════════════════════════════ [ FAIL 0 | WARN 0 | SKIP 0 | PASS 0 ] [ FAIL 0 | WARN 0 | SKIP 0 | PASS 0 ] [ FAIL 0 | WARN 0 | SKIP 0 | PASS 1 ] [ FAIL 0 | WARN 0 | SKIP 0 | PASS 2 ] [ FAIL 0 | WARN 0 | SKIP 0 | PASS 3 ] [ FAIL 0 | WARN 0 | SKIP 0 | PASS 4 ] [ FAIL 0 | WARN 0 | SKIP 0 | PASS 5 ] [ FAIL 0 | WARN 0 | SKIP 0 | PASS 6 ] [ FAIL 0 | WARN 0 | SKIP 0 | PASS 6 ] [ FAIL 0 | WARN 0 | SKIP 0 | PASS 7 ] [ FAIL 0 | WARN 0 | SKIP 0 | PASS 8 ] [ FAIL 0 | WARN 0 | SKIP 0 | PASS 9 ] [ FAIL 0 | WARN 0 | SKIP 0 | PASS 9 ] [ FAIL 0 | WARN 0 | SKIP 0 | PASS 10 ] [ FAIL 0 | WARN 0 | SKIP 0 | PASS 10 ] [ FAIL 0 | WARN 0 | SKIP 0 | PASS 11 ] [ FAIL 0 | WARN 0 | SKIP 0 | PASS 12 ] [ FAIL 0 | WARN 0 | SKIP 0 | PASS 13 ] [ FAIL 0 | WARN 0 | SKIP 0 | PASS 13 ] [ FAIL 0 | WARN 0 | SKIP 0 | PASS 14 ] [ FAIL 0 | WARN 0 | SKIP 0 | PASS 15 ] [ FAIL 0 | WARN 0 | SKIP 0 | PASS 16 ] [ FAIL 0 | WARN 0 | SKIP 0 | PASS 16 ] [ FAIL 0 | WARN 0 | SKIP 0 | PASS 17 ] [ FAIL 0 | WARN 0 | SKIP 0 | PASS 18 ] [ FAIL 0 | WARN 0 | SKIP 0 | PASS 19 ] [ FAIL 0 | WARN 0 | SKIP 0 | PASS 20 ] [ FAIL 0 | WARN 0 | SKIP 0 | PASS 21 ] [ FAIL 0 | WARN 0 | SKIP 0 | PASS 22 ] [ FAIL 0 | WARN 0 | SKIP 0 | PASS 22 ] [ FAIL 0 | WARN 0 | SKIP 0 | PASS 23 ] [ FAIL 0 | WARN 0 | SKIP 0 | PASS 24 ] [ FAIL 0 | WARN 0 | SKIP 0 | PASS 25 ] [ FAIL 0 | WARN 0 | SKIP 0 | PASS 26 ] [ FAIL 0 | WARN 0 | SKIP 0 | PASS 27 ] [ FAIL 0 | WARN 0 | SKIP 0 | PASS 28 ] [ FAIL 0 | WARN 0 | SKIP 0 | PASS 28 ] [ FAIL 0 | WARN 0 | SKIP 0 | PASS 29 ] [ FAIL 0 | WARN 0 | SKIP 0 | PASS 29 ] [ FAIL 0 | WARN 0 | SKIP 0 | PASS 30 ] [ FAIL 0 | WARN 0 | SKIP 0 | PASS 30 ] [ FAIL 0 | WARN 0 | SKIP 0 | PASS 31 ] [ FAIL 0 | WARN 0 | SKIP 0 | PASS 31 ] [ FAIL 0 | WARN 0 | SKIP 0 | PASS 32 ] [ FAIL 0 | WARN 0 | SKIP 0 | PASS 32 ] [ FAIL 0 | WARN 0 | SKIP 0 | PASS 33 ] [ FAIL 0 | WARN 0 | SKIP 0 | PASS 33 ] [ FAIL 0 | WARN 0 | SKIP 0 | PASS 34 ] [ FAIL 0 | WARN 0 | SKIP 0 | PASS 34 ] [ FAIL 0 | WARN 0 | SKIP 0 | PASS 35 ] [ FAIL 0 | WARN 0 | SKIP 0 | PASS 35 ] [ FAIL 1 | WARN 0 | SKIP 0 | PASS 35 ] ── Error ('test_Generics.R:168:1'): (code run outside of `test_that()`) ──────── Error in `all.equal.numeric(x, y, tolerance = tolerance, check.attributes = check.attributes, ...)`: length(tolerance) == 1L is not TRUE Backtrace: 1. testthat::expect_equal(tnsr@data, tnsr2@data, as.array(darr2)) at test_Generics.R:168:0 3. testthat:::compare.numeric(act$val, exp$val, ...) 5. base::all.equal.numeric(...) 6. base::stopifnot(length(tolerance) == 1L) [ FAIL 1 | WARN 0 | SKIP 0 | PASS 35 ] > test_file("testthat/test_Misc.R") ══ Testing test_Misc.R ═════════════════════════════════════════════════════════ [ FAIL 0 | WARN 0 | SKIP 0 | PASS 0 ] [ FAIL 0 | WARN 0 | SKIP 0 | PASS 0 ] [ FAIL 0 | WARN 0 | SKIP 0 | PASS 1 ] [ FAIL 0 | WARN 0 | SKIP 0 | PASS 1 ] [ FAIL 1 | WARN 0 | SKIP 0 | PASS 1 ] ── Error ('test_Misc.R:29:1'): (code run outside of `test_that()`) ───────────── Error in `all.equal.numeric(x, y, tolerance = tolerance, check.attributes = check.attributes, ...)`: length(tolerance) == 1L is not TRUE Backtrace: 1. testthat::expect_equal(...) at test_Misc.R:29:0 3. testthat:::compare.numeric(act$val, exp$val, ...) 5. base::all.equal.numeric(...) 6. base::stopifnot(length(tolerance) == 1L) [ FAIL 1 | WARN 0 | SKIP 0 | PASS 1 ] > # test_file("testthat/test_SVD.R") # comment out > test_file("testthat/test_4thorder.R") ══ Testing test_4thorder.R ═════════════════════════════════════════════════════ [ FAIL 0 | WARN 0 | SKIP 0 | PASS 0 ] [ FAIL 0 | WARN 0 | SKIP 0 | PASS 0 ][1] "unfold" [ FAIL 0 | WARN 0 | SKIP 0 | PASS 1 ] [ FAIL 0 | WARN 0 | SKIP 0 | PASS 2 ] [ FAIL 0 | WARN 0 | SKIP 0 | PASS 3 ] [ FAIL 0 | WARN 0 | SKIP 0 | PASS 4 ] [ FAIL 0 | WARN 0 | SKIP 0 | PASS 5 ] [ FAIL 0 | WARN 0 | SKIP 0 | PASS 6 ] [ FAIL 0 | WARN 0 | SKIP 0 | PASS 7 ] [ FAIL 0 | WARN 0 | SKIP 0 | PASS 7 ][1] "modeSum" [ FAIL 0 | WARN 0 | SKIP 0 | PASS 8 ] [ FAIL 0 | WARN 0 | SKIP 0 | PASS 9 ] [ FAIL 0 | WARN 0 | SKIP 0 | PASS 10 ] [ FAIL 0 | WARN 0 | SKIP 0 | PASS 11 ] [ FAIL 0 | WARN 0 | SKIP 0 | PASS 12 ] [ FAIL 0 | WARN 0 | SKIP 0 | PASS 13 ] [ FAIL 0 | WARN 0 | SKIP 0 | PASS 14 ] [ FAIL 0 | WARN 0 | SKIP 0 | PASS 15 ] [ FAIL 0 | WARN 0 | SKIP 0 | PASS 15 ][1] "innerProd" [ FAIL 0 | WARN 0 | SKIP 0 | PASS 16 ] [ FAIL 0 | WARN 0 | SKIP 0 | PASS 16 ][1] "vec" [ FAIL 0 | WARN 0 | SKIP 0 | PASS 17 ] [ FAIL 0 | WARN 0 | SKIP 0 | PASS 17 ] [ FAIL 0 | WARN 0 | SKIP 0 | PASS 18 ] [ FAIL 0 | WARN 0 | SKIP 0 | PASS 18 ][1] "fold" [ FAIL 1 | WARN 0 | SKIP 0 | PASS 18 ] ── Error ('test_4thorder.R:91:1'): (code run outside of `test_that()`) ───────── Error in `all.equal.numeric(x, y, tolerance = tolerance, check.attributes = check.attributes, ...)`: length(tolerance) == 1L is not TRUE Backtrace: 1. testthat::expect_equal(arr4, tnsr4_2@data, as.array(darr4_2)) at test_4thorder.R:91:0 3. testthat:::compare.numeric(act$val, exp$val, ...) 5. base::all.equal.numeric(...) 6. base::stopifnot(length(tolerance) == 1L) [ FAIL 1 | WARN 0 | SKIP 0 | PASS 18 ] > test_file("testthat/test_Einsum.R") ══ Testing test_Einsum.R ═══════════════════════════════════════════════════════ [ FAIL 0 | WARN 0 | SKIP 0 | PASS 0 ] [ FAIL 0 | WARN 0 | SKIP 0 | PASS 0 ] [ FAIL 1 | WARN 0 | SKIP 0 | PASS 0 ] ── Error ('test_Einsum.R:4:1'): (code run outside of `test_that()`) ──────────── Error in `all.equal.numeric(x, y, tolerance = tolerance, check.attributes = check.attributes, ...)`: length(tolerance) == 1L is not TRUE Backtrace: 1. testthat::expect_equal(...) at test_Einsum.R:4:0 3. testthat:::compare.numeric(act$val, exp$val, ...) 5. base::all.equal.numeric(...) 6. base::stopifnot(length(tolerance) == 1L) [ FAIL 1 | WARN 0 | SKIP 0 | PASS 0 ] > # gc();gc() # comment out > # } # comment out > > # setAutoBlockSize(size=1E+8) > # test_file("testthat/test_Decomp.R") > # test_file("testthat/test_Einsum_Py.R") # comment out > # source("testthat/test_Verbose.R") > # source("testthat/test_Sparse.R") > > # Profiling > # source("testthat/test_SuperBig.R") # comment out > > proc.time() user system elapsed 17.71 2.81 26.95
DelayedTensor.Rcheck/DelayedTensor-Ex.timings
name | user | system | elapsed | |
DelayedDiagonalArray | 0.05 | 0.00 | 0.05 | |
DelayedTensor-package | 0 | 0 | 0 | |
cbind_list | 0.48 | 0.07 | 0.74 | |
cp | 126.52 | 27.19 | 235.34 | |
cs_fold | 0.34 | 0.13 | 0.61 | |
cs_unfold | 0.25 | 0.01 | 0.38 | |
diag | 0.42 | 0.05 | 0.54 | |
einsum | 0.86 | 0.15 | 1.39 | |
fnorm | 0.12 | 0.00 | 0.13 | |
fold | 0.49 | 0.15 | 0.73 | |
getSparse | 0 | 0 | 0 | |
getVerbose | 0 | 0 | 0 | |
hadamard | 0.23 | 0.01 | 0.27 | |
hadamard_list | 0.20 | 0.03 | 0.28 | |
hosvd | 3.04 | 0.66 | 5.59 | |
human_mid_brain | 0 | 0 | 0 | |
innerProd | 0.13 | 0.00 | 0.12 | |
k_fold | 0.48 | 0.09 | 0.74 | |
k_unfold | 0.24 | 0.03 | 0.36 | |
khatri_rao | 0.20 | 0.03 | 0.29 | |
khatri_rao_list | 0.20 | 0.05 | 0.28 | |
kronecker | 0.11 | 0.02 | 0.13 | |
kronecker_list | 0.17 | 0.06 | 0.28 | |
list_rep | 0.21 | 0.00 | 0.20 | |
matvec | 0.23 | 0.05 | 0.36 | |
modeMean | 1.34 | 0.17 | 2.11 | |
modeSum | 1.07 | 0.19 | 1.71 | |
modebind_list | 1.01 | 0.23 | 1.73 | |
mouse_mid_brain | 0 | 0 | 0 | |
mpca | 8.22 | 2.08 | 15.25 | |
outerProd | 0.25 | 0.08 | 0.36 | |
pvd | 4.92 | 0.89 | 8.47 | |
rbind_list | 0.36 | 0.08 | 0.66 | |
rs_fold | 0.37 | 0.09 | 0.69 | |
rs_unfold | 0.78 | 0.09 | 0.97 | |
setSparse | 0 | 0 | 0 | |
setVerbose | 0 | 0 | 0 | |
ttl | 0.83 | 0.14 | 1.52 | |
ttm | 0.56 | 0.07 | 0.90 | |
tucker | 18.18 | 4.78 | 34.50 | |
unfold | 0.28 | 0.01 | 0.41 | |
unmatvec | 0.46 | 0.11 | 0.76 | |
vec | 0.19 | 0.03 | 0.31 | |