Back to Multiple platform build/check report for BioC 3.17:   simplified   long
ABC[D]EFGHIJKLMNOPQRSTUVWXYZ

This page was generated on 2023-09-23 11:35:41 -0400 (Sat, 23 Sep 2023).

HostnameOSArch (*)R versionInstalled pkgs
nebbiolo1Linux (Ubuntu 22.04.2 LTS)x86_644.3.1 (2023-06-16) -- "Beagle Scouts" 4625
palomino3Windows Server 2022 Datacenterx644.3.1 (2023-06-16 ucrt) -- "Beagle Scouts" 4378
merida1macOS 12.6.4 Montereyx86_644.3.1 (2023-06-16) -- "Beagle Scouts" 4394
Click on any hostname to see more info about the system (e.g. compilers)      (*) as reported by 'uname -p', except on Windows and Mac OS X

Package 532/2230HostnameOS / ArchINSTALLBUILDCHECKBUILD BIN
DEP 1.22.0  (landing page)
Arne Smits
Snapshot Date: 2023-09-22 14:00:14 -0400 (Fri, 22 Sep 2023)
git_url: https://git.bioconductor.org/packages/DEP
git_branch: RELEASE_3_17
git_last_commit: dfcbed4
git_last_commit_date: 2023-04-25 10:55:45 -0400 (Tue, 25 Apr 2023)
nebbiolo1Linux (Ubuntu 22.04.2 LTS) / x86_64  OK    OK    WARNINGS  UNNEEDED, same version is already published
palomino3Windows Server 2022 Datacenter / x64  OK    OK    WARNINGS    OK  UNNEEDED, same version is already published
merida1macOS 12.6.4 Monterey / x86_64  OK    OK    WARNINGS    OK  UNNEEDED, same version is already published

CHECK results for DEP on palomino3


To the developers/maintainers of the DEP package:
- Allow up to 24 hours (and sometimes 48 hours) for your latest push to git@git.bioconductor.org:packages/DEP.git to reflect on this report. See Troubleshooting Build Report for more information.
- Use the following Renviron settings to reproduce errors and warnings.
- If 'R CMD check' started to fail recently on the Linux builder(s) over a missing dependency, add the missing dependency to 'Suggests:' in your DESCRIPTION file. See Renviron.bioc for more information.

raw results


Summary

Package: DEP
Version: 1.22.0
Command: F:\biocbuild\bbs-3.17-bioc\R\bin\R.exe CMD check --no-multiarch --install=check:DEP.install-out.txt --library=F:\biocbuild\bbs-3.17-bioc\R\library --no-vignettes --timings DEP_1.22.0.tar.gz
StartedAt: 2023-09-23 01:31:20 -0400 (Sat, 23 Sep 2023)
EndedAt: 2023-09-23 01:37:48 -0400 (Sat, 23 Sep 2023)
EllapsedTime: 387.7 seconds
RetCode: 0
Status:   WARNINGS  
CheckDir: DEP.Rcheck
Warnings: 1

Command output

##############################################################################
##############################################################################
###
### Running command:
###
###   F:\biocbuild\bbs-3.17-bioc\R\bin\R.exe CMD check --no-multiarch --install=check:DEP.install-out.txt --library=F:\biocbuild\bbs-3.17-bioc\R\library --no-vignettes --timings DEP_1.22.0.tar.gz
###
##############################################################################
##############################################################################


* using log directory 'F:/biocbuild/bbs-3.17-bioc/meat/DEP.Rcheck'
* using R version 4.3.1 (2023-06-16 ucrt)
* using platform: x86_64-w64-mingw32 (64-bit)
* R was compiled by
    gcc.exe (GCC) 12.2.0
    GNU Fortran (GCC) 12.2.0
* running under: Windows Server 2022 x64 (build 20348)
* using session charset: UTF-8
* using option '--no-vignettes'
* checking for file 'DEP/DESCRIPTION' ... OK
* this is package 'DEP' version '1.22.0'
* package encoding: UTF-8
* checking package namespace information ... OK
* checking package dependencies ... OK
* checking if this is a source package ... OK
* checking if there is a namespace ... OK
* checking for hidden files and directories ... OK
* checking for portable file names ... OK
* checking whether package 'DEP' can be installed ... OK
* checking installed package size ... OK
* checking package directory ... OK
* checking 'build' directory ... OK
* checking DESCRIPTION meta-information ... OK
* checking top-level files ... OK
* checking for left-over files ... OK
* checking index information ... OK
* checking package subdirectories ... OK
* checking R files for non-ASCII characters ... OK
* checking R files for syntax errors ... OK
* checking whether the package can be loaded ... OK
* checking whether the package can be loaded with stated dependencies ... OK
* checking whether the package can be unloaded cleanly ... OK
* checking whether the namespace can be loaded with stated dependencies ... OK
* checking whether the namespace can be unloaded cleanly ... OK
* checking startup messages can be suppressed ... OK
* checking dependencies in R code ... OK
* checking S3 generic/method consistency ... OK
* checking replacement functions ... OK
* checking foreign function calls ... OK
* checking R code for possible problems ... OK
* checking Rd files ... OK
* checking Rd metadata ... OK
* checking Rd cross-references ... WARNING
Missing link or links in documentation object 'LFQ.Rd':
  '[MSnbase:impute-methods]{impute}'

Missing link or links in documentation object 'TMT.Rd':
  '[MSnbase:impute-methods]{impute}'

Missing link or links in documentation object 'impute.Rd':
  '[MSnbase:impute-methods]{impute}'

Missing link or links in documentation object 'process.Rd':
  '[MSnbase:impute-methods]{impute}'

See section 'Cross-references' in the 'Writing R Extensions' manual.
* checking for missing documentation entries ... OK
* checking for code/documentation mismatches ... OK
* checking Rd \usage sections ... OK
* checking Rd contents ... OK
* checking for unstated dependencies in examples ... OK
* checking contents of 'data' directory ... OK
* checking data for non-ASCII characters ... OK
* checking LazyData ... OK
* checking data for ASCII and uncompressed saves ... OK
* checking R/sysdata.rda ... OK
* checking files in 'vignettes' ... OK
* checking examples ... OK
Examples with CPU (user + system) or elapsed time > 5s
        user system elapsed
impute 54.43   0.08   54.52
* checking for unstated dependencies in 'tests' ... OK
* checking tests ...
  Running 'testthat.R'
 OK
* checking for unstated dependencies in vignettes ... OK
* checking package vignettes in 'inst/doc' ... OK
* checking running R code from vignettes ... SKIPPED
* checking re-building of vignette outputs ... SKIPPED
* checking PDF version of manual ... OK
* DONE

Status: 1 WARNING
See
  'F:/biocbuild/bbs-3.17-bioc/meat/DEP.Rcheck/00check.log'
for details.



Installation output

DEP.Rcheck/00install.out

##############################################################################
##############################################################################
###
### Running command:
###
###   F:\biocbuild\bbs-3.17-bioc\R\bin\R.exe CMD INSTALL DEP
###
##############################################################################
##############################################################################


* installing to library 'F:/biocbuild/bbs-3.17-bioc/R/library'
* installing *source* package 'DEP' ...
** using staged installation
** R
** data
*** moving datasets to lazyload DB
** inst
** byte-compile and prepare package for lazy loading
** help
*** installing help indices
** building package indices
** installing vignettes
** testing if installed package can be loaded from temporary location
** testing if installed package can be loaded from final location
** testing if installed package keeps a record of temporary installation path
* DONE (DEP)

Tests output

DEP.Rcheck/tests/testthat.Rout


R version 4.3.1 (2023-06-16 ucrt) -- "Beagle Scouts"
Copyright (C) 2023 The R Foundation for Statistical Computing
Platform: x86_64-w64-mingw32/x64 (64-bit)

R is free software and comes with ABSOLUTELY NO WARRANTY.
You are welcome to redistribute it under certain conditions.
Type 'license()' or 'licence()' for distribution details.

R is a collaborative project with many contributors.
Type 'contributors()' for more information and
'citation()' on how to cite R or R packages in publications.

Type 'demo()' for some demos, 'help()' for on-line help, or
'help.start()' for an HTML browser interface to help.
Type 'q()' to quit R.

> library(testthat)
> library(DEP)
> 
> test_check("DEP")
!!! Error: Cannot call Ghostscript: `mgs' (No such file or directory/The system cannot find the file specified)!
pdfcrop: major issue: User/administrator updates are out-of-sync.
!!! Error: Cannot call Ghostscript: `mgs' (No such file or directory/The system cannot find the file specified)!
pdfcrop: major issue: User/administrator updates are out-of-sync.
!!! Error: Cannot call Ghostscript: `mgs' (No such file or directory/The system cannot find the file specified)!
pdfcrop: major issue: User/administrator updates are out-of-sync.
!!! Error: Cannot call Ghostscript: `mgs' (No such file or directory/The system cannot find the file specified)!
pdfcrop: major issue: User/administrator updates are out-of-sync.
!!! Error: Cannot call Ghostscript: `mgs' (No such file or directory/The system cannot find the file specified)!
pdfcrop: major issue: User/administrator updates are out-of-sync.
!!! Error: Cannot call Ghostscript: `mgs' (No such file or directory/The system cannot find the file specified)!
pdfcrop: major issue: User/administrator updates are out-of-sync.
!!! Error: Cannot call Ghostscript: `mgs' (No such file or directory/The system cannot find the file specified)!
pdfcrop: major issue: User/administrator updates are out-of-sync.
!!! Error: Cannot call Ghostscript: `mgs' (No such file or directory/The system cannot find the file specified)!
pdfcrop: major issue: User/administrator updates are out-of-sync.
!!! Error: Cannot call Ghostscript: `mgs' (No such file or directory/The system cannot find the file specified)!
pdfcrop: major issue: User/administrator updates are out-of-sync.
!!! Error: Cannot call Ghostscript: `mgs' (No such file or directory/The system cannot find the file specified)!
pdfcrop: major issue: User/administrator updates are out-of-sync.
[ FAIL 0 | WARN 14 | SKIP 0 | PASS 333 ]

[ FAIL 0 | WARN 14 | SKIP 0 | PASS 333 ]
> 
> proc.time()
   user  system elapsed 
  48.21    1.45   61.46 

Example timings

DEP.Rcheck/DEP-Ex.timings

nameusersystemelapsed
LFQ1.980.052.05
TMT000
add_rejections0.760.000.76
analyze_dep2.000.082.08
filter_missval0.410.000.41
filter_proteins0.250.000.25
get_df_long1.420.001.42
get_df_wide0.750.020.76
get_prefix000
get_results0.940.000.94
get_suffix000
import_IsobarQuant000
import_MaxQuant0.050.000.04
impute54.43 0.0854.52
make_se0.050.000.05
make_se_parse0.060.000.06
make_unique0.020.000.01
manual_impute0.700.030.74
meanSdPlot0.580.000.58
normalize_vsn0.340.000.34
plot_all1.690.021.70
plot_cond1.080.041.14
plot_cond_freq0.940.030.99
plot_cond_overlap0.970.000.97
plot_cor1.200.041.25
plot_coverage0.650.010.67
plot_detect0.880.020.90
plot_dist3.870.063.94
plot_frequency0.410.000.41
plot_gsea0.670.010.69
plot_heatmap2.670.072.76
plot_imputation1.080.041.13
plot_missval1.600.111.70
plot_normalization1.420.081.50
plot_numbers0.470.020.48
plot_p_hist1.300.001.31
plot_pca1.450.011.47
plot_single1.750.031.78
plot_volcano3.910.053.95
process1.640.091.74
report000
run_app000
se2msn0.120.020.14
test_diff0.910.030.93
test_gsea0.720.000.72
theme_DEP10.530.010.55
theme_DEP20.530.000.53