Back to Multiple platform build/check report for BioC 3.17: simplified long |
|
This page was generated on 2023-10-03 11:35:28 -0400 (Tue, 03 Oct 2023).
Hostname | OS | Arch (*) | R version | Installed pkgs |
---|---|---|---|---|
nebbiolo1 | Linux (Ubuntu 22.04.2 LTS) | x86_64 | 4.3.1 (2023-06-16) -- "Beagle Scouts" | 4626 |
palomino3 | Windows Server 2022 Datacenter | x64 | 4.3.1 (2023-06-16 ucrt) -- "Beagle Scouts" | 4379 |
merida1 | macOS 12.6.4 Monterey | x86_64 | 4.3.1 (2023-06-16) -- "Beagle Scouts" | 4395 |
Click on any hostname to see more info about the system (e.g. compilers) (*) as reported by 'uname -p', except on Windows and Mac OS X |
Package 532/2230 | Hostname | OS / Arch | INSTALL | BUILD | CHECK | BUILD BIN | ||||||||
DEP 1.22.0 (landing page) Arne Smits
| nebbiolo1 | Linux (Ubuntu 22.04.2 LTS) / x86_64 | OK | OK | WARNINGS | ![]() | ||||||||
palomino3 | Windows Server 2022 Datacenter / x64 | OK | OK | WARNINGS | OK | ![]() | ||||||||
merida1 | macOS 12.6.4 Monterey / x86_64 | OK | OK | WARNINGS | OK | ![]() | ||||||||
To the developers/maintainers of the DEP package: - Allow up to 24 hours (and sometimes 48 hours) for your latest push to git@git.bioconductor.org:packages/DEP.git to reflect on this report. See Troubleshooting Build Report for more information. - Use the following Renviron settings to reproduce errors and warnings. - If 'R CMD check' started to fail recently on the Linux builder(s) over a missing dependency, add the missing dependency to 'Suggests:' in your DESCRIPTION file. See Renviron.bioc for more information. |
Package: DEP |
Version: 1.22.0 |
Command: /home/biocbuild/bbs-3.17-bioc/R/bin/R CMD check --install=check:DEP.install-out.txt --library=/home/biocbuild/bbs-3.17-bioc/R/site-library --timings DEP_1.22.0.tar.gz |
StartedAt: 2023-10-02 20:44:39 -0400 (Mon, 02 Oct 2023) |
EndedAt: 2023-10-02 20:51:45 -0400 (Mon, 02 Oct 2023) |
EllapsedTime: 425.7 seconds |
RetCode: 0 |
Status: WARNINGS |
CheckDir: DEP.Rcheck |
Warnings: 1 |
############################################################################## ############################################################################## ### ### Running command: ### ### /home/biocbuild/bbs-3.17-bioc/R/bin/R CMD check --install=check:DEP.install-out.txt --library=/home/biocbuild/bbs-3.17-bioc/R/site-library --timings DEP_1.22.0.tar.gz ### ############################################################################## ############################################################################## * using log directory ‘/home/biocbuild/bbs-3.17-bioc/meat/DEP.Rcheck’ * using R version 4.3.1 (2023-06-16) * using platform: x86_64-pc-linux-gnu (64-bit) * R was compiled by gcc (Ubuntu 11.3.0-1ubuntu1~22.04.1) 11.3.0 GNU Fortran (Ubuntu 11.3.0-1ubuntu1~22.04.1) 11.3.0 * running under: Ubuntu 22.04.3 LTS * using session charset: UTF-8 * checking for file ‘DEP/DESCRIPTION’ ... OK * this is package ‘DEP’ version ‘1.22.0’ * package encoding: UTF-8 * checking package namespace information ... OK * checking package dependencies ... OK * checking if this is a source package ... OK * checking if there is a namespace ... OK * checking for hidden files and directories ... OK * checking for portable file names ... OK * checking for sufficient/correct file permissions ... OK * checking whether package ‘DEP’ can be installed ... OK * checking installed package size ... OK * checking package directory ... OK * checking ‘build’ directory ... OK * checking DESCRIPTION meta-information ... OK * checking top-level files ... OK * checking for left-over files ... OK * checking index information ... OK * checking package subdirectories ... OK * checking R files for non-ASCII characters ... OK * checking R files for syntax errors ... OK * checking whether the package can be loaded ... OK * checking whether the package can be loaded with stated dependencies ... OK * checking whether the package can be unloaded cleanly ... OK * checking whether the namespace can be loaded with stated dependencies ... OK * checking whether the namespace can be unloaded cleanly ... OK * checking loading without being on the library search path ... OK * checking startup messages can be suppressed ... OK * checking dependencies in R code ... OK * checking S3 generic/method consistency ... OK * checking replacement functions ... OK * checking foreign function calls ... OK * checking R code for possible problems ... OK * checking Rd files ... OK * checking Rd metadata ... OK * checking Rd cross-references ... WARNING Missing link or links in documentation object 'LFQ.Rd': ‘[MSnbase:impute-methods]{impute}’ Missing link or links in documentation object 'TMT.Rd': ‘[MSnbase:impute-methods]{impute}’ Missing link or links in documentation object 'impute.Rd': ‘[MSnbase:impute-methods]{impute}’ Missing link or links in documentation object 'process.Rd': ‘[MSnbase:impute-methods]{impute}’ See section 'Cross-references' in the 'Writing R Extensions' manual. * checking for missing documentation entries ... OK * checking for code/documentation mismatches ... OK * checking Rd \usage sections ... OK * checking Rd contents ... OK * checking for unstated dependencies in examples ... OK * checking contents of ‘data’ directory ... OK * checking data for non-ASCII characters ... OK * checking LazyData ... OK * checking data for ASCII and uncompressed saves ... OK * checking R/sysdata.rda ... OK * checking files in ‘vignettes’ ... OK * checking examples ... OK Examples with CPU (user + system) or elapsed time > 5s user system elapsed impute 51.771 0.352 52.122 * checking for unstated dependencies in ‘tests’ ... OK * checking tests ... Running ‘testthat.R’ OK * checking for unstated dependencies in vignettes ... OK * checking package vignettes in ‘inst/doc’ ... OK * checking running R code from vignettes ... ‘DEP.Rmd’ using ‘UTF-8’... OK ‘MissingValues.Rmd’ using ‘UTF-8’... OK NONE * checking re-building of vignette outputs ... OK * checking PDF version of manual ... OK * DONE Status: 1 WARNING See ‘/home/biocbuild/bbs-3.17-bioc/meat/DEP.Rcheck/00check.log’ for details.
DEP.Rcheck/00install.out
############################################################################## ############################################################################## ### ### Running command: ### ### /home/biocbuild/bbs-3.17-bioc/R/bin/R CMD INSTALL DEP ### ############################################################################## ############################################################################## * installing to library ‘/home/biocbuild/bbs-3.17-bioc/R/site-library’ * installing *source* package ‘DEP’ ... ** using staged installation ** R ** data *** moving datasets to lazyload DB ** inst ** byte-compile and prepare package for lazy loading ** help *** installing help indices ** building package indices ** installing vignettes ** testing if installed package can be loaded from temporary location ** testing if installed package can be loaded from final location ** testing if installed package keeps a record of temporary installation path * DONE (DEP)
DEP.Rcheck/tests/testthat.Rout
R version 4.3.1 (2023-06-16) -- "Beagle Scouts" Copyright (C) 2023 The R Foundation for Statistical Computing Platform: x86_64-pc-linux-gnu (64-bit) R is free software and comes with ABSOLUTELY NO WARRANTY. You are welcome to redistribute it under certain conditions. Type 'license()' or 'licence()' for distribution details. R is a collaborative project with many contributors. Type 'contributors()' for more information and 'citation()' on how to cite R or R packages in publications. Type 'demo()' for some demos, 'help()' for on-line help, or 'help.start()' for an HTML browser interface to help. Type 'q()' to quit R. > library(testthat) > library(DEP) > > test_check("DEP") [ FAIL 0 | WARN 15 | SKIP 0 | PASS 333 ] [ FAIL 0 | WARN 15 | SKIP 0 | PASS 333 ] > > proc.time() user system elapsed 48.663 1.785 50.472
DEP.Rcheck/DEP-Ex.timings
name | user | system | elapsed | |
LFQ | 1.855 | 0.064 | 1.919 | |
TMT | 0 | 0 | 0 | |
add_rejections | 0.722 | 0.048 | 0.770 | |
analyze_dep | 1.937 | 0.040 | 1.978 | |
filter_missval | 0.431 | 0.003 | 0.435 | |
filter_proteins | 0.252 | 0.001 | 0.253 | |
get_df_long | 1.355 | 0.067 | 1.423 | |
get_df_wide | 0.683 | 0.005 | 0.687 | |
get_prefix | 0.001 | 0.000 | 0.001 | |
get_results | 0.900 | 0.047 | 0.948 | |
get_suffix | 0.001 | 0.000 | 0.001 | |
import_IsobarQuant | 0.001 | 0.001 | 0.000 | |
import_MaxQuant | 0.044 | 0.000 | 0.044 | |
impute | 51.771 | 0.352 | 52.122 | |
make_se | 0.039 | 0.000 | 0.039 | |
make_se_parse | 0.050 | 0.011 | 0.063 | |
make_unique | 0.016 | 0.000 | 0.017 | |
manual_impute | 0.619 | 0.007 | 0.628 | |
meanSdPlot | 0.519 | 0.047 | 0.567 | |
normalize_vsn | 0.313 | 0.005 | 0.317 | |
plot_all | 1.485 | 0.019 | 1.506 | |
plot_cond | 1.058 | 0.012 | 1.071 | |
plot_cond_freq | 0.834 | 0.025 | 0.858 | |
plot_cond_overlap | 0.858 | 0.000 | 0.857 | |
plot_cor | 1.166 | 0.012 | 1.177 | |
plot_coverage | 0.505 | 0.000 | 0.505 | |
plot_detect | 0.691 | 0.000 | 0.690 | |
plot_dist | 3.241 | 0.008 | 3.249 | |
plot_frequency | 0.371 | 0.000 | 0.372 | |
plot_gsea | 0.658 | 0.004 | 0.661 | |
plot_heatmap | 2.401 | 0.043 | 2.445 | |
plot_imputation | 0.980 | 0.001 | 0.980 | |
plot_missval | 1.400 | 0.004 | 1.404 | |
plot_normalization | 1.276 | 0.024 | 1.300 | |
plot_numbers | 0.487 | 0.008 | 0.496 | |
plot_p_hist | 1.211 | 0.004 | 1.214 | |
plot_pca | 1.327 | 0.039 | 1.367 | |
plot_single | 1.495 | 0.016 | 1.511 | |
plot_volcano | 3.918 | 0.004 | 3.922 | |
process | 1.339 | 0.000 | 1.339 | |
report | 0 | 0 | 0 | |
run_app | 0 | 0 | 0 | |
se2msn | 0.103 | 0.003 | 0.106 | |
test_diff | 0.852 | 0.007 | 0.861 | |
test_gsea | 0.665 | 0.040 | 0.704 | |
theme_DEP1 | 0.385 | 0.001 | 0.385 | |
theme_DEP2 | 0.474 | 0.000 | 0.475 | |