This page was generated on 2024-03-29 11:35:51 -0400 (Fri, 29 Mar 2024).
##############################################################################
##############################################################################
###
### Running command:
###
### /home/biocbuild/bbs-3.18-bioc/R/bin/R CMD build --keep-empty-dirs --no-resave-data CoGAPS
###
##############################################################################
##############################################################################
* checking for file ‘CoGAPS/DESCRIPTION’ ... OK
* preparing ‘CoGAPS’:
* checking DESCRIPTION meta-information ... OK
* cleaning src
* running ‘cleanup’
* installing the package to build vignettes
* creating vignettes ... ERROR
--- re-building ‘CoGAPS.Rmd’ using rmarkdown
Data Model: Dense, Normal
Sampler Type: Sequential
Loading Data...Done! (00:00:00)
-- Equilibration Phase --
10000 of 50000, Atoms: 67(A), 34(P), ChiSq: 332, Time: 00:00:00 / 00:00:00
20000 of 50000, Atoms: 73(A), 33(P), ChiSq: 175, Time: 00:00:00 / 00:00:00
30000 of 50000, Atoms: 79(A), 37(P), ChiSq: 153, Time: 00:00:01 / 00:00:03
40000 of 50000, Atoms: 83(A), 36(P), ChiSq: 112, Time: 00:00:01 / 00:00:02
50000 of 50000, Atoms: 73(A), 30(P), ChiSq: 149, Time: 00:00:02 / 00:00:04
-- Sampling Phase --
10000 of 50000, Atoms: 86(A), 40(P), ChiSq: 110, Time: 00:00:02 / 00:00:03
20000 of 50000, Atoms: 81(A), 32(P), ChiSq: 148, Time: 00:00:03 / 00:00:04
30000 of 50000, Atoms: 84(A), 33(P), ChiSq: 138, Time: 00:00:03 / 00:00:03
40000 of 50000, Atoms: 80(A), 40(P), ChiSq: 170, Time: 00:00:04 / 00:00:04
50000 of 50000, Atoms: 82(A), 43(P), ChiSq: 85, Time: 00:00:04 / 00:00:04
trying URL 'https://zenodo.org/record/7709664/files/inputdata.Rds'
Content type 'application/octet-stream' length 433262849 bytes (413.2 MB)
==================================================
downloaded 413.2 MB
trying URL 'https://zenodo.org/record/7709664/files/cogapsresult.Rds?download=1'
Content type 'application/octet-stream' length 44220317 bytes (42.2 MB)
==================================================
downloaded 42.2 MB
Quitting from lines 427-428 [unnamed-chunk-6] (CoGAPS.Rmd)
Error: processing vignette 'CoGAPS.Rmd' failed with diagnostics:
Unable to query any Ensembl site
--- failed re-building ‘CoGAPS.Rmd’
SUMMARY: processing the following file failed:
‘CoGAPS.Rmd’
Error: Vignette re-building failed.
Execution halted