Back to Multiple platform build/check report for BioC 3.16: simplified long |
|
This page was generated on 2023-03-24 11:06:28 -0400 (Fri, 24 Mar 2023).
Hostname | OS | Arch (*) | R version | Installed pkgs |
---|---|---|---|---|
nebbiolo2 | Linux (Ubuntu 20.04.5 LTS) | x86_64 | 4.2.3 (2023-03-15) -- "Shortstop Beagle" | 4286 |
palomino4 | Windows Server 2022 Datacenter | x64 | 4.2.3 (2023-03-15 ucrt) -- "Shortstop Beagle" | 4276 |
lconway | macOS 12.5.1 Monterey | x86_64 | 4.2.3 (2023-03-15) -- "Shortstop Beagle" | 4303 |
Click on any hostname to see more info about the system (e.g. compilers) (*) as reported by 'uname -p', except on Windows and Mac OS X |
To the developers/maintainers of the BrainSABER package: - Please allow up to 24 hours (and sometimes 48 hours) for your latest push to git@git.bioconductor.org:packages/BrainSABER.git to reflect on this report. See How and When does the builder pull? When will my changes propagate? for more information. - Make sure to use the following settings in order to reproduce any error or warning you see on this page. |
Package 221/2183 | Hostname | OS / Arch | INSTALL | BUILD | CHECK | BUILD BIN | ||||||||
USD Biomedical Engineering
| nebbiolo2 | Linux (Ubuntu 20.04.5 LTS) / x86_64 | OK | OK | WARNINGS | ![]() | ||||||||
palomino4 | Windows Server 2022 Datacenter / x64 | OK | OK | WARNINGS | OK | ![]() | ||||||||
lconway | macOS 12.5.1 Monterey / x86_64 | OK | ERROR | skipped | skipped | |||||||||
Package: BrainSABER |
Version: 1.8.0 |
Command: /Library/Frameworks/R.framework/Resources/bin/R CMD build --keep-empty-dirs --no-resave-data BrainSABER |
StartedAt: 2023-03-22 16:02:28 -0400 (Wed, 22 Mar 2023) |
EndedAt: 2023-03-22 16:04:31 -0400 (Wed, 22 Mar 2023) |
EllapsedTime: 123.2 seconds |
RetCode: 1 |
Status: ERROR |
PackageFile: None |
PackageFileSize: NA |
############################################################################## ############################################################################## ### ### Running command: ### ### /Library/Frameworks/R.framework/Resources/bin/R CMD build --keep-empty-dirs --no-resave-data BrainSABER ### ############################################################################## ############################################################################## * checking for file ‘BrainSABER/DESCRIPTION’ ... OK * preparing ‘BrainSABER’: * checking DESCRIPTION meta-information ... OK * installing the package to build vignettes * creating vignettes ... ERROR --- re-building ‘Installing_and_Using_BrainSABER.Rmd’ using rmarkdown Quitting from lines 63-65 (Installing_and_Using_BrainSABER.Rmd) Error: processing vignette 'Installing_and_Using_BrainSABER.Rmd' failed with diagnostics: Timeout was reached: [www.ensembl.org:443] Operation timed out after 10149 milliseconds with 0 bytes received --- failed re-building ‘Installing_and_Using_BrainSABER.Rmd’ SUMMARY: processing the following file failed: ‘Installing_and_Using_BrainSABER.Rmd’ Error: Vignette re-building failed. Execution halted