Back to Multiple platform build/check report for BioC 3.18:   simplified   long
[A]BCDEFGHIJKLMNOPQRSTUVWXYZ

This page was generated on 2024-02-29 11:36:32 -0500 (Thu, 29 Feb 2024).

HostnameOSArch (*)R versionInstalled pkgs
nebbiolo2Linux (Ubuntu 22.04.3 LTS)x86_644.3.2 Patched (2023-11-13 r85521) -- "Eye Holes" 4692
palomino4Windows Server 2022 Datacenterx644.3.2 (2023-10-31 ucrt) -- "Eye Holes" 4445
lconwaymacOS 12.7.1 Montereyx86_644.3.2 Patched (2023-11-01 r85457) -- "Eye Holes" 4466
Click on any hostname to see more info about the system (e.g. compilers)      (*) as reported by 'uname -p', except on Windows and Mac OS X

Package 110/2266HostnameOS / ArchINSTALLBUILDCHECKBUILD BIN
AUCell 1.24.0  (landing page)
Sara Aibar
Snapshot Date: 2024-02-28 14:05:05 -0500 (Wed, 28 Feb 2024)
git_url: https://git.bioconductor.org/packages/AUCell
git_branch: RELEASE_3_18
git_last_commit: 8c22389
git_last_commit_date: 2023-10-24 10:59:42 -0500 (Tue, 24 Oct 2023)
nebbiolo2Linux (Ubuntu 22.04.3 LTS) / x86_64  OK    OK    ERROR  
palomino4Windows Server 2022 Datacenter / x64  OK    OK    ERROR    OK  
lconwaymacOS 12.7.1 Monterey / x86_64  OK    OK    ERROR    OK  
kjohnson1macOS 13.6.1 Ventura / arm64see weekly results here

CHECK results for AUCell on palomino4


To the developers/maintainers of the AUCell package:
- Allow up to 24 hours (and sometimes 48 hours) for your latest push to git@git.bioconductor.org:packages/AUCell.git to reflect on this report. See Troubleshooting Build Report for more information.
- Use the following Renviron settings to reproduce errors and warnings.
- If 'R CMD check' started to fail recently on the Linux builder(s) over a missing dependency, add the missing dependency to 'Suggests:' in your DESCRIPTION file. See Renviron.bioc for more information.

raw results


Summary

Package: AUCell
Version: 1.24.0
Command: F:\biocbuild\bbs-3.18-bioc\R\bin\R.exe CMD check --no-multiarch --install=check:AUCell.install-out.txt --library=F:\biocbuild\bbs-3.18-bioc\R\library --no-vignettes --timings AUCell_1.24.0.tar.gz
StartedAt: 2024-02-28 23:09:21 -0500 (Wed, 28 Feb 2024)
EndedAt: 2024-02-28 23:09:24 -0500 (Wed, 28 Feb 2024)
EllapsedTime: 3.4 seconds
RetCode: 1
Status:   ERROR  
CheckDir: AUCell.Rcheck
Warnings: NA

Command output

##############################################################################
##############################################################################
###
### Running command:
###
###   F:\biocbuild\bbs-3.18-bioc\R\bin\R.exe CMD check --no-multiarch --install=check:AUCell.install-out.txt --library=F:\biocbuild\bbs-3.18-bioc\R\library --no-vignettes --timings AUCell_1.24.0.tar.gz
###
##############################################################################
##############################################################################


* using log directory 'F:/biocbuild/bbs-3.18-bioc/meat/AUCell.Rcheck'
* using R version 4.3.2 (2023-10-31 ucrt)
* using platform: x86_64-w64-mingw32 (64-bit)
* R was compiled by
    gcc.exe (GCC) 12.3.0
    GNU Fortran (GCC) 12.3.0
* running under: Windows Server 2022 x64 (build 20348)
* using session charset: UTF-8
* using option '--no-vignettes'
* checking for file 'AUCell/DESCRIPTION' ... OK
* checking extension type ... Package
* this is package 'AUCell' version '1.24.0'
* checking package namespace information ... OK
* checking package dependencies ... ERROR
Package suggested but not available: 'rbokeh'

Package which this enhances but not available for checking: 'doMC'

The suggested packages are required for a complete check.
Checking can be attempted without them by setting the environment
variable _R_CHECK_FORCE_SUGGESTS_ to a false value.

See section 'The DESCRIPTION file' in the 'Writing R Extensions'
manual.
* DONE

Status: 1 ERROR
See
  'F:/biocbuild/bbs-3.18-bioc/meat/AUCell.Rcheck/00check.log'
for details.


Installation output


Tests output


Example timings