Back to Build/check report for BioC 3.19 experimental data
ABC[D]EFGHIJKLMNOPQRSTUVWXYZ

This page was generated on 2024-03-26 14:51:26 -0400 (Tue, 26 Mar 2024).

HostnameOSArch (*)R versionInstalled pkgs
nebbiolo1Linux (Ubuntu 22.04.3 LTS)x86_64R Under development (unstable) (2024-03-18 r86148) -- "Unsuffered Consequences" 4698
Click on any hostname to see more info about the system (e.g. compilers)      (*) as reported by 'uname -p', except on Windows and Mac OS X

Package 106/425HostnameOS / ArchINSTALLBUILDCHECK
dyebiasexamples 1.43.0  (landing page)
Philip Lijnzaad
Snapshot Date: 2024-03-26 07:30:03 -0400 (Tue, 26 Mar 2024)
git_url: https://git.bioconductor.org/packages/dyebiasexamples
git_branch: devel
git_last_commit: 2fffb57
git_last_commit_date: 2023-10-24 08:55:50 -0400 (Tue, 24 Oct 2023)
nebbiolo1Linux (Ubuntu 22.04.3 LTS) / x86_64  OK    OK    WARNINGS  UNNEEDED, same version is already published

CHECK results for dyebiasexamples on nebbiolo1


To the developers/maintainers of the dyebiasexamples package:
- Use the following Renviron settings to reproduce errors and warnings.
- If 'R CMD check' started to fail recently on the Linux builder(s) over a missing dependency, add the missing dependency to 'Suggests:' in your DESCRIPTION file. See Renviron.bioc for more information.

raw results


Summary

Package: dyebiasexamples
Version: 1.43.0
Command: /home/biocbuild/bbs-3.19-bioc/R/bin/R CMD check --install=check:dyebiasexamples.install-out.txt --library=/home/biocbuild/bbs-3.19-bioc/R/site-library --timings dyebiasexamples_1.43.0.tar.gz
StartedAt: 2024-03-26 11:31:53 -0400 (Tue, 26 Mar 2024)
EndedAt: 2024-03-26 11:32:45 -0400 (Tue, 26 Mar 2024)
EllapsedTime: 51.4 seconds
RetCode: 0
Status:   WARNINGS  
CheckDir: dyebiasexamples.Rcheck
Warnings: 5

Command output

##############################################################################
##############################################################################
###
### Running command:
###
###   /home/biocbuild/bbs-3.19-bioc/R/bin/R CMD check --install=check:dyebiasexamples.install-out.txt --library=/home/biocbuild/bbs-3.19-bioc/R/site-library --timings dyebiasexamples_1.43.0.tar.gz
###
##############################################################################
##############################################################################


* using log directory ‘/home/biocbuild/bbs-3.19-data-experiment/meat/dyebiasexamples.Rcheck’
* using R Under development (unstable) (2024-03-18 r86148)
* using platform: x86_64-pc-linux-gnu
* R was compiled by
    gcc (Ubuntu 11.4.0-1ubuntu1~22.04) 11.4.0
    GNU Fortran (Ubuntu 11.4.0-1ubuntu1~22.04) 11.4.0
* running under: Ubuntu 22.04.4 LTS
* using session charset: UTF-8
* checking for file ‘dyebiasexamples/DESCRIPTION’ ... OK
* this is package ‘dyebiasexamples’ version ‘1.43.0’
* checking package namespace information ... OK
* checking package dependencies ... OK
* checking if this is a source package ... OK
* checking if there is a namespace ... OK
* checking for hidden files and directories ... OK
* checking for portable file names ... OK
* checking for sufficient/correct file permissions ... OK
* checking whether package ‘dyebiasexamples’ can be installed ... WARNING
Found the following significant warnings:
  Warning: dyebias.geo2marray.Rd:10-17: Section \synopsis is unrecognized and will be dropped
  Warning: dyebias.umcu.proper.estimators.Rd:11-13: Section \synopsis is unrecognized and will be dropped
See ‘/home/biocbuild/bbs-3.19-data-experiment/meat/dyebiasexamples.Rcheck/00install.out’ for details.
* checking installed package size ... NOTE
  installed size is 23.6Mb
  sub-directories of 1Mb or more:
    data        5.2Mb
    extradata  18.3Mb
* checking package directory ... OK
* checking DESCRIPTION meta-information ... NOTE
Malformed Title field: should not end in a period.
Malformed Description field: should contain one or more complete sentences.
* checking top-level files ... NOTE
File
  LICENSE
is not mentioned in the DESCRIPTION file.
* checking for left-over files ... OK
* checking index information ... OK
* checking package subdirectories ... OK
* checking code files for non-ASCII characters ... OK
* checking R files for syntax errors ... OK
* checking whether the package can be loaded ... OK
* checking whether the package can be loaded with stated dependencies ... OK
* checking whether the package can be unloaded cleanly ... OK
* checking whether the namespace can be loaded with stated dependencies ... OK
* checking whether the namespace can be unloaded cleanly ... OK
* checking loading without being on the library search path ... OK
* checking dependencies in R code ... NOTE
Packages in Depends field not imported from:
  ‘GEOquery’ ‘marray’
  These packages need to be imported from (in the NAMESPACE file)
  for when this namespace is loaded but not attached.
* checking S3 generic/method consistency ... OK
* checking replacement functions ... OK
* checking foreign function calls ... OK
* checking R code for possible problems ... NOTE
.extract.measurements: no visible global function definition for
  ‘GSMList’
.extract.measurements : <anonymous>: no visible global function
  definition for ‘Table’
.extract.meta: no visible global function definition for ‘GSMList’
.extract.meta : <anonymous>: no visible global function definition for
  ‘Meta’
.gsmlist2targetinfo: no visible global function definition for
  ‘GSMList’
.gsmlist2targetinfo: no visible global function definition for ‘Meta’
.have.umcu.version: no visible global function definition for
  ‘package.version’
dyebias.geo2marray: no visible global function definition for ‘GSMList’
dyebias.geo2marray : <anonymous>: no visible global function definition
  for ‘Meta’
dyebias.geo2marray: no visible global function definition for ‘Meta’
dyebias.geo2marray: no visible global function definition for ‘GPLList’
dyebias.geo2marray: no visible global function definition for ‘Table’
dyebias.geo2marray: no visible global function definition for
  ‘read.marrayLayout’
dyebias.geo2marray: no visible global function definition for
  ‘Accession’
dyebias.geo2marray: no visible global function definition for
  ‘maControls<-’
dyebias.geo2marray: no visible global function definition for ‘new’
dyebias.geo2marray: no visible global function definition for
  ‘maLabels<-’
dyebias.geo2marray: no visible global function definition for
  ‘maInfo<-’
dyebias.geo2marray: no visible global function definition for ‘maRf’
dyebias.geo2marray: no visible global function definition for ‘maRb<-’
dyebias.geo2marray: no visible global function definition for ‘maGb<-’
dyebias.geo2marray: no visible global function definition for
  ‘maTargets<-’
dyebias.geo2marray: no visible global function definition for
  ‘maLayout<-’
dyebias.geo2marray: no visible global function definition for
  ‘maGnames<-’
Undefined global functions or variables:
  Accession GPLList GSMList Meta Table maControls<- maGb<- maGnames<-
  maInfo<- maLabels<- maLayout<- maRb<- maRf maTargets<- new
  package.version read.marrayLayout
Consider adding
  importFrom("methods", "new")
to your NAMESPACE file (and ensure that your DESCRIPTION Imports field
contains 'methods').
* checking Rd files ... WARNING
prepare_Rd: dyebias.geo2marray.Rd:10-17: Section \synopsis is unrecognized and will be dropped
prepare_Rd: dyebias.umcu.proper.estimators.Rd:11-13: Section \synopsis is unrecognized and will be dropped
* checking Rd metadata ... OK
* checking Rd cross-references ... OK
* checking for missing documentation entries ... OK
* checking for code/documentation mismatches ... OK
* checking Rd \usage sections ... OK
* checking Rd contents ... OK
* checking for unstated dependencies in examples ... OK
* checking contents of ‘data’ directory ... WARNING
Files not of a type allowed in a ‘data’ directory:
  ‘README’
Please use e.g. ‘inst/extdata’ for non-R data files

* checking data for non-ASCII characters ... OK
* checking data for ASCII and uncompressed saves ... WARNING
  
  Note: significantly better compression could be obtained
        by using R CMD build --resave-data
                old_size new_size compress
  data.norm.rda    2.1Mb    1.5Mb       xz
  data.raw.rda     3.2Mb    2.2Mb       xz
* checking files in ‘vignettes’ ... WARNING
Files in the 'vignettes' directory but no files in 'inst/doc':
  ‘ChangeLog’
Package has no Sweave vignette sources and no VignetteBuilder field.
* checking examples ... OK
* checking package vignettes ... NOTE
Package has ‘vignettes’ subdirectory but apparently no vignettes.
Perhaps the ‘VignetteBuilder’ information is missing from the
DESCRIPTION file?
* checking PDF version of manual ... OK
* DONE

Status: 5 WARNINGs, 6 NOTEs
See
  ‘/home/biocbuild/bbs-3.19-data-experiment/meat/dyebiasexamples.Rcheck/00check.log’
for details.


Installation output

dyebiasexamples.Rcheck/00install.out

##############################################################################
##############################################################################
###
### Running command:
###
###   /home/biocbuild/bbs-3.19-bioc/R/bin/R CMD INSTALL dyebiasexamples
###
##############################################################################
##############################################################################


* installing to library ‘/home/biocbuild/bbs-3.19-bioc/R/site-library’
* installing *source* package ‘dyebiasexamples’ ...
** using staged installation
** R
** data
** inst
** byte-compile and prepare package for lazy loading
** help
Warning: dyebias.geo2marray.Rd:10-17: Section \synopsis is unrecognized and will be dropped
Warning: dyebias.umcu.proper.estimators.Rd:11-13: Section \synopsis is unrecognized and will be dropped
*** installing help indices
** building package indices
** installing vignettes
** testing if installed package can be loaded from temporary location
** testing if installed package can be loaded from final location
** testing if installed package keeps a record of temporary installation path
* DONE (dyebiasexamples)

Tests output


Example timings

dyebiasexamples.Rcheck/dyebiasexamples-Ex.timings

nameusersystemelapsed
data.raw0.4380.0070.446
dyebias.geo2marray0.0000.0000.001
dyebias.umcu.proper.estimators1.2650.0711.338