Back to Build/check report for BioC 3.19 experimental data
ABCDEFGHIJKLMNO[P]QRSTUVWXYZ

This page was generated on 2024-03-26 14:51:27 -0400 (Tue, 26 Mar 2024).

HostnameOSArch (*)R versionInstalled pkgs
nebbiolo1Linux (Ubuntu 22.04.3 LTS)x86_64R Under development (unstable) (2024-03-18 r86148) -- "Unsuffered Consequences" 4698
Click on any hostname to see more info about the system (e.g. compilers)      (*) as reported by 'uname -p', except on Windows and Mac OS X

Package 302/425HostnameOS / ArchINSTALLBUILDCHECK
PtH2O2lipids 1.29.0  (landing page)
James Collins
Snapshot Date: 2024-03-26 07:30:03 -0400 (Tue, 26 Mar 2024)
git_url: https://git.bioconductor.org/packages/PtH2O2lipids
git_branch: devel
git_last_commit: 117bc9c
git_last_commit_date: 2023-10-24 09:16:03 -0400 (Tue, 24 Oct 2023)
nebbiolo1Linux (Ubuntu 22.04.3 LTS) / x86_64  OK    OK    WARNINGS  UNNEEDED, same version is already published

CHECK results for PtH2O2lipids on nebbiolo1


To the developers/maintainers of the PtH2O2lipids package:
- Use the following Renviron settings to reproduce errors and warnings.
- If 'R CMD check' started to fail recently on the Linux builder(s) over a missing dependency, add the missing dependency to 'Suggests:' in your DESCRIPTION file. See Renviron.bioc for more information.

raw results


Summary

Package: PtH2O2lipids
Version: 1.29.0
Command: /home/biocbuild/bbs-3.19-bioc/R/bin/R CMD check --install=check:PtH2O2lipids.install-out.txt --library=/home/biocbuild/bbs-3.19-bioc/R/site-library --timings PtH2O2lipids_1.29.0.tar.gz
StartedAt: 2024-03-26 12:07:30 -0400 (Tue, 26 Mar 2024)
EndedAt: 2024-03-26 12:13:29 -0400 (Tue, 26 Mar 2024)
EllapsedTime: 359.1 seconds
RetCode: 0
Status:   WARNINGS  
CheckDir: PtH2O2lipids.Rcheck
Warnings: 2

Command output

##############################################################################
##############################################################################
###
### Running command:
###
###   /home/biocbuild/bbs-3.19-bioc/R/bin/R CMD check --install=check:PtH2O2lipids.install-out.txt --library=/home/biocbuild/bbs-3.19-bioc/R/site-library --timings PtH2O2lipids_1.29.0.tar.gz
###
##############################################################################
##############################################################################


* using log directory ‘/home/biocbuild/bbs-3.19-data-experiment/meat/PtH2O2lipids.Rcheck’
* using R Under development (unstable) (2024-03-18 r86148)
* using platform: x86_64-pc-linux-gnu
* R was compiled by
    gcc (Ubuntu 11.4.0-1ubuntu1~22.04) 11.4.0
    GNU Fortran (Ubuntu 11.4.0-1ubuntu1~22.04) 11.4.0
* running under: Ubuntu 22.04.4 LTS
* using session charset: UTF-8
* checking for file ‘PtH2O2lipids/DESCRIPTION’ ... OK
* this is package ‘PtH2O2lipids’ version ‘1.29.0’
* checking package namespace information ... OK
* checking package dependencies ... OK
* checking if this is a source package ... OK
* checking if there is a namespace ... OK
* checking for hidden files and directories ... OK
* checking for portable file names ... OK
* checking for sufficient/correct file permissions ... OK
* checking whether package ‘PtH2O2lipids’ can be installed ... WARNING
Found the following significant warnings:
  Warning: multiple methods tables found for ‘polarity<-’
  Warning: replacing previous import ‘xcms::polarity<-’ by ‘LOBSTAHS::polarity<-’ when loading ‘PtH2O2lipids’
See ‘/home/biocbuild/bbs-3.19-data-experiment/meat/PtH2O2lipids.Rcheck/00install.out’ for details.
* checking installed package size ... NOTE
  installed size is 15.6Mb
  sub-directories of 1Mb or more:
    data  15.5Mb
* checking package directory ... OK
* checking DESCRIPTION meta-information ... NOTE
License stub is invalid DCF.
* checking top-level files ... OK
* checking for left-over files ... OK
* checking index information ... OK
* checking package subdirectories ... OK
* checking code files for non-ASCII characters ... OK
* checking R files for syntax errors ... OK
* checking whether the package can be loaded ... OK
* checking whether the package can be loaded with stated dependencies ... OK
* checking whether the package can be unloaded cleanly ... OK
* checking whether the namespace can be loaded with stated dependencies ... OK
* checking whether the namespace can be unloaded cleanly ... OK
* checking loading without being on the library search path ... OK
* checking whether startup messages can be suppressed ... OK
* checking dependencies in R code ... OK
* checking S3 generic/method consistency ... OK
* checking replacement functions ... OK
* checking foreign function calls ... OK
* checking R code for possible problems ... OK
* checking Rd files ... OK
* checking Rd metadata ... OK
* checking Rd cross-references ... WARNING
Missing link or links in Rd file 'PtH2O2lipids.Rd':
  ‘LOBSet-class-class’

See section 'Cross-references' in the 'Writing R Extensions' manual.
* checking for missing documentation entries ... OK
* checking for code/documentation mismatches ... OK
* checking Rd \usage sections ... OK
* checking Rd contents ... OK
* checking for unstated dependencies in examples ... OK
* checking contents of ‘data’ directory ... OK
* checking data for non-ASCII characters ... OK
* checking data for ASCII and uncompressed saves ... OK
* checking examples ... OK
* checking PDF version of manual ... OK
* DONE

Status: 2 WARNINGs, 2 NOTEs
See
  ‘/home/biocbuild/bbs-3.19-data-experiment/meat/PtH2O2lipids.Rcheck/00check.log’
for details.


Installation output

PtH2O2lipids.Rcheck/00install.out

##############################################################################
##############################################################################
###
### Running command:
###
###   /home/biocbuild/bbs-3.19-bioc/R/bin/R CMD INSTALL PtH2O2lipids
###
##############################################################################
##############################################################################


* installing to library ‘/home/biocbuild/bbs-3.19-bioc/R/site-library’
* installing *source* package ‘PtH2O2lipids’ ...
** using staged installation
** R
** data
** inst
** byte-compile and prepare package for lazy loading
Warning message:
multiple methods tables found for ‘polarity<-’ 
Warning: replacing previous import ‘xcms::polarity<-’ by ‘LOBSTAHS::polarity<-’ when loading ‘PtH2O2lipids’
** help
*** installing help indices
** building package indices
** testing if installed package can be loaded from temporary location
Warning: multiple methods tables found for ‘polarity<-’
Warning: replacing previous import ‘xcms::polarity<-’ by ‘LOBSTAHS::polarity<-’ when loading ‘PtH2O2lipids’
** testing if installed package can be loaded from final location
Warning: multiple methods tables found for ‘polarity<-’
Warning: replacing previous import ‘xcms::polarity<-’ by ‘LOBSTAHS::polarity<-’ when loading ‘PtH2O2lipids’
** testing if installed package keeps a record of temporary installation path
* DONE (PtH2O2lipids)

Tests output


Example timings

PtH2O2lipids.Rcheck/PtH2O2lipids-Ex.timings

nameusersystemelapsed
PtH2O2lipids0.0300.0040.034