Back to Build/check report for BioC 3.19 experimental data
ABCDEFGHIJKLMNO[P]QRSTUVWXYZ

This page was generated on 2024-03-26 14:51:27 -0400 (Tue, 26 Mar 2024).

HostnameOSArch (*)R versionInstalled pkgs
nebbiolo1Linux (Ubuntu 22.04.3 LTS)x86_64R Under development (unstable) (2024-03-18 r86148) -- "Unsuffered Consequences" 4698
Click on any hostname to see more info about the system (e.g. compilers)      (*) as reported by 'uname -p', except on Windows and Mac OS X

Package 288/425HostnameOS / ArchINSTALLBUILDCHECK
PepsNMRData 1.21.0  (landing page)
Manon Martin
Snapshot Date: 2024-03-26 07:30:03 -0400 (Tue, 26 Mar 2024)
git_url: https://git.bioconductor.org/packages/PepsNMRData
git_branch: devel
git_last_commit: c076778
git_last_commit_date: 2023-10-24 09:18:57 -0400 (Tue, 24 Oct 2023)
nebbiolo1Linux (Ubuntu 22.04.3 LTS) / x86_64  OK    OK    WARNINGS  UNNEEDED, same version is already published

CHECK results for PepsNMRData on nebbiolo1


To the developers/maintainers of the PepsNMRData package:
- Use the following Renviron settings to reproduce errors and warnings.
- If 'R CMD check' started to fail recently on the Linux builder(s) over a missing dependency, add the missing dependency to 'Suggests:' in your DESCRIPTION file. See Renviron.bioc for more information.

raw results


Summary

Package: PepsNMRData
Version: 1.21.0
Command: /home/biocbuild/bbs-3.19-bioc/R/bin/R CMD check --install=check:PepsNMRData.install-out.txt --library=/home/biocbuild/bbs-3.19-bioc/R/site-library --timings PepsNMRData_1.21.0.tar.gz
StartedAt: 2024-03-26 12:06:10 -0400 (Tue, 26 Mar 2024)
EndedAt: 2024-03-26 12:06:31 -0400 (Tue, 26 Mar 2024)
EllapsedTime: 21.6 seconds
RetCode: 0
Status:   WARNINGS  
CheckDir: PepsNMRData.Rcheck
Warnings: 1

Command output

##############################################################################
##############################################################################
###
### Running command:
###
###   /home/biocbuild/bbs-3.19-bioc/R/bin/R CMD check --install=check:PepsNMRData.install-out.txt --library=/home/biocbuild/bbs-3.19-bioc/R/site-library --timings PepsNMRData_1.21.0.tar.gz
###
##############################################################################
##############################################################################


* using log directory ‘/home/biocbuild/bbs-3.19-data-experiment/meat/PepsNMRData.Rcheck’
* using R Under development (unstable) (2024-03-18 r86148)
* using platform: x86_64-pc-linux-gnu
* R was compiled by
    gcc (Ubuntu 11.4.0-1ubuntu1~22.04) 11.4.0
    GNU Fortran (Ubuntu 11.4.0-1ubuntu1~22.04) 11.4.0
* running under: Ubuntu 22.04.4 LTS
* using session charset: UTF-8
* checking for file ‘PepsNMRData/DESCRIPTION’ ... OK
* checking extension type ... Package
* this is package ‘PepsNMRData’ version ‘1.21.0’
* package encoding: UTF-8
* checking package namespace information ... OK
* checking package dependencies ... OK
* checking if this is a source package ... OK
* checking if there is a namespace ... OK
* checking for hidden files and directories ... OK
* checking for portable file names ... OK
* checking for sufficient/correct file permissions ... OK
* checking whether package ‘PepsNMRData’ can be installed ... OK
* checking installed package size ... NOTE
  installed size is 54.2Mb
  sub-directories of 1Mb or more:
    data     47.2Mb
    extdata   6.9Mb
* checking package directory ... OK
* checking DESCRIPTION meta-information ... OK
* checking top-level files ... OK
* checking for left-over files ... OK
* checking index information ... OK
* checking package subdirectories ... OK
* checking whether the package can be loaded ... OK
* checking whether the package can be loaded with stated dependencies ... OK
* checking whether the package can be unloaded cleanly ... OK
* checking whether the namespace can be loaded with stated dependencies ... OK
* checking whether the namespace can be unloaded cleanly ... OK
* checking loading without being on the library search path ... OK
* checking Rd files ... OK
* checking Rd metadata ... OK
* checking Rd cross-references ... OK
* checking for missing documentation entries ... OK
* checking for code/documentation mismatches ... OK
* checking Rd \usage sections ... OK
* checking Rd contents ... OK
* checking for unstated dependencies in examples ... OK
* checking contents of ‘data’ directory ... OK
* checking data for non-ASCII characters ... OK
* checking LazyData ... WARNING
  LazyData DB of 47.3 MB without LazyDataCompression set
  See §1.1.6 of 'Writing R Extensions'
* checking data for ASCII and uncompressed saves ... OK
* checking examples ... OK
* checking PDF version of manual ... OK
* DONE

Status: 1 WARNING, 1 NOTE
See
  ‘/home/biocbuild/bbs-3.19-data-experiment/meat/PepsNMRData.Rcheck/00check.log’
for details.


Installation output

PepsNMRData.Rcheck/00install.out

##############################################################################
##############################################################################
###
### Running command:
###
###   /home/biocbuild/bbs-3.19-bioc/R/bin/R CMD INSTALL PepsNMRData
###
##############################################################################
##############################################################################


* installing to library ‘/home/biocbuild/bbs-3.19-bioc/R/site-library’
* installing *source* package ‘PepsNMRData’ ...
** using staged installation
** data
*** moving datasets to lazyload DB
** inst
** help
*** installing help indices
** building package indices
** testing if installed package can be loaded from temporary location
** testing if installed package can be loaded from final location
** testing if installed package keeps a record of temporary installation path
* DONE (PepsNMRData)

Tests output


Example timings

PepsNMRData.Rcheck/PepsNMRData-Ex.timings

nameusersystemelapsed
Data_HS_sp0.2950.0480.349
Data_HU_sp0.3430.0560.399
FidData_HS0.1650.0080.174
FidData_HU0.1350.0040.139
FidInfo_HS0.0000.0000.001
FidInfo_HS_sp0.0010.0000.001
FidInfo_HU0.0010.0000.001
FidInfo_HU_sp0.0010.0000.001
FinalSpecta_HS0.0390.0040.042
FinalSpecta_HU0.0040.0000.004
Group_HS0.0010.0000.000
Group_HU0.0010.0000.001
PEPSNMRData-package0.0020.0040.006
RawFidData_HS0.0020.0040.005