Back to Build/check report for BioC 3.19 experimental data
ABCDE[F]GHIJKLMNOPQRSTUVWXYZ

This page was generated on 2024-03-26 14:51:26 -0400 (Tue, 26 Mar 2024).

HostnameOSArch (*)R versionInstalled pkgs
nebbiolo1Linux (Ubuntu 22.04.3 LTS)x86_64R Under development (unstable) (2024-03-18 r86148) -- "Unsuffered Consequences" 4698
Click on any hostname to see more info about the system (e.g. compilers)      (*) as reported by 'uname -p', except on Windows and Mac OS X

Package 131/425HostnameOS / ArchINSTALLBUILDCHECK
FlowSorted.CordBlood.450k 1.31.0  (landing page)
Shan V. Andrews
Snapshot Date: 2024-03-26 07:30:03 -0400 (Tue, 26 Mar 2024)
git_url: https://git.bioconductor.org/packages/FlowSorted.CordBlood.450k
git_branch: devel
git_last_commit: 928f046
git_last_commit_date: 2023-10-24 09:13:35 -0400 (Tue, 24 Oct 2023)
nebbiolo1Linux (Ubuntu 22.04.3 LTS) / x86_64  OK    OK    WARNINGS  UNNEEDED, same version is already published

CHECK results for FlowSorted.CordBlood.450k on nebbiolo1


To the developers/maintainers of the FlowSorted.CordBlood.450k package:
- Use the following Renviron settings to reproduce errors and warnings.
- If 'R CMD check' started to fail recently on the Linux builder(s) over a missing dependency, add the missing dependency to 'Suggests:' in your DESCRIPTION file. See Renviron.bioc for more information.

raw results


Summary

Package: FlowSorted.CordBlood.450k
Version: 1.31.0
Command: /home/biocbuild/bbs-3.19-bioc/R/bin/R CMD check --install=check:FlowSorted.CordBlood.450k.install-out.txt --library=/home/biocbuild/bbs-3.19-bioc/R/site-library --timings FlowSorted.CordBlood.450k_1.31.0.tar.gz
StartedAt: 2024-03-26 11:36:53 -0400 (Tue, 26 Mar 2024)
EndedAt: 2024-03-26 11:40:17 -0400 (Tue, 26 Mar 2024)
EllapsedTime: 203.7 seconds
RetCode: 0
Status:   WARNINGS  
CheckDir: FlowSorted.CordBlood.450k.Rcheck
Warnings: 1

Command output

##############################################################################
##############################################################################
###
### Running command:
###
###   /home/biocbuild/bbs-3.19-bioc/R/bin/R CMD check --install=check:FlowSorted.CordBlood.450k.install-out.txt --library=/home/biocbuild/bbs-3.19-bioc/R/site-library --timings FlowSorted.CordBlood.450k_1.31.0.tar.gz
###
##############################################################################
##############################################################################


* using log directory ‘/home/biocbuild/bbs-3.19-data-experiment/meat/FlowSorted.CordBlood.450k.Rcheck’
* using R Under development (unstable) (2024-03-18 r86148)
* using platform: x86_64-pc-linux-gnu
* R was compiled by
    gcc (Ubuntu 11.4.0-1ubuntu1~22.04) 11.4.0
    GNU Fortran (Ubuntu 11.4.0-1ubuntu1~22.04) 11.4.0
* running under: Ubuntu 22.04.4 LTS
* using session charset: UTF-8
* checking for file ‘FlowSorted.CordBlood.450k/DESCRIPTION’ ... OK
* checking extension type ... Package
* this is package ‘FlowSorted.CordBlood.450k’ version ‘1.31.0’
* checking package namespace information ... OK
* checking package dependencies ... OK
* checking if this is a source package ... OK
* checking if there is a namespace ... OK
* checking for hidden files and directories ... OK
* checking for portable file names ... OK
* checking for sufficient/correct file permissions ... OK
* checking whether package ‘FlowSorted.CordBlood.450k’ can be installed ... OK
* checking installed package size ... NOTE
  installed size is 325.6Mb
  sub-directories of 1Mb or more:
    data  325.5Mb
* checking package directory ... OK
* checking ‘build’ directory ... OK
* checking DESCRIPTION meta-information ... OK
* checking top-level files ... OK
* checking for left-over files ... OK
* checking index information ... OK
* checking package subdirectories ... OK
* checking whether the package can be loaded ... OK
* checking whether the package can be loaded with stated dependencies ... OK
* checking whether the package can be unloaded cleanly ... OK
* checking whether the namespace can be loaded with stated dependencies ... OK
* checking whether the namespace can be unloaded cleanly ... OK
* checking loading without being on the library search path ... OK
* checking Rd files ... OK
* checking Rd metadata ... OK
* checking Rd cross-references ... OK
* checking for missing documentation entries ... OK
* checking for code/documentation mismatches ... OK
* checking Rd \usage sections ... OK
* checking Rd contents ... OK
* checking for unstated dependencies in examples ... OK
* checking contents of ‘data’ directory ... OK
* checking data for non-ASCII characters ... OK
* checking LazyData ... WARNING
  LazyData DB of 325.3 MB without LazyDataCompression set
  See §1.1.6 of 'Writing R Extensions'
* checking data for ASCII and uncompressed saves ... OK
* checking files in ‘vignettes’ ... OK
* checking examples ... OK
* checking for unstated dependencies in vignettes ... OK
* checking package vignettes ... OK
* checking re-building of vignette outputs ... OK
* checking PDF version of manual ... OK
* DONE

Status: 1 WARNING, 1 NOTE
See
  ‘/home/biocbuild/bbs-3.19-data-experiment/meat/FlowSorted.CordBlood.450k.Rcheck/00check.log’
for details.


Installation output

FlowSorted.CordBlood.450k.Rcheck/00install.out

##############################################################################
##############################################################################
###
### Running command:
###
###   /home/biocbuild/bbs-3.19-bioc/R/bin/R CMD INSTALL FlowSorted.CordBlood.450k
###
##############################################################################
##############################################################################


* installing to library ‘/home/biocbuild/bbs-3.19-bioc/R/site-library’
* installing *source* package ‘FlowSorted.CordBlood.450k’ ...
** using staged installation
** data
*** moving datasets to lazyload DB
** inst
** help
*** installing help indices
** building package indices
** installing vignettes
** testing if installed package can be loaded from temporary location
** testing if installed package can be loaded from final location
** testing if installed package keeps a record of temporary installation path
* DONE (FlowSorted.CordBlood.450k)

Tests output


Example timings

FlowSorted.CordBlood.450k.Rcheck/FlowSorted.CordBlood.450k-Ex.timings

nameusersystemelapsed
FlowSorted.CordBlood.450k.ModelPars0.0020.0000.002
FlowSorted.CordBlood.450k0.0020.0000.001
FlowSorted.CordBlood.450k.compTable0.0010.0000.001