Back to Build/check report for BioC 3.16 experimental data
ABC[D]EFGHIJKLMNOPQRSTUVWXYZ

This page was generated on 2022-08-16 14:50:33 -0400 (Tue, 16 Aug 2022).

HostnameOSArch (*)R versionInstalled pkgs
nebbiolo2Linux (Ubuntu 20.04.4 LTS)x86_644.2.1 (2022-06-23) -- "Funny-Looking Kid" 4379
Click on any hostname to see more info about the system (e.g. compilers)      (*) as reported by 'uname -p', except on Windows and Mac OS X

CHECK results for DmelSGI on nebbiolo2


To the developers/maintainers of the DmelSGI package:
Make sure to use the following settings in order to reproduce any error or warning you see on this page.

raw results

Package 96/410HostnameOS / ArchINSTALLBUILDCHECK
DmelSGI 1.29.0  (landing page)
Mike Smith
Snapshot Date: 2022-08-16 07:30:02 -0400 (Tue, 16 Aug 2022)
git_url: https://git.bioconductor.org/packages/DmelSGI
git_branch: master
git_last_commit: 01dc20f
git_last_commit_date: 2022-04-26 13:16:20 -0400 (Tue, 26 Apr 2022)
nebbiolo2Linux (Ubuntu 20.04.4 LTS) / x86_64  OK    OK    ERROR  

Summary

Package: DmelSGI
Version: 1.29.0
Command: /home/biocbuild/bbs-3.16-bioc/R/bin/R CMD check --install=check:DmelSGI.install-out.txt --library=/home/biocbuild/bbs-3.16-bioc/R/library --no-vignettes --timings DmelSGI_1.29.0.tar.gz
StartedAt: 2022-08-16 11:19:34 -0400 (Tue, 16 Aug 2022)
EndedAt: 2022-08-16 11:19:43 -0400 (Tue, 16 Aug 2022)
EllapsedTime: 9.3 seconds
RetCode: 1
Status:   ERROR  
CheckDir: DmelSGI.Rcheck
Warnings: NA

Command output

##############################################################################
##############################################################################
###
### Running command:
###
###   /home/biocbuild/bbs-3.16-bioc/R/bin/R CMD check --install=check:DmelSGI.install-out.txt --library=/home/biocbuild/bbs-3.16-bioc/R/library --no-vignettes --timings DmelSGI_1.29.0.tar.gz
###
##############################################################################
##############################################################################


* using log directory ‘/home/biocbuild/bbs-3.16-data-experiment/meat/DmelSGI.Rcheck’
* using R version 4.2.1 (2022-06-23)
* using platform: x86_64-pc-linux-gnu (64-bit)
* using session charset: UTF-8
* using option ‘--no-vignettes’
* checking for file ‘DmelSGI/DESCRIPTION’ ... OK
* checking extension type ... Package
* this is package ‘DmelSGI’ version ‘1.29.0’
* checking package namespace information ... OK
* checking package dependencies ... ERROR
Package suggested but not available: ‘cgdsr’

The suggested packages are required for a complete check.
Checking can be attempted without them by setting the environment
variable _R_CHECK_FORCE_SUGGESTS_ to a false value.

See section ‘The DESCRIPTION file’ in the ‘Writing R Extensions’
manual.
* DONE

Status: 1 ERROR
See
  ‘/home/biocbuild/bbs-3.16-data-experiment/meat/DmelSGI.Rcheck/00check.log’
for details.


Installation output


Tests output


Example timings