Back to Multiple platform build/check report for BioC 3.15
ABCDEFGHIJKLMNOPQRS[T]UVWXYZ

This page was generated on 2022-01-27 11:11:50 -0500 (Thu, 27 Jan 2022).

HostnameOSArch (*)R versionInstalled pkgs
nebbiolo1Linux (Ubuntu 20.04.4 LTS)x86_64R Under development (unstable) (2022-01-05 r81451) -- "Unsuffered Consequences" 4167
riesling1Windows Server 2019 Standardx64R Under development (unstable) (2021-11-21 r81221) -- "Unsuffered Consequences" 4062
palomino3Windows Server 2022 Datacenterx64R Under development (unstable) (2021-12-21 r81400 ucrt) -- "Unsuffered Consequences" 4004
merida1macOS 10.14.6 Mojavex86_64R Under development (unstable) (2022-01-05 r81451) -- "Unsuffered Consequences" 4121
Click on any hostname to see more info about the system (e.g. compilers)      (*) as reported by 'uname -p', except on Windows and Mac OS X

CHECK results for trena on merida1


To the developers/maintainers of the trena package:
- Please allow up to 24 hours (and sometimes 48 hours) for your latest push to git@git.bioconductor.org:packages/trena.git to
reflect on this report. See How and When does the builder pull? When will my changes propagate? here for more information.
- Make sure to use the following settings in order to reproduce any error or warning you see on this page.

raw results

Package 1992/2077HostnameOS / ArchINSTALLBUILDCHECKBUILD BIN
trena 1.17.0  (landing page)
Paul Shannon
Snapshot Date: 2022-01-26 13:55:18 -0500 (Wed, 26 Jan 2022)
git_url: https://git.bioconductor.org/packages/trena
git_branch: master
git_last_commit: a24a89b
git_last_commit_date: 2021-10-26 12:35:29 -0500 (Tue, 26 Oct 2021)
nebbiolo1Linux (Ubuntu 20.04.4 LTS) / x86_64  OK    OK    WARNINGS  UNNEEDED, same version is already published
riesling1Windows Server 2019 Standard / x64  OK    OK    WARNINGS    NA  
palomino3Windows Server 2022 Datacenter / x64  OK    OK    WARNINGS    OK  NO, package depends on 'MotifDb' which is not available
merida1macOS 10.14.6 Mojave / x86_64  OK    OK    WARNINGS    OK  UNNEEDED, same version is already published

Summary

Package: trena
Version: 1.17.0
Command: /Library/Frameworks/R.framework/Resources/bin/R CMD check --install=check:trena.install-out.txt --library=/Library/Frameworks/R.framework/Resources/library --no-vignettes --timings trena_1.17.0.tar.gz
StartedAt: 2022-01-27 06:58:54 -0500 (Thu, 27 Jan 2022)
EndedAt: 2022-01-27 07:17:36 -0500 (Thu, 27 Jan 2022)
EllapsedTime: 1122.0 seconds
RetCode: 0
Status:   WARNINGS  
CheckDir: trena.Rcheck
Warnings: 1

Command output

##############################################################################
##############################################################################
###
### Running command:
###
###   /Library/Frameworks/R.framework/Resources/bin/R CMD check --install=check:trena.install-out.txt --library=/Library/Frameworks/R.framework/Resources/library --no-vignettes --timings trena_1.17.0.tar.gz
###
##############################################################################
##############################################################################


* using log directory ‘/Users/biocbuild/bbs-3.15-bioc/meat/trena.Rcheck’
* using R Under development (unstable) (2022-01-05 r81451)
* using platform: x86_64-apple-darwin17.0 (64-bit)
* using session charset: UTF-8
* using option ‘--no-vignettes’
* checking for file ‘trena/DESCRIPTION’ ... OK
* checking extension type ... Package
* this is package ‘trena’ version ‘1.17.0’
* package encoding: UTF-8
* checking package namespace information ... OK
* checking package dependencies ... OK
* checking if this is a source package ... OK
* checking if there is a namespace ... OK
* checking for hidden files and directories ... NOTE
Found the following hidden files and directories:
  .git_fetch_output.txt
  .git_merge_output.txt
These were most likely included in error. See section ‘Package
structure’ in the ‘Writing R Extensions’ manual.
* checking for portable file names ... OK
* checking for sufficient/correct file permissions ... OK
* checking whether package ‘trena’ can be installed ... OK
* checking installed package size ... OK
* checking package directory ... OK
* checking ‘build’ directory ... OK
* checking DESCRIPTION meta-information ... OK
* checking top-level files ... OK
* checking for left-over files ... OK
* checking index information ... OK
* checking package subdirectories ... OK
* checking R files for non-ASCII characters ... OK
* checking R files for syntax errors ... OK
* checking whether the package can be loaded ... OK
* checking whether the package can be loaded with stated dependencies ... OK
* checking whether the package can be unloaded cleanly ... OK
* checking whether the namespace can be loaded with stated dependencies ... OK
* checking whether the namespace can be unloaded cleanly ... OK
* checking dependencies in R code ... OK
* checking S3 generic/method consistency ... OK
* checking replacement functions ... OK
* checking foreign function calls ... OK
* checking R code for possible problems ... OK
* checking Rd files ... OK
* checking Rd metadata ... OK
* checking Rd cross-references ... OK
* checking for missing documentation entries ... OK
* checking for code/documentation mismatches ... OK
* checking Rd \usage sections ... OK
* checking Rd contents ... OK
* checking for unstated dependencies in examples ... OK
* checking include directives in Makefiles ... OK
* checking files in ‘vignettes’ ... OK
* checking examples ... OK
Examples with CPU (user + system) or elapsed time > 5s
             user system elapsed
solve.Ridge 4.837  0.042   5.038
* checking for unstated dependencies in ‘tests’ ... OK
* checking tests ...
  Running ‘runTests.R’
 OK
* checking for unstated dependencies in vignettes ... OK
* checking package vignettes in ‘inst/doc’ ... WARNING
  Found ‘inst/doc/makefile’: should be ‘Makefile’ and will be ignored
* checking running R code from vignettes ... SKIPPED
* checking re-building of vignette outputs ... SKIPPED
* checking PDF version of manual ... OK
* DONE

Status: 1 WARNING, 1 NOTE
See
  ‘/Users/biocbuild/bbs-3.15-bioc/meat/trena.Rcheck/00check.log’
for details.



Installation output

trena.Rcheck/00install.out

##############################################################################
##############################################################################
###
### Running command:
###
###   /Library/Frameworks/R.framework/Resources/bin/R CMD INSTALL trena
###
##############################################################################
##############################################################################


* installing to library ‘/Library/Frameworks/R.framework/Versions/4.2/Resources/library’
* installing *source* package ‘trena’ ...
** using staged installation
** R
** inst
** byte-compile and prepare package for lazy loading
See system.file("LICENSE", package="MotifDb") for use restrictions.
** help
*** installing help indices
** building package indices
** installing vignettes
** testing if installed package can be loaded from temporary location
See system.file("LICENSE", package="MotifDb") for use restrictions.
** testing if installed package can be loaded from final location
See system.file("LICENSE", package="MotifDb") for use restrictions.
** testing if installed package keeps a record of temporary installation path
* DONE (trena)

Tests output

trena.Rcheck/tests/runTests.Rout


R Under development (unstable) (2022-01-05 r81451) -- "Unsuffered Consequences"
Copyright (C) 2022 The R Foundation for Statistical Computing
Platform: x86_64-apple-darwin17.0 (64-bit)

R is free software and comes with ABSOLUTELY NO WARRANTY.
You are welcome to redistribute it under certain conditions.
Type 'license()' or 'licence()' for distribution details.

R is a collaborative project with many contributors.
Type 'contributors()' for more information and
'citation()' on how to cite R or R packages in publications.

Type 'demo()' for some demos, 'help()' for on-line help, or
'help.start()' for an HTML browser interface to help.
Type 'q()' to quit R.

> require(trena) || stop("unable to load trena Package")
Loading required package: trena
Loading required package: glmnet
Loading required package: Matrix
Loaded glmnet 4.1-3
Loading required package: MotifDb
Loading required package: BiocGenerics

Attaching package: 'BiocGenerics'

The following objects are masked from 'package:stats':

    IQR, mad, sd, var, xtabs

The following objects are masked from 'package:base':

    Filter, Find, Map, Position, Reduce, anyDuplicated, append,
    as.data.frame, basename, cbind, colnames, dirname, do.call,
    duplicated, eval, evalq, get, grep, grepl, intersect, is.unsorted,
    lapply, mapply, match, mget, order, paste, pmax, pmax.int, pmin,
    pmin.int, rank, rbind, rownames, sapply, setdiff, sort, table,
    tapply, union, unique, unsplit, which.max, which.min

Loading required package: S4Vectors
Loading required package: stats4

Attaching package: 'S4Vectors'

The following objects are masked from 'package:Matrix':

    expand, unname

The following objects are masked from 'package:base':

    I, expand.grid, unname

Loading required package: IRanges
Loading required package: GenomicRanges
Loading required package: GenomeInfoDb
Loading required package: Biostrings
Loading required package: XVector

Attaching package: 'Biostrings'

The following object is masked from 'package:base':

    strsplit

See system.file("LICENSE", package="MotifDb") for use restrictions.


[1] TRUE
> BiocGenerics:::testPackage('trena')
[1] --- test_BayesSpikeSolverConstructor
[1] --- test_ampAD.mef2c.154tfs.278samples.bayesSpike
[1] --- test_nOrderings
[1] --- test_BayesSpikeSolverConstructor
[1] --- test_ampAD.mef2c.154tfs.278samples.bayesSpike
[1] --- test_nOrderings
[1] --- test_BicorSolverConstructor
[1] --- test_ampAD.mef2c.154tfs.278samples.bicor
[1] --- test_BicorSolverConstructor
[1] --- test_ampAD.mef2c.154tfs.278samples.bicor
[1] --- test_CandidateFilter
[1] --- test_CandidateFilter
[1] --- test_EnsembleSolverConstructor
[1] --- test_getSolverNames
[1] --- test_ampAD.mef2c.154tfs.278samples.ensemble
[1] --- test_ampAD.mef2c.154tfs.278samples.randomForestAndXGBoost
[1] --- test_selectedSolversOnly
[1] --- test_oneSolver
[1] --- test_invalidSolvers
[1] --- test_EnsembleSolverConstructor
[1] --- test_ampAD.mef2c.154tfs.278samples.ensemble
Warning in WGCNA::bicor(x = x, y = y, use = "pairwise.complete.obs") :
  bicor: zero MAD in variable 'x'. Pearson correlation was used for individual columns with zero (or missing) MAD.
[1] --- test_ampAD.mef2c.154tfs.278samples.randomForestAndXGBoost
[1] --- test_getSolverNames
[1] --- test_invalidSolvers
[1] --- test_oneSolver
[1] --- test_selectedSolversOnly
Warning in WGCNA::bicor(x = x, y = y, use = "pairwise.complete.obs") :
  bicor: zero MAD in variable 'x'. Pearson correlation was used for individual columns with zero (or missing) MAD.
[1] --- test_FootprintFilter.byRegion
[1] --- test_FootprintFilter.byTwoRegions
[1] --- test_FootprintFilter.byRegion
[1] --- test_FootprintFilter.byTwoRegions
Loading required package: DBI
[1] --- test_parseDatabaseUri
[1] --- test_constructor
[1] --- test_getGtfGeneBioTypes
[1] --- test_getGtfMoleculeTypes
[1] --- test_getChromLoc
[1] --- test_getGenePromoterRegion
[1] --- test_getFootprintsInRegion
[1] --- test_getFootprintsInRegionWithVariants
[1] --- test_getFootprintsForGene
[1] --- test_constructor
[1] --- test_getChromLoc
[1] --- test_getFootprintsForGene
[1] --- test_getFootprintsInRegion
[1] --- test_getFootprintsInRegionWithVariants
[1] --- test_getGenePromoterRegion
[1] --- test_getGtfGeneBioTypes
[1] --- test_getGtfMoleculeTypes
[1] --- test_parseDatabaseUri
[1] --- test_directMode
Loading required package: org.Hs.eg.db
Loading required package: AnnotationDbi
Loading required package: Biobase
Welcome to Bioconductor

    Vignettes contain introductory material; view with
    'browseVignettes()'. To cite Bioconductor, see
    'citation("Biobase")', and for packages 'citation("pkgname")'.

[1] --- test_directMode
[1] --- test_getOpenChromatinFastAndSimple
[1] --- test_getOpenChromatinFastAndSimple
[1] --- test_LassoPvSolverConstructor
Warning in Solver(mtx.assay = mtx.assay, quiet = quiet, targetGene = targetGene,  :
  Target gene mean expression is in the bottom 10% of all genes in the assay matrix
[1] --- test_ampAD.mef2c.154tfs.278samples.lassopv
[1] --- test_LassoPvSolverConstructor
Warning in Solver(mtx.assay = mtx.assay, quiet = quiet, targetGene = targetGene,  :
  Target gene mean expression is in the bottom 10% of all genes in the assay matrix
[1] --- test_ampAD.mef2c.154tfs.278samples.lassopv
[1] --- test_LassoSolverConstructor
Warning in Solver(mtx.assay = mtx.assay, quiet = quiet, targetGene = targetGene,  :
  Target gene mean expression is in the bottom 10% of all genes in the assay matrix
[1] --- test_developAndFitDummyTestData
[1] --- test_fitDummyData
[1] --- test_ampAD.mef2c.154tfs.278samples.lasso
[1] --- test_alpha.lasso
Warning: call dbDisconnect() when finished working with a connection
[1] --- test_lambda.lasso
[1] --- test_keep.metrics.lasso
[1] --- test_scalePredictorPenalties.lasso
Warning in Solver(mtx.assay = mtx.assay, quiet = quiet, targetGene = targetGene,  :
  Target gene mean expression is in the bottom 10% of all genes in the assay matrix
[1] --- test_LassoSolverConstructor
Warning in Solver(mtx.assay = mtx.assay, quiet = quiet, targetGene = targetGene,  :
  Target gene mean expression is in the bottom 10% of all genes in the assay matrix
[1] --- test_alpha.lasso
[1] --- test_ampAD.mef2c.154tfs.278samples.lasso
[1] --- test_developAndFitDummyTestData
[1] --- test_fitDummyData
[1] --- test_keep.metrics.lasso
[1] --- test_lambda.lasso
[1] --- test_scalePredictorPenalties.lasso
Warning in Solver(mtx.assay = mtx.assay, quiet = quiet, targetGene = targetGene,  :
  Target gene mean expression is in the bottom 10% of all genes in the assay matrix
[1] --- test_getSequence
[1] --- test_bugInStartEndOfMinusStrandHits
[1] --- test_.injectSnp
[1] --- test_.getScoredMotifs
[1] --- test_noMatch
[1] --- test_findMatchesByChromosomalRegion
[1] --- test_findMatchesByChromosomalRegion.twoAlternateAlleles
[1] --- test_findMatchesByChromosomalRegion.yeast
[1] --- test_findMatchesByChromosomalRegion.athaliana
[1] --- test_.getScoredMotifs
[1] --- test_.injectSnp
[1] --- test_basicConstructor
[1] --- test_bugInStartEndOfMinusStrandHits
[1] --- test_findMatchesByChromosomalRegion
[1] --- test_findMatchesByChromosomalRegion.athaliana
[1] --- test_findMatchesByChromosomalRegion.twoAlternateAlleles
[1] --- test_findMatchesByChromosomalRegion.yeast
[1] --- test_findMatchesByMultipleChromosomalRegions
[1] --- test_getSequence
[1] --- test_noMatch
[1] --- test_PearsonSolverConstructor
Warning in Solver(mtx.assay = mtx.assay, quiet = quiet, targetGene = targetGene,  :
  Target gene mean expression is in the bottom 10% of all genes in the assay matrix
[1] --- test_ampAD.mef2c.154tfs.278samples.pearson
[1] --- test_PearsonSolverConstructor
Warning in Solver(mtx.assay = mtx.assay, quiet = quiet, targetGene = targetGene,  :
  Target gene mean expression is in the bottom 10% of all genes in the assay matrix
[1] --- test_ampAD.mef2c.154tfs.278samples.pearson
[1] --- test_RandomForestSolverConstructor
[1] --- test_RandomForestSolverFewCandidates
[1] --- test_ampAD.mef2c.154tfs.278samples.randomForest
[1] --- test_RandomForestSolverConstructor
[1] --- test_RandomForestSolverFewCandidates
[1] --- test_ampAD.mef2c.154tfs.278samples.randomForest
[1] --- test_RidgeSolverConstructor
Warning in Solver(mtx.assay = mtx.assay, quiet = quiet, targetGene = targetGene,  :
  Target gene mean expression is in the bottom 10% of all genes in the assay matrix
[1] --- test_ampAD.mef2c.154tfs.278samples.ridge
[1] --- test_alpha.ridge
[1] --- test_lambda.ridge
[1] --- test_keep.metrics.ridge
[1] --- test_RidgeSolverConstructor
Warning in Solver(mtx.assay = mtx.assay, quiet = quiet, targetGene = targetGene,  :
  Target gene mean expression is in the bottom 10% of all genes in the assay matrix
[1] --- test_alpha.ridge
[1] --- test_ampAD.mef2c.154tfs.278samples.ridge
[1] --- test_keep.metrics.ridge
[1] --- test_lambda.ridge
[1] --- test_getAssayData
[1] --- test_getTarget
Warning in Solver(mtx, "gene1", c("gene2", "gene3")) :
  Target gene mean expression is in the bottom 10% of all genes in the assay matrix
[1] --- test_getRegulators
[1] --- test_eliminateSelfTFs
[1] --- test_MatrixWarnings
[1] --- test_TargetAndRegulatorWarnings
[1] --- test_MatrixWarnings
[1] --- test_TargetAndRegulatorWarnings
[1] --- test_eliminateSelfTFs
[1] --- test_getAssayData
Warning in Solver(mtx, "gene1", c("gene2", "gene3")) :
  Target gene mean expression is in the bottom 10% of all genes in the assay matrix
[1] --- test_getRegulators
[1] --- test_getTarget
[1] --- test_SpearmanSolverConstructor
Warning in Solver(mtx.assay = mtx.assay, quiet = quiet, targetGene = targetGene,  :
  Target gene mean expression is in the bottom 10% of all genes in the assay matrix
[1] --- test_ampAD.mef2c.154tfs.278samples.spearman
[1] --- test_SpearmanSolverConstructor
Warning in Solver(mtx.assay = mtx.assay, quiet = quiet, targetGene = targetGene,  :
  Target gene mean expression is in the bottom 10% of all genes in the assay matrix
[1] --- test_ampAD.mef2c.154tfs.278samples.spearman
[1] --- test_VarianceFilter
[1] --- test_VarianceFilter
--- test_XGBoostSolverConstructor
Warning in Solver(mtx.assay = mtx.assay, quiet = quiet, targetGene = targetGene,  :
  Target gene mean expression is in the bottom 10% of all genes in the assay matrix
--- test_ampAD.mef2c.154tfs.278samples.XGBoost
--- test_XGBoostSolverConstructor
Warning in Solver(mtx.assay = mtx.assay, quiet = quiet, targetGene = targetGene,  :
  Target gene mean expression is in the bottom 10% of all genes in the assay matrix
--- test_ampAD.mef2c.154tfs.278samples.XGBoost


RUNIT TEST PROTOCOL -- Thu Jan 27 07:17:22 2022 
*********************************************** 
Number of test functions: 79 
Number of errors: 0 
Number of failures: 0 

 
1 Test Suite : 
trena RUnit Tests - 79 test functions, 0 errors, 0 failures
Number of test functions: 79 
Number of errors: 0 
Number of failures: 0 
Warning messages:
1: In Solver(mtx.assay = mtx.assay, quiet = quiet, targetGene = targetGene,  :
  Target gene mean expression is in the bottom 10% of all genes in the assay matrix
2: In WGCNA::bicor(x = x, y = y, use = "pairwise.complete.obs") :
  bicor: zero MAD in variable 'x'. Pearson correlation was used for individual columns with zero (or missing) MAD.
3: In Solver(mtx.assay = mtx.assay, quiet = quiet, targetGene = targetGene,  :
  Target gene mean expression is in the bottom 10% of all genes in the assay matrix
4: In WGCNA::bicor(x = x, y = y, use = "pairwise.complete.obs") :
  bicor: zero MAD in variable 'x'. Pearson correlation was used for individual columns with zero (or missing) MAD.
5: In WGCNA::bicor(x = x, y = y, use = "pairwise.complete.obs") :
  bicor: zero MAD in variable 'x'. Pearson correlation was used for individual columns with zero (or missing) MAD.
6: In WGCNA::bicor(x = x, y = y, use = "pairwise.complete.obs") :
  bicor: zero MAD in variable 'x'. Pearson correlation was used for individual columns with zero (or missing) MAD.
> 
> proc.time()
   user  system elapsed 
495.685   3.067 506.651 

Example timings

trena.Rcheck/trena-Ex.timings

nameusersystemelapsed
BayesSpikeSolver0.0210.0010.023
BicorSolver0.0650.0020.067
CandidateFilter-class0.0010.0000.002
EnsembleSolver0.0150.0000.016
FootprintFilter-class000
GeneOntologyFilter-class0.0890.0050.094
HumanDHSFilter-class0.0010.0000.002
LassoPVSolver0.0160.0000.016
LassoSolver0.0160.0000.016
MotifMatcher-class0.2430.0070.251
PearsonSolver0.0160.0010.018
RandomForestSolver0.0160.0000.017
RidgeSolver000
Solver-class0.0120.0010.014
SpearmanSolver0.0170.0010.018
Trena-class0.0010.0010.002
VarianceFilter-class0.0080.0000.008
XGBoostSolver0.0160.0000.017
assessSnp0.0000.0000.001
createGeneModelFromRegulatoryRegions0.0020.0010.002
createGeneModelFromTfList0.0010.0000.002
findMatchesByChromosomalRegion000
getAssayData0.0130.0010.014
getAvailableSolvers0.0010.0000.001
getCandidates-FootprintFilter-method000
getCandidates-GeneOntologyFilter-method1.1280.1111.249
getCandidates-HumanDHSFilter-method0.0000.0000.001
getCandidates-VarianceFilter-method0.0500.0020.052
getChromLoc0.0210.0010.023
getEncodeRegulatoryTableNames-HumanDHSFilter0.0000.0000.001
getFootprintsForGene0.0190.0010.020
getFootprintsInRegion0.0240.0010.025
getGeneModelTableColumnNames0.0000.0000.001
getGenePromoterRegion0.0180.0010.019
getGtfGeneBioTypes0.0190.0010.020
getGtfMoleculeTypes0.0190.0010.020
getPfms0.1790.0010.180
getPromoterRegionsAllGenes0.0840.0010.086
getProximalPromoter0.0000.0000.001
getRegulators0.0140.0010.014
getRegulatoryChromosomalRegions0.0020.0010.003
getRegulatoryRegions0.0000.0000.001
getRegulatoryTableColumnNames000
getSequence000
getSolverNames0.0190.0000.020
getTarget0.0130.0000.013
parseChromLocString0.0010.0000.001
parseDatabaseUri0.0020.0010.002
rescalePredictorWeights0.0210.0010.022
show-HumanDHSFilter-method0.0000.0010.000
show.BayesSpikeSolver0.0240.0010.025
show.BicorSolver0.0210.0010.022
show.EnsembleSolver0.0160.0000.017
show.LassoPVSolver0.0220.0010.023
show.LassoSolver0.0170.0000.017
show.MotifMatcher0.0150.0010.017
show.PearsonSolver0.0250.0020.027
show.RandomForestSolver0.0230.0010.024
show.RidgeSolver0.2060.0030.209
show.SpearmanSolver0.0220.0010.023
show.XGBoostSolver0.0210.0010.022
solve.BayesSpike0.0010.0000.001
solve.Bicor0.0230.0020.035
solve.Ensemble0.0000.0010.001
solve.Lasso3.2570.0233.285
solve.LassoPV1.2170.0361.257
solve.Pearson0.0170.0010.018
solve.RandomForest3.9840.0144.009
solve.Ridge4.8370.0425.038
solve.Spearman0.0390.0020.045
solve.XGBoost2.2250.0152.476