Back to Multiple platform build/check report for BioC 3.19: simplified long |
|
This page was generated on 2024-03-28 11:37:08 -0400 (Thu, 28 Mar 2024).
Hostname | OS | Arch (*) | R version | Installed pkgs |
---|---|---|---|---|
nebbiolo1 | Linux (Ubuntu 22.04.3 LTS) | x86_64 | R Under development (unstable) (2024-03-18 r86148) -- "Unsuffered Consequences" | 4708 |
palomino3 | Windows Server 2022 Datacenter | x64 | R Under development (unstable) (2024-03-16 r86144 ucrt) -- "Unsuffered Consequences" | 4446 |
lconway | macOS 12.7.1 Monterey | x86_64 | R Under development (unstable) (2024-03-18 r86148) -- "Unsuffered Consequences" | 4471 |
kunpeng2 | Linux (openEuler 22.03 LTS-SP1) | aarch64 | R Under development (unstable) (2024-03-19 r86153) -- "Unsuffered Consequences" | 4426 |
Click on any hostname to see more info about the system (e.g. compilers) (*) as reported by 'uname -p', except on Windows and Mac OS X |
Package 2009/2270 | Hostname | OS / Arch | INSTALL | BUILD | CHECK | BUILD BIN | ||||||||
spatialHeatmap 2.9.5 (landing page) Jianhai Zhang
| nebbiolo1 | Linux (Ubuntu 22.04.3 LTS) / x86_64 | OK | ERROR | skipped | |||||||||
palomino3 | Windows Server 2022 Datacenter / x64 | OK | ERROR | skipped | skipped | |||||||||
lconway | macOS 12.7.1 Monterey / x86_64 | OK | ERROR | skipped | skipped | |||||||||
kunpeng2 | Linux (openEuler 22.03 LTS-SP1) / aarch64 | OK | ERROR | skipped | ||||||||||
To the developers/maintainers of the spatialHeatmap package: - Allow up to 24 hours (and sometimes 48 hours) for your latest push to git@git.bioconductor.org:packages/spatialHeatmap.git to reflect on this report. See Troubleshooting Build Report for more information. - Use the following Renviron settings to reproduce errors and warnings. - If 'R CMD check' started to fail recently on the Linux builder(s) over a missing dependency, add the missing dependency to 'Suggests:' in your DESCRIPTION file. See Renviron.bioc for more information. |
Package: spatialHeatmap |
Version: 2.9.5 |
Command: /home/biocbuild/bbs-3.19-bioc/R/bin/R CMD build --keep-empty-dirs --no-resave-data spatialHeatmap |
StartedAt: 2024-03-27 19:34:34 -0400 (Wed, 27 Mar 2024) |
EndedAt: 2024-03-27 19:37:35 -0400 (Wed, 27 Mar 2024) |
EllapsedTime: 181.8 seconds |
RetCode: 1 |
Status: ERROR |
PackageFile: None |
PackageFileSize: NA |
############################################################################## ############################################################################## ### ### Running command: ### ### /home/biocbuild/bbs-3.19-bioc/R/bin/R CMD build --keep-empty-dirs --no-resave-data spatialHeatmap ### ############################################################################## ############################################################################## * checking for file ‘spatialHeatmap/DESCRIPTION’ ... OK * preparing ‘spatialHeatmap’: * checking DESCRIPTION meta-information ... OK * installing the package to process help pages * saving partial Rd database * creating vignettes ... ERROR --- re-building ‘covisualize.Rmd’ using rmarkdown --- finished re-building ‘covisualize.Rmd’ --- re-building ‘custom_SVGs.Rmd’ using rmarkdown --- finished re-building ‘custom_SVGs.Rmd’ --- re-building ‘spatialHeatmap.Rmd’ using rmarkdown Quitting from lines 547-548 [mul] (spatialHeatmap.Rmd) Error: processing vignette 'spatialHeatmap.Rmd' failed with diagnostics: LOC440742: not detected in data! --- failed re-building ‘spatialHeatmap.Rmd’ SUMMARY: processing the following file failed: ‘spatialHeatmap.Rmd’ Error: Vignette re-building failed. Execution halted