############################################################################## ############################################################################## ### ### Running command: ### ### /Library/Frameworks/R.framework/Resources/bin/R CMD check --install=check:scde.install-out.txt --library=/Library/Frameworks/R.framework/Resources/library --no-vignettes --timings scde_2.27.0.tar.gz ### ############################################################################## ############################################################################## * using log directory ‘/Users/biocbuild/bbs-3.17-bioc/meat/scde.Rcheck’ * using R Under development (unstable) (2023-03-16 r83985) * using platform: x86_64-apple-darwin17.0 (64-bit) * R was compiled by Apple clang version 12.0.0 (clang-1200.0.32.29) GNU Fortran (GCC) 8.2.0 * running under: macOS Mojave 10.14.6 * using session charset: UTF-8 * using option ‘--no-vignettes’ * checking for file ‘scde/DESCRIPTION’ ... OK * checking extension type ... Package * this is package ‘scde’ version ‘2.27.0’ * checking package namespace information ... OK * checking package dependencies ... OK * checking if this is a source package ... OK * checking if there is a namespace ... OK * checking for hidden files and directories ... OK * checking for portable file names ... OK * checking for sufficient/correct file permissions ... OK * checking whether package ‘scde’ can be installed ... ERROR Installation failed. See ‘/Users/biocbuild/bbs-3.17-bioc/meat/scde.Rcheck/00install.out’ for details. * DONE Status: 1 ERROR See ‘/Users/biocbuild/bbs-3.17-bioc/meat/scde.Rcheck/00check.log’ for details.