Back to Multiple platform build/check report for BioC 3.17
ABCDEFGHIJKLMNOPQR[S]TUVWXYZ

This page was generated on 2022-11-30 11:06:36 -0500 (Wed, 30 Nov 2022).

HostnameOSArch (*)R versionInstalled pkgs
nebbiolo1Linux (Ubuntu 22.04.1 LTS)x86_64R Under development (unstable) (2022-10-25 r83175) -- "Unsuffered Consequences" 4462
palomino3Windows Server 2022 Datacenterx64R Under development (unstable) (2022-10-11 r83083 ucrt) -- "Unsuffered Consequences" 4201
merida1macOS 10.14.6 Mojavex86_64R Under development (unstable) (2022-11-13 r83342) -- "Unsuffered Consequences" 4231
Click on any hostname to see more info about the system (e.g. compilers)      (*) as reported by 'uname -p', except on Windows and Mac OS X

CHECK results for scTensor on nebbiolo1


To the developers/maintainers of the scTensor package:
- Please allow up to 24 hours (and sometimes 48 hours) for your latest push to git@git.bioconductor.org:packages/scTensor.git to
reflect on this report. See How and When does the builder pull? When will my changes propagate? for more information.
- Make sure to use the following settings in order to reproduce any error or warning you see on this page.

raw results

Package 1802/2154HostnameOS / ArchINSTALLBUILDCHECKBUILD BIN
scTensor 2.9.0  (landing page)
Koki Tsuyuzaki
Snapshot Date: 2022-11-29 14:00:14 -0500 (Tue, 29 Nov 2022)
git_url: https://git.bioconductor.org/packages/scTensor
git_branch: master
git_last_commit: 0e22102
git_last_commit_date: 2022-11-01 11:18:55 -0500 (Tue, 01 Nov 2022)
nebbiolo1Linux (Ubuntu 22.04.1 LTS) / x86_64  OK    OK    WARNINGS  UNNEEDED, same version is already published
palomino3Windows Server 2022 Datacenter / x64  OK    OK    WARNINGS    OK  NO, package depends on 'SummarizedExperiment' which is not available
merida1macOS 10.14.6 Mojave / x86_64  OK    OK    WARNINGS    OK  NO, package depends on 'ReactomePA' which is not available

Summary

Package: scTensor
Version: 2.9.0
Command: /home/biocbuild/bbs-3.17-bioc/R/bin/R CMD check --install=check:scTensor.install-out.txt --library=/home/biocbuild/bbs-3.17-bioc/R/library --timings scTensor_2.9.0.tar.gz
StartedAt: 2022-11-29 23:33:04 -0500 (Tue, 29 Nov 2022)
EndedAt: 2022-11-29 23:39:53 -0500 (Tue, 29 Nov 2022)
EllapsedTime: 409.4 seconds
RetCode: 0
Status:   WARNINGS  
CheckDir: scTensor.Rcheck
Warnings: 1

Command output

##############################################################################
##############################################################################
###
### Running command:
###
###   /home/biocbuild/bbs-3.17-bioc/R/bin/R CMD check --install=check:scTensor.install-out.txt --library=/home/biocbuild/bbs-3.17-bioc/R/library --timings scTensor_2.9.0.tar.gz
###
##############################################################################
##############################################################################


* using log directory ‘/home/biocbuild/bbs-3.17-bioc/meat/scTensor.Rcheck’
* using R Under development (unstable) (2022-10-25 r83175)
* using platform: x86_64-pc-linux-gnu (64-bit)
* using session charset: UTF-8
* checking for file ‘scTensor/DESCRIPTION’ ... OK
* checking extension type ... Package
* this is package ‘scTensor’ version ‘2.9.0’
* checking package namespace information ... OK
* checking package dependencies ... OK
* checking if this is a source package ... OK
* checking if there is a namespace ... OK
* checking for hidden files and directories ... OK
* checking for portable file names ... OK
* checking for sufficient/correct file permissions ... OK
* checking whether package ‘scTensor’ can be installed ... OK
* checking installed package size ... OK
* checking package directory ... OK
* checking ‘build’ directory ... OK
* checking DESCRIPTION meta-information ... OK
* checking top-level files ... OK
* checking for left-over files ... OK
* checking index information ... OK
* checking package subdirectories ... OK
* checking R files for non-ASCII characters ... OK
* checking R files for syntax errors ... OK
* checking whether the package can be loaded ... OK
* checking whether the package can be loaded with stated dependencies ... OK
* checking whether the package can be unloaded cleanly ... OK
* checking whether the namespace can be loaded with stated dependencies ... OK
* checking whether the namespace can be unloaded cleanly ... OK
* checking dependencies in R code ... OK
* checking S3 generic/method consistency ... OK
* checking replacement functions ... OK
* checking foreign function calls ... OK
* checking R code for possible problems ... NOTE
.simulateDropoutCounts: no visible binding for global variable ‘v’
.simulateDropoutCounts: no visible binding for global variable ‘m’
Undefined global functions or variables:
  m v
* checking Rd files ... WARNING
checkRd: (5) newCCSParams.Rd:8: \item in \arguments must have non-empty label
* checking Rd metadata ... OK
* checking Rd cross-references ... OK
* checking for missing documentation entries ... OK
* checking for code/documentation mismatches ... OK
* checking Rd \usage sections ... OK
* checking Rd contents ... OK
* checking for unstated dependencies in examples ... OK
* checking contents of ‘data’ directory ... OK
* checking data for non-ASCII characters ... OK
* checking data for ASCII and uncompressed saves ... OK
* checking files in ‘vignettes’ ... OK
* checking examples ... OK
* checking for unstated dependencies in ‘tests’ ... OK
* checking tests ...
  Running ‘testthat.R’
 OK
* checking for unstated dependencies in vignettes ... OK
* checking package vignettes in ‘inst/doc’ ... OK
* checking running R code from vignettes ...
  ‘scTensor.Rmd’ using ‘UTF-8’... OK
  ‘scTensor_1_Data_format_ID_Conversion.Rmd’ using ‘UTF-8’... OK
  ‘scTensor_2_Report_Interpretation.Rmd’ using ‘UTF-8’... OK
  ‘scTensor_3_CCI_Simulation.Rmd’ using ‘UTF-8’... OK
  ‘scTensor_4_Reanalysis.Rmd’ using ‘UTF-8’... OK
 NONE
* checking re-building of vignette outputs ... OK
* checking PDF version of manual ... OK
* DONE

Status: 1 WARNING, 1 NOTE
See
  ‘/home/biocbuild/bbs-3.17-bioc/meat/scTensor.Rcheck/00check.log’
for details.



Installation output

scTensor.Rcheck/00install.out

##############################################################################
##############################################################################
###
### Running command:
###
###   /home/biocbuild/bbs-3.17-bioc/R/bin/R CMD INSTALL scTensor
###
##############################################################################
##############################################################################


* installing to library ‘/home/biocbuild/bbs-3.17-bioc/R/library’
* installing *source* package ‘scTensor’ ...
** using staged installation
** R
** data
** inst
** byte-compile and prepare package for lazy loading
Creating a new generic function for ‘show’ in package ‘scTensor’
** help
*** installing help indices
** building package indices
** installing vignettes
** testing if installed package can be loaded from temporary location
** testing if installed package can be loaded from final location
** testing if installed package keeps a record of temporary installation path
* DONE (scTensor)

Tests output

scTensor.Rcheck/tests/testthat.Rout


R Under development (unstable) (2022-10-25 r83175) -- "Unsuffered Consequences"
Copyright (C) 2022 The R Foundation for Statistical Computing
Platform: x86_64-pc-linux-gnu (64-bit)

R is free software and comes with ABSOLUTELY NO WARRANTY.
You are welcome to redistribute it under certain conditions.
Type 'license()' or 'licence()' for distribution details.

R is a collaborative project with many contributors.
Type 'contributors()' for more information and
'citation()' on how to cite R or R packages in publications.

Type 'demo()' for some demos, 'help()' for on-line help, or
'help.start()' for an HTML browser interface to help.
Type 'q()' to quit R.

> library("testthat")
> library("scTensor")

> 
> options(testthat.use_colours = FALSE)
> 
> test_file("testthat/test_GermMale.R")

══ Testing test_GermMale.R ═════════════════════════════════════════════════════

[ FAIL 0 | WARN 0 | SKIP 0 | PASS 0 ]
[ FAIL 0 | WARN 0 | SKIP 0 | PASS 0 ]
[ FAIL 1 | WARN 0 | SKIP 0 | PASS 0 ]

── Failure ('test_GermMale.R:5'): (code run outside of `test_that()`) ──────────
dim(GermMale) not equivalent to c(2547, 852).
1/2 mismatches
[1] 242 - 2547 == -2305


[ FAIL 1 | WARN 0 | SKIP 0 | PASS 0 ]
> test_file("testthat/test_tsneGermMale.R")

══ Testing test_tsneGermMale.R ═════════════════════════════════════════════════

[ FAIL 0 | WARN 0 | SKIP 0 | PASS 0 ]
[ FAIL 0 | WARN 0 | SKIP 0 | PASS 0 ]
[ FAIL 0 | WARN 0 | SKIP 0 | PASS 1 ] Done!
> test_file("testthat/test_labelGermMale.R")

══ Testing test_labelGermMale.R ════════════════════════════════════════════════

[ FAIL 0 | WARN 0 | SKIP 0 | PASS 0 ]
[ FAIL 0 | WARN 0 | SKIP 0 | PASS 0 ]
[ FAIL 0 | WARN 0 | SKIP 0 | PASS 1 ] Done!
> test_file("testthat/test_cellCellFunctions.R")

══ Testing test_cellCellFunctions.R ════════════════════════════════════════════

[ FAIL 0 | WARN 0 | SKIP 0 | PASS 0 ]
[ FAIL 0 | WARN 0 | SKIP 0 | PASS 0 ]
[ FAIL 1 | WARN 0 | SKIP 0 | PASS 0 ]

── Error ('test_cellCellFunctions.R:4'): (code run outside of `test_that()`) ───
<packageNotFoundError/error/condition>
Error in `library(LRBase.Hsa.eg.db)`: there is no package called 'LRBase.Hsa.eg.db'
Backtrace:
 1. base::library(LRBase.Hsa.eg.db)
      at test_cellCellFunctions.R:4:0


[ FAIL 1 | WARN 0 | SKIP 0 | PASS 0 ]
> test_file("testthat/test_CCSParamsFunctions.R")

══ Testing test_CCSParamsFunctions.R ═══════════════════════════════════════════

[ FAIL 0 | WARN 0 | SKIP 0 | PASS 0 ]
[ FAIL 0 | WARN 0 | SKIP 0 | PASS 0 ]
[ FAIL 0 | WARN 0 | SKIP 0 | PASS 1 ]
[ FAIL 0 | WARN 0 | SKIP 0 | PASS 2 ]
[ FAIL 0 | WARN 0 | SKIP 0 | PASS 3 ]
[ FAIL 0 | WARN 0 | SKIP 0 | PASS 4 ]
[ FAIL 0 | WARN 0 | SKIP 0 | PASS 5 ]
[ FAIL 0 | WARN 0 | SKIP 0 | PASS 6 ]
[ FAIL 0 | WARN 0 | SKIP 0 | PASS 7 ]
[ FAIL 0 | WARN 0 | SKIP 0 | PASS 8 ]
[ FAIL 0 | WARN 0 | SKIP 0 | PASS 9 ]
[ FAIL 0 | WARN 0 | SKIP 0 | PASS 10 ]
[ FAIL 0 | WARN 0 | SKIP 0 | PASS 11 ] Done!
> 
> proc.time()
   user  system elapsed 
 18.289   1.348  19.629 

Example timings

scTensor.Rcheck/scTensor-Ex.timings

nameusersystemelapsed
GermMale0.0120.0000.013
cellCellDecomp0.0030.0000.002
cellCellRanks0.0010.0000.001
cellCellReport0.0030.0000.004
cellCellSetting0.0010.0000.001
cellCellSimulate0.0010.0000.000
getParam0.0020.0000.001
labelGermMale0.0020.0000.002
m0.0020.0000.002
newCCSParams000
scTensor-package0.0000.0000.001
setParam0.0020.0000.002
tsneGermMale0.0010.0000.001
v0.0010.0000.002