Back to Multiple platform build/check report for BioC 3.17
ABCDEFGHIJKLMNOPQR[S]TUVWXYZ

This page was generated on 2023-01-28 11:06:17 -0500 (Sat, 28 Jan 2023).

HostnameOSArch (*)R versionInstalled pkgs
nebbiolo1Linux (Ubuntu 22.04.1 LTS)x86_64R Under development (unstable) (2023-01-10 r83596) -- "Unsuffered Consequences" 4465
palomino3Windows Server 2022 Datacenterx64R Under development (unstable) (2023-01-10 r83596 ucrt) -- "Unsuffered Consequences" 4246
merida1macOS 10.14.6 Mojavex86_64R Under development (unstable) (2023-01-10 r83596) -- "Unsuffered Consequences" 4269
Click on any hostname to see more info about the system (e.g. compilers)      (*) as reported by 'uname -p', except on Windows and Mac OS X

CHECK results for scPipe on nebbiolo1


To the developers/maintainers of the scPipe package:
- Please allow up to 24 hours (and sometimes 48 hours) for your latest push to git@git.bioconductor.org:packages/scPipe.git to
reflect on this report. See How and When does the builder pull? When will my changes propagate? for more information.
- Make sure to use the following settings in order to reproduce any error or warning you see on this page.

raw results

Package 1798/2162HostnameOS / ArchINSTALLBUILDCHECKBUILD BIN
scPipe 1.99.2  (landing page)
Shian Su
Snapshot Date: 2023-01-27 14:00:19 -0500 (Fri, 27 Jan 2023)
git_url: https://git.bioconductor.org/packages/scPipe
git_branch: master
git_last_commit: 42bb966
git_last_commit_date: 2023-01-08 23:30:40 -0500 (Sun, 08 Jan 2023)
nebbiolo1Linux (Ubuntu 22.04.1 LTS) / x86_64  OK    OK    ERROR  
palomino3Windows Server 2022 Datacenter / x64  OK    ERROR  skippedskipped
merida1macOS 10.14.6 Mojave / x86_64  OK    ERROR  skippedskipped

Summary

Package: scPipe
Version: 1.99.2
Command: /home/biocbuild/bbs-3.17-bioc/R/bin/R CMD check --install=check:scPipe.install-out.txt --library=/home/biocbuild/bbs-3.17-bioc/R/library --timings scPipe_1.99.2.tar.gz
StartedAt: 2023-01-27 23:41:11 -0500 (Fri, 27 Jan 2023)
EndedAt: 2023-01-27 23:48:18 -0500 (Fri, 27 Jan 2023)
EllapsedTime: 426.2 seconds
RetCode: 1
Status:   ERROR  
CheckDir: scPipe.Rcheck
Warnings: NA

Command output

##############################################################################
##############################################################################
###
### Running command:
###
###   /home/biocbuild/bbs-3.17-bioc/R/bin/R CMD check --install=check:scPipe.install-out.txt --library=/home/biocbuild/bbs-3.17-bioc/R/library --timings scPipe_1.99.2.tar.gz
###
##############################################################################
##############################################################################


* using log directory ‘/home/biocbuild/bbs-3.17-bioc/meat/scPipe.Rcheck’
* using R Under development (unstable) (2023-01-10 r83596)
* using platform: x86_64-pc-linux-gnu (64-bit)
* R was compiled by
    gcc (Ubuntu 11.3.0-1ubuntu1~22.04) 11.3.0
    GNU Fortran (Ubuntu 11.3.0-1ubuntu1~22.04) 11.3.0
* running under: Ubuntu 22.04.1 LTS
* using session charset: UTF-8
* checking for file ‘scPipe/DESCRIPTION’ ... OK
* checking extension type ... Package
* this is package ‘scPipe’ version ‘1.99.2’
* package encoding: UTF-8
* checking package namespace information ... OK
* checking package dependencies ... OK
* checking if this is a source package ... OK
* checking if there is a namespace ... OK
* checking for hidden files and directories ... OK
* checking for portable file names ... OK
* checking for sufficient/correct file permissions ... OK
* checking whether package ‘scPipe’ can be installed ... OK
* used C compiler: ‘gcc (Ubuntu 11.3.0-1ubuntu1~22.04) 11.3.0’
* used C++ compiler: ‘g++ (Ubuntu 11.3.0-1ubuntu1~22.04) 11.3.0’
* checking installed package size ... NOTE
  installed size is 26.4Mb
  sub-directories of 1Mb or more:
    extdata  11.5Mb
    libs     13.6Mb
* checking package directory ... OK
* checking ‘build’ directory ... OK
* checking DESCRIPTION meta-information ... OK
* checking top-level files ... OK
* checking for left-over files ... OK
* checking index information ... OK
* checking package subdirectories ... OK
* checking R files for non-ASCII characters ... OK
* checking R files for syntax errors ... OK
* checking whether the package can be loaded ... OK
* checking whether the package can be loaded with stated dependencies ... OK
* checking whether the package can be unloaded cleanly ... OK
* checking whether the namespace can be loaded with stated dependencies ... OK
* checking whether the namespace can be unloaded cleanly ... OK
* checking dependencies in R code ... NOTE
Namespace in Imports field not imported from: ‘flexmix’
  All declared Imports should be used.
* checking S3 generic/method consistency ... OK
* checking replacement functions ... OK
* checking foreign function calls ... OK
* checking R code for possible problems ... NOTE
sc_atac_feature_counting: warning in sc_atac_create_sce(input_folder =
  output_folder, organism = organism, sample = sample_name,
  feature_type = feature_type, pheno_data = pheno_data, report =
  create_report): partial argument match of 'sample' to 'sample_name'
sc_aligning: no visible binding for global variable ‘Var1’
sc_aligning: no visible binding for global variable ‘Freq’
sc_atac_bam_tagging: no visible binding for global variable ‘.N’
sc_atac_bam_tagging: no visible binding for global variable ‘count’
sc_atac_bam_tagging: no visible binding for global variable ‘.SD’
sc_atac_create_cell_qc_metrics: no visible binding for global variable
  ‘seqnames’
sc_atac_create_cell_qc_metrics: no visible binding for global variable
  ‘start’
sc_atac_create_cell_qc_metrics: no visible binding for global variable
  ‘end’
sc_atac_create_cell_qc_metrics: no visible binding for global variable
  ‘barcode’
sc_atac_create_cell_qc_metrics: no visible binding for global variable
  ‘count’
sc_atac_create_sce: no visible binding for global variable
  ‘output_folder’
sc_atac_feature_counting: no visible binding for global variable
  ‘start’
sc_atac_feature_counting: no visible binding for global variable ‘end’
sc_atac_feature_counting: no visible global function definition for
  ‘makeGRangesFromDataFrame’
sc_atac_feature_counting: no visible global function definition for
  ‘write.csv’
sc_atac_plot_cells_per_feature: no visible binding for global variable
  ‘log_cells_per_feature’
sc_atac_plot_cells_per_feature: no visible binding for global variable
  ‘..count..’
sc_atac_plot_features_per_cell: no visible binding for global variable
  ‘log_features_per_cell’
sc_atac_plot_features_per_cell: no visible binding for global variable
  ‘..count..’
sc_atac_plot_fragments_cells_per_feature: no visible binding for global
  variable ‘log_counts_per_feature’
sc_atac_plot_fragments_cells_per_feature: no visible binding for global
  variable ‘log_cells_per_feature’
sc_atac_plot_fragments_features_per_cell: no visible binding for global
  variable ‘log_counts_per_cell’
sc_atac_plot_fragments_features_per_cell: no visible binding for global
  variable ‘log_features_per_cell’
sc_atac_plot_fragments_per_cell: no visible binding for global variable
  ‘log_counts_per_cell’
sc_atac_plot_fragments_per_cell: no visible binding for global variable
  ‘..count..’
sc_atac_plot_fragments_per_feature: no visible binding for global
  variable ‘log_counts_per_feature’
sc_atac_plot_fragments_per_feature: no visible binding for global
  variable ‘..count..’
sc_get_umap_data: no visible global function definition for ‘irlba’
sc_get_umap_data: no visible binding for global variable ‘value’
sc_get_umap_data: no visible binding for global variable ‘cluster’
sc_interactive_umap_plot : server: no visible binding for global
  variable ‘UMAP1’
sc_interactive_umap_plot : server: no visible binding for global
  variable ‘UMAP2’
sc_interactive_umap_plot : server: no visible binding for global
  variable ‘barcode’
sc_mae_plot_umap : <anonymous>: no visible global function definition
  for ‘irlba’
sc_mae_plot_umap : <anonymous>: no visible binding for global variable
  ‘value’
sc_mae_plot_umap : <anonymous>: no visible binding for global variable
  ‘cluster’
sc_mae_plot_umap : <anonymous>: no visible global function definition
  for ‘experiments’
sc_mae_plot_umap: no visible binding for global variable ‘UMAP1’
sc_mae_plot_umap: no visible binding for global variable ‘UMAP2’
Undefined global functions or variables:
  ..count.. .N .SD Freq UMAP1 UMAP2 Var1 barcode cluster count end
  experiments irlba log_cells_per_feature log_counts_per_cell
  log_counts_per_feature log_features_per_cell makeGRangesFromDataFrame
  output_folder seqnames start value write.csv
Consider adding
  importFrom("stats", "end", "start")
  importFrom("utils", "write.csv")
to your NAMESPACE file.
* checking Rd files ... OK
* checking Rd metadata ... OK
* checking Rd cross-references ... OK
* checking for missing documentation entries ... OK
* checking for code/documentation mismatches ... OK
* checking Rd \usage sections ... OK
* checking Rd contents ... OK
* checking for unstated dependencies in examples ... OK
* checking contents of ‘data’ directory ... OK
* checking data for non-ASCII characters ... OK
* checking data for ASCII and uncompressed saves ... OK
* checking line endings in C/C++/Fortran sources/headers ... OK
* checking line endings in Makefiles ... OK
* checking compilation flags in Makevars ... OK
* checking for GNU extensions in Makefiles ... NOTE
GNU make is a SystemRequirements.
* checking for portable use of $(BLAS_LIBS) and $(LAPACK_LIBS) ... OK
* checking use of PKG_*FLAGS in Makefiles ... OK
* checking compiled code ... WARNING
Note: information on .o files is not available
File ‘/home/biocbuild/bbs-3.17-bioc/R/library/scPipe/libs/scPipe.so’:
  Found ‘__sprintf_chk’, possibly from ‘sprintf’ (C)
  Found ‘abort’, possibly from ‘abort’ (C)
  Found ‘exit’, possibly from ‘exit’ (C)
  Found ‘stderr’, possibly from ‘stderr’ (C)
  Found ‘stdout’, possibly from ‘stdout’ (C)

Compiled code should not call entry points which might terminate R nor
write to stdout/stderr instead of to the console, nor use Fortran I/O
nor system RNGs nor [v]sprintf. The detected symbols are linked into
the code but might come from libraries and not actually be called.

See ‘Writing portable packages’ in the ‘Writing R Extensions’ manual.
* checking files in ‘vignettes’ ... OK
* checking examples ... OK
Examples with CPU (user + system) or elapsed time > 5s
                       user system elapsed
sc_atac_bam_tagging  31.386 15.371  45.601
sc_sample_data        6.461  0.266   6.728
plot_QC_pairs         5.759  0.216   5.976
calculate_QC_metrics  1.866  0.192  13.282
convert_geneid        0.800  0.084  11.322
get_genes_by_GO       0.408  0.036   7.634
* checking for unstated dependencies in ‘tests’ ... OK
* checking tests ...
  Running ‘testthat.R’
 OK
* checking for unstated dependencies in vignettes ... OK
* checking package vignettes in ‘inst/doc’ ... OK
* checking running R code from vignettes ...
  ‘scPipe_atac_tutorial.Rmd’ using ‘UTF-8’... OK
  ‘scPipe_tutorial.Rmd’ using ‘UTF-8’... OK
 NONE
* checking re-building of vignette outputs ... ERROR
Error(s) in re-building vignettes:
  ...
--- re-building ‘scPipe_atac_tutorial.Rmd’ using rmarkdown
invalid fastbin entry (free)
Aborted (core dumped)
--- re-building ‘scPipe_tutorial.Rmd’ using rmarkdown
--- finished re-building ‘scPipe_tutorial.Rmd’

SUMMARY: processing the following file failed:
  ‘scPipe_atac_tutorial.Rmd’

Error: Vignette re-building failed.
Execution halted

* checking PDF version of manual ... OK
* DONE

Status: 1 ERROR, 1 WARNING, 4 NOTEs
See
  ‘/home/biocbuild/bbs-3.17-bioc/meat/scPipe.Rcheck/00check.log’
for details.


Installation output

scPipe.Rcheck/00install.out

##############################################################################
##############################################################################
###
### Running command:
###
###   /home/biocbuild/bbs-3.17-bioc/R/bin/R CMD INSTALL scPipe
###
##############################################################################
##############################################################################


* installing to library ‘/home/biocbuild/bbs-3.17-bioc/R/library’
* installing *source* package ‘scPipe’ ...
** using staged installation
** libs
using C compiler: ‘gcc (Ubuntu 11.3.0-1ubuntu1~22.04) 11.3.0’
using C++ compiler: ‘g++ (Ubuntu 11.3.0-1ubuntu1~22.04) 11.3.0’
using C++11
g++ -std=gnu++11 -I"/home/biocbuild/bbs-3.17-bioc/R/include" -DNDEBUG -D_FILE_OFFSET_BITS=64 -I'/home/biocbuild/bbs-3.17-bioc/R/library/Rcpp/include' -I'/home/biocbuild/bbs-3.17-bioc/R/library/Rhtslib/include' -I'/home/biocbuild/bbs-3.17-bioc/R/library/zlibbioc/include' -I'/home/biocbuild/bbs-3.17-bioc/R/library/testthat/include' -I/usr/local/include    -fpic  -g -O2  -Wall -c FragmentThread.cpp -o FragmentThread.o
g++ -std=gnu++11 -I"/home/biocbuild/bbs-3.17-bioc/R/include" -DNDEBUG -D_FILE_OFFSET_BITS=64 -I'/home/biocbuild/bbs-3.17-bioc/R/library/Rcpp/include' -I'/home/biocbuild/bbs-3.17-bioc/R/library/Rhtslib/include' -I'/home/biocbuild/bbs-3.17-bioc/R/library/zlibbioc/include' -I'/home/biocbuild/bbs-3.17-bioc/R/library/testthat/include' -I/usr/local/include    -fpic  -g -O2  -Wall -c FragmentUtils.cpp -o FragmentUtils.o
g++ -std=gnu++11 -I"/home/biocbuild/bbs-3.17-bioc/R/include" -DNDEBUG -D_FILE_OFFSET_BITS=64 -I'/home/biocbuild/bbs-3.17-bioc/R/library/Rcpp/include' -I'/home/biocbuild/bbs-3.17-bioc/R/library/Rhtslib/include' -I'/home/biocbuild/bbs-3.17-bioc/R/library/zlibbioc/include' -I'/home/biocbuild/bbs-3.17-bioc/R/library/testthat/include' -I/usr/local/include    -fpic  -g -O2  -Wall -c Gene.cpp -o Gene.o
g++ -std=gnu++11 -I"/home/biocbuild/bbs-3.17-bioc/R/include" -DNDEBUG -D_FILE_OFFSET_BITS=64 -I'/home/biocbuild/bbs-3.17-bioc/R/library/Rcpp/include' -I'/home/biocbuild/bbs-3.17-bioc/R/library/Rhtslib/include' -I'/home/biocbuild/bbs-3.17-bioc/R/library/zlibbioc/include' -I'/home/biocbuild/bbs-3.17-bioc/R/library/testthat/include' -I/usr/local/include    -fpic  -g -O2  -Wall -c Interval.cpp -o Interval.o
g++ -std=gnu++11 -I"/home/biocbuild/bbs-3.17-bioc/R/include" -DNDEBUG -D_FILE_OFFSET_BITS=64 -I'/home/biocbuild/bbs-3.17-bioc/R/library/Rcpp/include' -I'/home/biocbuild/bbs-3.17-bioc/R/library/Rhtslib/include' -I'/home/biocbuild/bbs-3.17-bioc/R/library/zlibbioc/include' -I'/home/biocbuild/bbs-3.17-bioc/R/library/testthat/include' -I/usr/local/include    -fpic  -g -O2  -Wall -c RcppExports.cpp -o RcppExports.o
g++ -std=gnu++11 -I"/home/biocbuild/bbs-3.17-bioc/R/include" -DNDEBUG -D_FILE_OFFSET_BITS=64 -I'/home/biocbuild/bbs-3.17-bioc/R/library/Rcpp/include' -I'/home/biocbuild/bbs-3.17-bioc/R/library/Rhtslib/include' -I'/home/biocbuild/bbs-3.17-bioc/R/library/zlibbioc/include' -I'/home/biocbuild/bbs-3.17-bioc/R/library/testthat/include' -I/usr/local/include    -fpic  -g -O2  -Wall -c ResizeArray.cpp -o ResizeArray.o
g++ -std=gnu++11 -I"/home/biocbuild/bbs-3.17-bioc/R/include" -DNDEBUG -D_FILE_OFFSET_BITS=64 -I'/home/biocbuild/bbs-3.17-bioc/R/library/Rcpp/include' -I'/home/biocbuild/bbs-3.17-bioc/R/library/Rhtslib/include' -I'/home/biocbuild/bbs-3.17-bioc/R/library/zlibbioc/include' -I'/home/biocbuild/bbs-3.17-bioc/R/library/testthat/include' -I/usr/local/include    -fpic  -g -O2  -Wall -c ThreadOutputFile.cpp -o ThreadOutputFile.o
g++ -std=gnu++11 -I"/home/biocbuild/bbs-3.17-bioc/R/include" -DNDEBUG -D_FILE_OFFSET_BITS=64 -I'/home/biocbuild/bbs-3.17-bioc/R/library/Rcpp/include' -I'/home/biocbuild/bbs-3.17-bioc/R/library/Rhtslib/include' -I'/home/biocbuild/bbs-3.17-bioc/R/library/zlibbioc/include' -I'/home/biocbuild/bbs-3.17-bioc/R/library/testthat/include' -I/usr/local/include    -fpic  -g -O2  -Wall -c Trie.cpp -o Trie.o
Trie.cpp: In member function ‘void Trie::SeqMismatchAux(std::vector<MismatchResult>&, const string&, trie_node*, int, int, int) const’:
Trie.cpp:265:35: warning: comparison of integer expressions of different signedness: ‘int’ and ‘std::vector<trie_node*>::size_type’ {aka ‘long unsigned int’} [-Wsign-compare]
  265 |                 for (int i = 0; i < valid_nodes.size(); i++) {
      |                                 ~~^~~~~~~~~~~~~~~~~~~~
Trie.cpp:274:43: warning: comparison of integer expressions of different signedness: ‘int’ and ‘std::vector<trie_node*>::size_type’ {aka ‘long unsigned int’} [-Wsign-compare]
  274 |                         for (int i = 0; i < valid_nodes.size(); i++) {
      |                                         ~~^~~~~~~~~~~~~~~~~~~~
gcc -I"/home/biocbuild/bbs-3.17-bioc/R/include" -DNDEBUG -D_FILE_OFFSET_BITS=64 -I'/home/biocbuild/bbs-3.17-bioc/R/library/Rcpp/include' -I'/home/biocbuild/bbs-3.17-bioc/R/library/Rhtslib/include' -I'/home/biocbuild/bbs-3.17-bioc/R/library/zlibbioc/include' -I'/home/biocbuild/bbs-3.17-bioc/R/library/testthat/include' -I/usr/local/include    -fpic  -g -O2  -Wall -c bam.c -o bam.o
bam.c: In function ‘bam_remove_B’:
bam.c:163:9: warning: this ‘for’ clause does not guard... [-Wmisleading-indentation]
  163 |         for (k = 0; k < b->core.n_cigar; ++k)
      |         ^~~
bam.c:165:17: note: ...this statement, but the latter is misleadingly indented as if it were guarded by the ‘for’
  165 |                 if (k == b->core.n_cigar) return 0; // no 'B'
      |                 ^~
bam.c:226:17: warning: this ‘for’ clause does not guard... [-Wmisleading-indentation]
  226 |                 for (k = 1; k < l; ++k)
      |                 ^~~
bam.c:230:25: note: ...this statement, but the latter is misleadingly indented as if it were guarded by the ‘for’
  230 |                         for (k = i = 0; k < l; ++k)
      |                         ^~~
bam.c:230:25: warning: this ‘for’ clause does not guard... [-Wmisleading-indentation]
bam.c:233:33: note: ...this statement, but the latter is misleadingly indented as if it were guarded by the ‘for’
  233 |                                 l = i;
      |                                 ^
g++ -std=gnu++11 -I"/home/biocbuild/bbs-3.17-bioc/R/include" -DNDEBUG -D_FILE_OFFSET_BITS=64 -I'/home/biocbuild/bbs-3.17-bioc/R/library/Rcpp/include' -I'/home/biocbuild/bbs-3.17-bioc/R/library/Rhtslib/include' -I'/home/biocbuild/bbs-3.17-bioc/R/library/zlibbioc/include' -I'/home/biocbuild/bbs-3.17-bioc/R/library/testthat/include' -I/usr/local/include    -fpic  -g -O2  -Wall -c cellbarcode.cpp -o cellbarcode.o
g++ -std=gnu++11 -I"/home/biocbuild/bbs-3.17-bioc/R/include" -DNDEBUG -D_FILE_OFFSET_BITS=64 -I'/home/biocbuild/bbs-3.17-bioc/R/library/Rcpp/include' -I'/home/biocbuild/bbs-3.17-bioc/R/library/Rhtslib/include' -I'/home/biocbuild/bbs-3.17-bioc/R/library/zlibbioc/include' -I'/home/biocbuild/bbs-3.17-bioc/R/library/testthat/include' -I/usr/local/include    -fpic  -g -O2  -Wall -c check_barcode_reads.cpp -o check_barcode_reads.o
g++ -std=gnu++11 -I"/home/biocbuild/bbs-3.17-bioc/R/include" -DNDEBUG -D_FILE_OFFSET_BITS=64 -I'/home/biocbuild/bbs-3.17-bioc/R/library/Rcpp/include' -I'/home/biocbuild/bbs-3.17-bioc/R/library/Rhtslib/include' -I'/home/biocbuild/bbs-3.17-bioc/R/library/zlibbioc/include' -I'/home/biocbuild/bbs-3.17-bioc/R/library/testthat/include' -I/usr/local/include    -fpic  -g -O2  -Wall -c detect_barcode.cpp -o detect_barcode.o
g++ -std=gnu++11 -I"/home/biocbuild/bbs-3.17-bioc/R/include" -DNDEBUG -D_FILE_OFFSET_BITS=64 -I'/home/biocbuild/bbs-3.17-bioc/R/library/Rcpp/include' -I'/home/biocbuild/bbs-3.17-bioc/R/library/Rhtslib/include' -I'/home/biocbuild/bbs-3.17-bioc/R/library/zlibbioc/include' -I'/home/biocbuild/bbs-3.17-bioc/R/library/testthat/include' -I/usr/local/include    -fpic  -g -O2  -Wall -c parsebam.cpp -o parsebam.o
g++ -std=gnu++11 -I"/home/biocbuild/bbs-3.17-bioc/R/include" -DNDEBUG -D_FILE_OFFSET_BITS=64 -I'/home/biocbuild/bbs-3.17-bioc/R/library/Rcpp/include' -I'/home/biocbuild/bbs-3.17-bioc/R/library/Rhtslib/include' -I'/home/biocbuild/bbs-3.17-bioc/R/library/zlibbioc/include' -I'/home/biocbuild/bbs-3.17-bioc/R/library/testthat/include' -I/usr/local/include    -fpic  -g -O2  -Wall -c parsecount.cpp -o parsecount.o
g++ -std=gnu++11 -I"/home/biocbuild/bbs-3.17-bioc/R/include" -DNDEBUG -D_FILE_OFFSET_BITS=64 -I'/home/biocbuild/bbs-3.17-bioc/R/library/Rcpp/include' -I'/home/biocbuild/bbs-3.17-bioc/R/library/Rhtslib/include' -I'/home/biocbuild/bbs-3.17-bioc/R/library/zlibbioc/include' -I'/home/biocbuild/bbs-3.17-bioc/R/library/testthat/include' -I/usr/local/include    -fpic  -g -O2  -Wall -c qc_per_bc_file_helper.cpp -o qc_per_bc_file_helper.o
g++ -std=gnu++11 -I"/home/biocbuild/bbs-3.17-bioc/R/include" -DNDEBUG -D_FILE_OFFSET_BITS=64 -I'/home/biocbuild/bbs-3.17-bioc/R/library/Rcpp/include' -I'/home/biocbuild/bbs-3.17-bioc/R/library/Rhtslib/include' -I'/home/biocbuild/bbs-3.17-bioc/R/library/zlibbioc/include' -I'/home/biocbuild/bbs-3.17-bioc/R/library/testthat/include' -I/usr/local/include    -fpic  -g -O2  -Wall -c rcpp_scPipe_func.cpp -o rcpp_scPipe_func.o
g++ -std=gnu++11 -I"/home/biocbuild/bbs-3.17-bioc/R/include" -DNDEBUG -D_FILE_OFFSET_BITS=64 -I'/home/biocbuild/bbs-3.17-bioc/R/library/Rcpp/include' -I'/home/biocbuild/bbs-3.17-bioc/R/library/Rhtslib/include' -I'/home/biocbuild/bbs-3.17-bioc/R/library/zlibbioc/include' -I'/home/biocbuild/bbs-3.17-bioc/R/library/testthat/include' -I/usr/local/include    -fpic  -g -O2  -Wall -c sc_atac_create_fragments.cpp -o sc_atac_create_fragments.o
g++ -std=gnu++11 -I"/home/biocbuild/bbs-3.17-bioc/R/include" -DNDEBUG -D_FILE_OFFSET_BITS=64 -I'/home/biocbuild/bbs-3.17-bioc/R/library/Rcpp/include' -I'/home/biocbuild/bbs-3.17-bioc/R/library/Rhtslib/include' -I'/home/biocbuild/bbs-3.17-bioc/R/library/zlibbioc/include' -I'/home/biocbuild/bbs-3.17-bioc/R/library/testthat/include' -I/usr/local/include    -fpic  -g -O2  -Wall -c test-cpp.cpp -o test-cpp.o
g++ -std=gnu++11 -I"/home/biocbuild/bbs-3.17-bioc/R/include" -DNDEBUG -D_FILE_OFFSET_BITS=64 -I'/home/biocbuild/bbs-3.17-bioc/R/library/Rcpp/include' -I'/home/biocbuild/bbs-3.17-bioc/R/library/Rhtslib/include' -I'/home/biocbuild/bbs-3.17-bioc/R/library/zlibbioc/include' -I'/home/biocbuild/bbs-3.17-bioc/R/library/testthat/include' -I/usr/local/include    -fpic  -g -O2  -Wall -c test-example.cpp -o test-example.o
g++ -std=gnu++11 -I"/home/biocbuild/bbs-3.17-bioc/R/include" -DNDEBUG -D_FILE_OFFSET_BITS=64 -I'/home/biocbuild/bbs-3.17-bioc/R/library/Rcpp/include' -I'/home/biocbuild/bbs-3.17-bioc/R/library/Rhtslib/include' -I'/home/biocbuild/bbs-3.17-bioc/R/library/zlibbioc/include' -I'/home/biocbuild/bbs-3.17-bioc/R/library/testthat/include' -I/usr/local/include    -fpic  -g -O2  -Wall -c test-fragmentThread.cpp -o test-fragmentThread.o
g++ -std=gnu++11 -I"/home/biocbuild/bbs-3.17-bioc/R/include" -DNDEBUG -D_FILE_OFFSET_BITS=64 -I'/home/biocbuild/bbs-3.17-bioc/R/library/Rcpp/include' -I'/home/biocbuild/bbs-3.17-bioc/R/library/Rhtslib/include' -I'/home/biocbuild/bbs-3.17-bioc/R/library/zlibbioc/include' -I'/home/biocbuild/bbs-3.17-bioc/R/library/testthat/include' -I/usr/local/include    -fpic  -g -O2  -Wall -c test-resizearray.cpp -o test-resizearray.o
g++ -std=gnu++11 -I"/home/biocbuild/bbs-3.17-bioc/R/include" -DNDEBUG -D_FILE_OFFSET_BITS=64 -I'/home/biocbuild/bbs-3.17-bioc/R/library/Rcpp/include' -I'/home/biocbuild/bbs-3.17-bioc/R/library/Rhtslib/include' -I'/home/biocbuild/bbs-3.17-bioc/R/library/zlibbioc/include' -I'/home/biocbuild/bbs-3.17-bioc/R/library/testthat/include' -I/usr/local/include    -fpic  -g -O2  -Wall -c test-runner.cpp -o test-runner.o
g++ -std=gnu++11 -I"/home/biocbuild/bbs-3.17-bioc/R/include" -DNDEBUG -D_FILE_OFFSET_BITS=64 -I'/home/biocbuild/bbs-3.17-bioc/R/library/Rcpp/include' -I'/home/biocbuild/bbs-3.17-bioc/R/library/Rhtslib/include' -I'/home/biocbuild/bbs-3.17-bioc/R/library/zlibbioc/include' -I'/home/biocbuild/bbs-3.17-bioc/R/library/testthat/include' -I/usr/local/include    -fpic  -g -O2  -Wall -c test-trie_matching.cpp -o test-trie_matching.o
g++ -std=gnu++11 -I"/home/biocbuild/bbs-3.17-bioc/R/include" -DNDEBUG -D_FILE_OFFSET_BITS=64 -I'/home/biocbuild/bbs-3.17-bioc/R/library/Rcpp/include' -I'/home/biocbuild/bbs-3.17-bioc/R/library/Rhtslib/include' -I'/home/biocbuild/bbs-3.17-bioc/R/library/zlibbioc/include' -I'/home/biocbuild/bbs-3.17-bioc/R/library/testthat/include' -I/usr/local/include    -fpic  -g -O2  -Wall -c transcriptmapping.cpp -o transcriptmapping.o
g++ -std=gnu++11 -I"/home/biocbuild/bbs-3.17-bioc/R/include" -DNDEBUG -D_FILE_OFFSET_BITS=64 -I'/home/biocbuild/bbs-3.17-bioc/R/library/Rcpp/include' -I'/home/biocbuild/bbs-3.17-bioc/R/library/Rhtslib/include' -I'/home/biocbuild/bbs-3.17-bioc/R/library/zlibbioc/include' -I'/home/biocbuild/bbs-3.17-bioc/R/library/testthat/include' -I/usr/local/include    -fpic  -g -O2  -Wall -c trimbarcode.cpp -o trimbarcode.o
trimbarcode.cpp: In function ‘void paired_fastq_to_fastq(char*, char*, char*, read_s, filter_s, bool)’:
trimbarcode.cpp:613:24: warning: ‘o_stream_gz’ may be used uninitialized in this function [-Wmaybe-uninitialized]
  613 |             fq_gz_write(o_stream_gz, seq1, bc1_end); // write to gzipped fastq file
      |             ~~~~~~~~~~~^~~~~~~~~~~~~~~~~~~~~~~~~~~~
trimbarcode.cpp: In function ‘std::vector<int> sc_atac_paired_fastq_to_csv(char*, char*, char*, char*, char*, int, int, char*, bool, bool, bool, int, int, int, int, int, int)’:
trimbarcode.cpp:1355:68: warning: ‘bc1_end’ may be used uninitialized in this function [-Wmaybe-uninitialized]
 1355 |         memmove(seq1->seq.s, seq1->seq.s + bc1_end, seq1->name.l - bc1_end);
      |                                                                    ^~~~~~~
trimbarcode.cpp:1426:26: warning: ‘seq3’ may be used uninitialized in this function [-Wmaybe-uninitialized]
 1426 |             seq3->name.s = (char*)realloc(seq3->name.s, new_name_length1 + 1); // allocate additional memory
      |             ~~~~~~~~~~~~~^~~~~~~~~~~~~~~~~~~~~~~~~~~~~~~~~~~~~~~~~~~~~~~~~~~~
trimbarcode.cpp:1506:16: warning: ‘fq3’ may be used uninitialized in this function [-Wmaybe-uninitialized]
 1506 |         gzclose(fq3);
      |         ~~~~~~~^~~~~
trimbarcode.cpp: In function ‘std::vector<int> sc_atac_paired_fastq_to_fastq(const char*, std::vector<std::__cxx11::basic_string<char> >, const char*, const char*, const char*, bool, bool, bool, int, int, bool)’:
trimbarcode.cpp:899:28: warning: ‘seq3_namelen’ may be used uninitialized in this function [-Wmaybe-uninitialized]
  899 |                     memmove(seq3_name + seq2_seqlen+1, seq3_name, seq3_namelen * sizeof(char));// move original read name
      |                     ~~~~~~~^~~~~~~~~~~~~~~~~~~~~~~~~~~~~~~~~~~~~~~~~~~~~~~~~~~~~~~~~~~~~~~~~~~
trimbarcode.cpp:898:34: warning: ‘seq3’ may be used uninitialized in this function [-Wmaybe-uninitialized]
  898 |                     seq3->name.s = (char*)realloc(seq3->name.s, new_name_length2); // allocate additional memory
      |                     ~~~~~~~~~~~~~^~~~~~~~~~~~~~~~~~~~~~~~~~~~~~~~~~~~~~~~~~~~~~~~
trimbarcode.cpp:989:16: warning: ‘fq3’ may be used uninitialized in this function [-Wmaybe-uninitialized]
  989 |         gzclose(fq3);
      |         ~~~~~~~^~~~~
g++ -std=gnu++11 -I"/home/biocbuild/bbs-3.17-bioc/R/include" -DNDEBUG -D_FILE_OFFSET_BITS=64 -I'/home/biocbuild/bbs-3.17-bioc/R/library/Rcpp/include' -I'/home/biocbuild/bbs-3.17-bioc/R/library/Rhtslib/include' -I'/home/biocbuild/bbs-3.17-bioc/R/library/zlibbioc/include' -I'/home/biocbuild/bbs-3.17-bioc/R/library/testthat/include' -I/usr/local/include    -fpic  -g -O2  -Wall -c tsscreatebins.cpp -o tsscreatebins.o
g++ -std=gnu++11 -I"/home/biocbuild/bbs-3.17-bioc/R/include" -DNDEBUG -D_FILE_OFFSET_BITS=64 -I'/home/biocbuild/bbs-3.17-bioc/R/library/Rcpp/include' -I'/home/biocbuild/bbs-3.17-bioc/R/library/Rhtslib/include' -I'/home/biocbuild/bbs-3.17-bioc/R/library/zlibbioc/include' -I'/home/biocbuild/bbs-3.17-bioc/R/library/testthat/include' -I/usr/local/include    -fpic  -g -O2  -Wall -c utils.cpp -o utils.o
g++ -std=gnu++11 -shared -L/home/biocbuild/bbs-3.17-bioc/R/lib -L/usr/local/lib -o scPipe.so FragmentThread.o FragmentUtils.o Gene.o Interval.o RcppExports.o ResizeArray.o ThreadOutputFile.o Trie.o bam.o cellbarcode.o check_barcode_reads.o detect_barcode.o parsebam.o parsecount.o qc_per_bc_file_helper.o rcpp_scPipe_func.o sc_atac_create_fragments.o test-cpp.o test-example.o test-fragmentThread.o test-resizearray.o test-runner.o test-trie_matching.o transcriptmapping.o trimbarcode.o tsscreatebins.o utils.o /home/biocbuild/bbs-3.17-bioc/R/library/Rhtslib/usrlib/libhts.a -lcurl -L/home/biocbuild/bbs-3.17-bioc/R/lib -lR
installing to /home/biocbuild/bbs-3.17-bioc/R/library/00LOCK-scPipe/00new/scPipe/libs
** R
** data
** inst
** byte-compile and prepare package for lazy loading
** help
*** installing help indices
** building package indices
** installing vignettes
** testing if installed package can be loaded from temporary location
** checking absolute paths in shared objects and dynamic libraries
** testing if installed package can be loaded from final location
** testing if installed package keeps a record of temporary installation path
* DONE (scPipe)

Tests output

scPipe.Rcheck/tests/testthat.Rout


R Under development (unstable) (2023-01-10 r83596) -- "Unsuffered Consequences"
Copyright (C) 2023 The R Foundation for Statistical Computing
Platform: x86_64-pc-linux-gnu (64-bit)

R is free software and comes with ABSOLUTELY NO WARRANTY.
You are welcome to redistribute it under certain conditions.
Type 'license()' or 'licence()' for distribution details.

R is a collaborative project with many contributors.
Type 'contributors()' for more information and
'citation()' on how to cite R or R packages in publications.

Type 'demo()' for some demos, 'help()' for on-line help, or
'help.start()' for an HTML browser interface to help.
Type 'q()' to quit R.

> library(testthat)
> library(scPipe)
Loading required package: SingleCellExperiment
Loading required package: SummarizedExperiment
Loading required package: MatrixGenerics
Loading required package: matrixStats

Attaching package: 'MatrixGenerics'

The following objects are masked from 'package:matrixStats':

    colAlls, colAnyNAs, colAnys, colAvgsPerRowSet, colCollapse,
    colCounts, colCummaxs, colCummins, colCumprods, colCumsums,
    colDiffs, colIQRDiffs, colIQRs, colLogSumExps, colMadDiffs,
    colMads, colMaxs, colMeans2, colMedians, colMins, colOrderStats,
    colProds, colQuantiles, colRanges, colRanks, colSdDiffs, colSds,
    colSums2, colTabulates, colVarDiffs, colVars, colWeightedMads,
    colWeightedMeans, colWeightedMedians, colWeightedSds,
    colWeightedVars, rowAlls, rowAnyNAs, rowAnys, rowAvgsPerColSet,
    rowCollapse, rowCounts, rowCummaxs, rowCummins, rowCumprods,
    rowCumsums, rowDiffs, rowIQRDiffs, rowIQRs, rowLogSumExps,
    rowMadDiffs, rowMads, rowMaxs, rowMeans2, rowMedians, rowMins,
    rowOrderStats, rowProds, rowQuantiles, rowRanges, rowRanks,
    rowSdDiffs, rowSds, rowSums2, rowTabulates, rowVarDiffs, rowVars,
    rowWeightedMads, rowWeightedMeans, rowWeightedMedians,
    rowWeightedSds, rowWeightedVars

Loading required package: GenomicRanges
Loading required package: stats4
Loading required package: BiocGenerics

Attaching package: 'BiocGenerics'

The following objects are masked from 'package:stats':

    IQR, mad, sd, var, xtabs

The following objects are masked from 'package:base':

    Filter, Find, Map, Position, Reduce, anyDuplicated, aperm, append,
    as.data.frame, basename, cbind, colnames, dirname, do.call,
    duplicated, eval, evalq, get, grep, grepl, intersect, is.unsorted,
    lapply, mapply, match, mget, order, paste, pmax, pmax.int, pmin,
    pmin.int, rank, rbind, rownames, sapply, setdiff, sort, table,
    tapply, union, unique, unsplit, which.max, which.min

Loading required package: S4Vectors

Attaching package: 'S4Vectors'

The following objects are masked from 'package:base':

    I, expand.grid, unname

Loading required package: IRanges
Loading required package: GenomeInfoDb
Loading required package: Biobase
Welcome to Bioconductor

    Vignettes contain introductory material; view with
    'browseVignettes()'. To cite Bioconductor, see
    'citation("Biobase")', and for packages 'citation("pkgname")'.


Attaching package: 'Biobase'

The following object is masked from 'package:MatrixGenerics':

    rowMedians

The following objects are masked from 'package:matrixStats':

    anyMissing, rowMedians



Linux/MacOS detected! 

Checking if samtools is installed ... 

samtools was not located. Please specify the path of it when running sc_atac_remove_duplicates()
> 
> test_check("scPipe")
Successful; continuing with program.
Invalid barcode start index given, with only 0 percent of reads containing a barcode match. However, a better barcode start location is 0 , where 55 percent of barcodes were found.
Unsuccessful. No location was found with a high number of barcode matches. Did both smallbarcode1col.csv and /home/biocbuild/bbs-3.17-bioc/R/library/scPipe/extdata/simu_R1.fastq.gz come from the same provider?
[ FAIL 0 | WARN 0 | SKIP 0 | PASS 110 ]
> 
> proc.time()
   user  system elapsed 
 15.504   0.884  16.380 

Example timings

scPipe.Rcheck/scPipe-Ex.timings

nameusersystemelapsed
QC_metrics0.3200.0230.344
UMI_dup_info0.2130.0050.216
UMI_duplication0.2080.0280.236
anno_import2.6440.0792.725
anno_to_saf000
calculate_QC_metrics 1.866 0.19213.282
cell_barcode_matching0.1650.0400.205
convert_geneid 0.800 0.08411.322
create_processed_report000
create_report000
create_sce_by_dir0.2400.0710.311
demultiplex_info0.2100.0080.218
detect_outlier0.3610.0200.381
gene_id_type0.1870.0240.211
get_ercc_anno0.2710.0200.291
get_genes_by_GO0.4080.0367.634
get_read_str0.0000.0010.000
organism0.2830.0230.306
plot_QC_pairs5.7590.2165.976
plot_UMI_dup0.5080.0190.527
plot_demultiplex0.3920.0520.444
plot_mapping1.8930.1642.057
remove_outliers0.3980.0120.410
sc_aligning0.0010.0000.000
sc_atac_bam_tagging31.38615.37145.601
sc_atac_cell_calling0.0000.0010.001
sc_atac_create_sce0.0000.0000.001
sc_atac_feature_counting000
sc_atac_peak_calling000
sc_atac_pipeline0.0010.0000.001
sc_atac_tfidf0.0010.0000.001
sc_atac_trim_barcode0.2720.0110.284
sc_correct_bam_bc0.0010.0010.002
sc_count_aligned_bam000
sc_demultiplex0.0010.0000.001
sc_demultiplex_and_count000
sc_detect_bc0.0010.0000.001
sc_exon_mapping0.0010.0000.001
sc_gene_counting0.0010.0000.001
sc_integrate000
sc_sample_data6.4610.2666.728
sc_sample_qc0.8060.0000.807
sc_trim_barcode0.0000.0000.001