############################################################################## ############################################################################## ### ### Running command: ### ### /home/biocbuild/R/R-4.4-devel-2023.11.02/bin/R CMD check --install=check:rrvgo.install-out.txt --library=/home/biocbuild/R/R-4.4-devel-2023.11.02/site-library --no-vignettes --timings rrvgo_1.15.0.tar.gz ### ############################################################################## ############################################################################## * using log directory ‘/home/biocbuild/bbs-3.19-bioc/meat/rrvgo.Rcheck’ * using R Under development (unstable) (2023-11-01 r85459) * using platform: aarch64-unknown-linux-gnu * R was compiled by gcc (GCC) 10.3.1 GNU Fortran (GCC) 10.3.1 * running under: openEuler 22.03 (LTS-SP1) * using session charset: UTF-8 * using option ‘--no-vignettes’ * checking for file ‘rrvgo/DESCRIPTION’ ... OK * checking extension type ... Package * this is package ‘rrvgo’ version ‘1.15.0’ * package encoding: UTF-8 * checking package namespace information ... OK * checking package dependencies ... ERROR Packages suggested but not available: 'clusterProfiler', 'DOSE' The suggested packages are required for a complete check. Checking can be attempted without them by setting the environment variable _R_CHECK_FORCE_SUGGESTS_ to a false value. See section ‘The DESCRIPTION file’ in the ‘Writing R Extensions’ manual. * DONE Status: 1 ERROR See ‘/home/biocbuild/bbs-3.19-bioc/meat/rrvgo.Rcheck/00check.log’ for details.