Back to Multiple platform build/check report for BioC 3.15
ABCDEFGHIJKLMNOP[Q]RSTUVWXYZ

This page was generated on 2022-01-22 11:11:01 -0500 (Sat, 22 Jan 2022).

HostnameOSArch (*)R versionInstalled pkgs
nebbiolo1Linux (Ubuntu 20.04.4 LTS)x86_64R Under development (unstable) (2022-01-05 r81451) -- "Unsuffered Consequences" 4163
riesling1Windows Server 2019 Standardx64R Under development (unstable) (2021-11-21 r81221) -- "Unsuffered Consequences" 4058
palomino3Windows Server 2022 Datacenterx64R Under development (unstable) (2021-12-21 r81400 ucrt) -- "Unsuffered Consequences" 4000
merida1macOS 10.14.6 Mojavex86_64R Under development (unstable) (2022-01-05 r81451) -- "Unsuffered Consequences" 4117
Click on any hostname to see more info about the system (e.g. compilers)      (*) as reported by 'uname -p', except on Windows and Mac OS X

CHECK results for qpgraph on merida1


To the developers/maintainers of the qpgraph package:
- Please allow up to 24 hours (and sometimes 48 hours) for your latest push to git@git.bioconductor.org:packages/qpgraph.git to
reflect on this report. See How and When does the builder pull? When will my changes propagate? here for more information.
- Make sure to use the following settings in order to reproduce any error or warning you see on this page.

raw results

Package 1493/2075HostnameOS / ArchINSTALLBUILDCHECKBUILD BIN
qpgraph 2.29.0  (landing page)
Robert Castelo
Snapshot Date: 2022-01-21 13:55:18 -0500 (Fri, 21 Jan 2022)
git_url: https://git.bioconductor.org/packages/qpgraph
git_branch: master
git_last_commit: faf7788
git_last_commit_date: 2021-10-26 11:53:27 -0500 (Tue, 26 Oct 2021)
nebbiolo1Linux (Ubuntu 20.04.4 LTS) / x86_64  OK    OK    WARNINGS  UNNEEDED, same version is already published
riesling1Windows Server 2019 Standard / x64  OK    OK    NA    NA  
palomino3Windows Server 2022 Datacenter / x64  OK    OK    WARNINGS    OK  NO, package depends on 'annotate' which is not available
merida1macOS 10.14.6 Mojave / x86_64  OK    OK    WARNINGS    OK  UNNEEDED, same version is already published

Summary

Package: qpgraph
Version: 2.29.0
Command: /Library/Frameworks/R.framework/Resources/bin/R CMD check --install=check:qpgraph.install-out.txt --library=/Library/Frameworks/R.framework/Resources/library --no-vignettes --timings qpgraph_2.29.0.tar.gz
StartedAt: 2022-01-22 04:27:18 -0500 (Sat, 22 Jan 2022)
EndedAt: 2022-01-22 04:35:01 -0500 (Sat, 22 Jan 2022)
EllapsedTime: 462.8 seconds
RetCode: 0
Status:   WARNINGS  
CheckDir: qpgraph.Rcheck
Warnings: 1

Command output

##############################################################################
##############################################################################
###
### Running command:
###
###   /Library/Frameworks/R.framework/Resources/bin/R CMD check --install=check:qpgraph.install-out.txt --library=/Library/Frameworks/R.framework/Resources/library --no-vignettes --timings qpgraph_2.29.0.tar.gz
###
##############################################################################
##############################################################################


* using log directory ‘/Users/biocbuild/bbs-3.15-bioc/meat/qpgraph.Rcheck’
* using R Under development (unstable) (2022-01-05 r81451)
* using platform: x86_64-apple-darwin17.0 (64-bit)
* using session charset: UTF-8
* using option ‘--no-vignettes’
* checking for file ‘qpgraph/DESCRIPTION’ ... OK
* this is package ‘qpgraph’ version ‘2.29.0’
* checking package namespace information ... OK
* checking package dependencies ... OK
* checking if this is a source package ... OK
* checking if there is a namespace ... OK
* checking for hidden files and directories ... NOTE
Found the following hidden files and directories:
  .git_fetch_output.txt
  .git_merge_output.txt
These were most likely included in error. See section ‘Package
structure’ in the ‘Writing R Extensions’ manual.
* checking for portable file names ... OK
* checking for sufficient/correct file permissions ... OK
* checking whether package ‘qpgraph’ can be installed ... OK
* checking installed package size ... OK
* checking package directory ... OK
* checking ‘build’ directory ... OK
* checking DESCRIPTION meta-information ... OK
* checking top-level files ... OK
* checking for left-over files ... OK
* checking index information ... OK
* checking package subdirectories ... OK
* checking R files for non-ASCII characters ... OK
* checking R files for syntax errors ... OK
* checking whether the package can be loaded ... OK
* checking whether the package can be loaded with stated dependencies ... OK
* checking whether the package can be unloaded cleanly ... OK
* checking whether the namespace can be loaded with stated dependencies ... OK
* checking whether the namespace can be unloaded cleanly ... OK
* checking dependencies in R code ... OK
* checking S3 generic/method consistency ... OK
* checking replacement functions ... OK
* checking foreign function calls ... OK
* checking R code for possible problems ... OK
* checking Rd files ... OK
* checking Rd metadata ... OK
* checking Rd cross-references ... OK
* checking for missing documentation entries ... OK
* checking for code/documentation mismatches ... OK
* checking Rd \usage sections ... OK
* checking Rd contents ... OK
* checking for unstated dependencies in examples ... OK
* checking contents of ‘data’ directory ... OK
* checking data for non-ASCII characters ... OK
* checking LazyData ... OK
* checking data for ASCII and uncompressed saves ... OK
* checking line endings in shell scripts ... OK
* checking line endings in C/C++/Fortran sources/headers ... OK
* checking line endings in Makefiles ... OK
* checking compilation flags in Makevars ... WARNING
Non-portable flags in variable 'PKG_CFLAGS':
  -Werror=implicit-function-declaration
* checking for GNU extensions in Makefiles ... OK
* checking for portable use of $(BLAS_LIBS) and $(LAPACK_LIBS) ... OK
* checking use of PKG_*FLAGS in Makefiles ... OK
* checking compiled code ... NOTE
Note: information on .o files is not available
* checking sizes of PDF files under ‘inst/doc’ ... OK
* checking installed files from ‘inst/doc’ ... OK
* checking files in ‘vignettes’ ... OK
* checking examples ... OK
* checking for unstated dependencies in ‘tests’ ... OK
* checking tests ...
  Running ‘runTests.R’
 OK
* checking for unstated dependencies in vignettes ... OK
* checking package vignettes in ‘inst/doc’ ... OK
* checking running R code from vignettes ... SKIPPED
* checking re-building of vignette outputs ... SKIPPED
* checking PDF version of manual ... OK
* DONE

Status: 1 WARNING, 2 NOTEs
See
  ‘/Users/biocbuild/bbs-3.15-bioc/meat/qpgraph.Rcheck/00check.log’
for details.



Installation output

qpgraph.Rcheck/00install.out

##############################################################################
##############################################################################
###
### Running command:
###
###   /Library/Frameworks/R.framework/Resources/bin/R CMD INSTALL qpgraph
###
##############################################################################
##############################################################################


* installing to library ‘/Library/Frameworks/R.framework/Versions/4.2/Resources/library’
* installing *source* package ‘qpgraph’ ...
** using staged installation
checking for gcc... gcc
checking for C compiler default output file name... a.out
checking whether the C compiler works... yes
checking whether we are cross compiling... no
checking for suffix of executables... 
checking for suffix of object files... o
checking whether we are using the GNU C compiler... yes
checking whether gcc accepts -g... yes
checking for gcc option to accept ANSI C... none needed
checking build system type... x86_64-apple-darwin18.7.0
checking host system type... x86_64-apple-darwin18.7.0
configure: creating ./config.status
config.status: creating src/Makevars
** libs
clang -mmacosx-version-min=10.13 -I"/Library/Frameworks/R.framework/Resources/include" -DNDEBUG -I/usr/local/include  -I/usr/local/include  -Wall -g -O2 -Wall -pedantic -Werror=implicit-function-declaration -fPIC  -Wall -g -O2  -c cliquer.c -o cliquer.o
clang -mmacosx-version-min=10.13 -I"/Library/Frameworks/R.framework/Resources/include" -DNDEBUG -I/usr/local/include  -I/usr/local/include  -Wall -g -O2 -Wall -pedantic -Werror=implicit-function-declaration -fPIC  -Wall -g -O2  -c graph.c -o graph.o
clang -mmacosx-version-min=10.13 -I"/Library/Frameworks/R.framework/Resources/include" -DNDEBUG -I/usr/local/include  -I/usr/local/include  -Wall -g -O2 -Wall -pedantic -Werror=implicit-function-declaration -fPIC  -Wall -g -O2  -c qpgraph.c -o qpgraph.o
clang -mmacosx-version-min=10.13 -I"/Library/Frameworks/R.framework/Resources/include" -DNDEBUG -I/usr/local/include  -I/usr/local/include  -Wall -g -O2 -Wall -pedantic -Werror=implicit-function-declaration -fPIC  -Wall -g -O2  -c reorder.c -o reorder.o
clang -mmacosx-version-min=10.13 -dynamiclib -Wl,-headerpad_max_install_names -undefined dynamic_lookup -single_module -multiply_defined suppress -L/Library/Frameworks/R.framework/Resources/lib -L/usr/local/lib -o qpgraph.so cliquer.o graph.o qpgraph.o reorder.o -L/Library/Frameworks/R.framework/Resources/lib -lRlapack -L/Library/Frameworks/R.framework/Resources/lib -lRblas -L/usr/local/gfortran/lib/gcc/x86_64-apple-darwin18/8.2.0 -L/usr/local/gfortran/lib -lgfortran -lquadmath -lm -F/Library/Frameworks/R.framework/.. -framework R -Wl,-framework -Wl,CoreFoundation
installing to /Library/Frameworks/R.framework/Versions/4.2/Resources/library/00LOCK-qpgraph/00new/qpgraph/libs
** R
** data
*** moving datasets to lazyload DB
** inst
** byte-compile and prepare package for lazy loading
No methods found in package ‘GenomicRanges’ for request: ‘c’ when loading ‘qpgraph’
Creating a generic function for ‘det’ from package ‘Matrix’ in package ‘qpgraph’
** help
*** installing help indices
** building package indices
** installing vignettes
** testing if installed package can be loaded from temporary location
No methods found in package ‘GenomicRanges’ for request: ‘c’ when loading ‘qpgraph’
** checking absolute paths in shared objects and dynamic libraries
** testing if installed package can be loaded from final location
No methods found in package ‘GenomicRanges’ for request: ‘c’ when loading ‘qpgraph’
** testing if installed package keeps a record of temporary installation path
* DONE (qpgraph)

Tests output

qpgraph.Rcheck/tests/runTests.Rout


R Under development (unstable) (2022-01-05 r81451) -- "Unsuffered Consequences"
Copyright (C) 2022 The R Foundation for Statistical Computing
Platform: x86_64-apple-darwin17.0 (64-bit)

R is free software and comes with ABSOLUTELY NO WARRANTY.
You are welcome to redistribute it under certain conditions.
Type 'license()' or 'licence()' for distribution details.

R is a collaborative project with many contributors.
Type 'contributors()' for more information and
'citation()' on how to cite R or R packages in publications.

Type 'demo()' for some demos, 'help()' for on-line help, or
'help.start()' for an HTML browser interface to help.
Type 'q()' to quit R.

> BiocGenerics:::testPackage("qpgraph")
No methods found in package 'GenomicRanges' for request: 'c' when loading 'qpgraph'
Using t tests for zero partial regression coefficients.
Using exact likelihood ratio tests.


RUNIT TEST PROTOCOL -- Sat Jan 22 04:34:48 2022 
*********************************************** 
Number of test functions: 3 
Number of errors: 0 
Number of failures: 0 

 
1 Test Suite : 
qpgraph RUnit Tests - 3 test functions, 0 errors, 0 failures
Number of test functions: 3 
Number of errors: 0 
Number of failures: 0 
> 
> proc.time()
   user  system elapsed 
 24.740   0.778  25.532 

Example timings

qpgraph.Rcheck/qpgraph-Ex.timings

nameusersystemelapsed
EcoliOxygen0.0040.0010.005
filterCollinearities0.3540.0060.361
qpAllCItests0.2480.0080.259
qpAnyGraph0.1370.0060.143
qpAvgNrr3.1030.0073.117
qpBoundary0.6810.0020.685
qpCItest0.1740.0020.177
qpClique0.6750.0060.684
qpCliqueNumber0.4770.0300.509
qpCov0.1540.0120.167
qpEdgeNrr0.1230.0010.124
qpFunctionalCoherence0.0000.0010.001
qpG2Sigma0.0170.0010.017
qpGenNrr1.1470.0041.152
qpGetCliques0.3620.0050.367
qpGraphDensity0.6380.0020.642
qpHTF0.1240.0040.128
qpHist0.4540.0050.459
qpIPF0.1910.0070.198
qpK2ParCor0.0700.0060.077
qpNrr0.3430.0030.346
qpPAC0.5090.0130.523
qpPCC0.1280.0120.140
qpPRscoreThreshold0.3210.0050.327
qpPathWeight0.1130.0140.127
qpPlotMap0.0650.0030.068
qpPlotNetwork000
qpPrecisionRecall0.4180.0030.421
qpRndGraph0.0110.0000.011
qpRndWishart0.0120.0010.014
qpTopPairs0.0040.0010.004
qpUnifRndAssociation0.0040.0000.003
qpUpdateCliquesRemoving0.0000.0000.001