Back to Multiple platform build/check report for BioC 3.16
ABCDEFGHIJKLMNOP[Q]RSTUVWXYZ

This page was generated on 2022-06-24 11:08:25 -0400 (Fri, 24 Jun 2022).

HostnameOSArch (*)R versionInstalled pkgs
nebbiolo2Linux (Ubuntu 20.04.4 LTS)x86_644.2.0 Patched (2022-06-02 r82447) -- "Vigorous Calisthenics" 4331
palomino4Windows Server 2022 Datacenterx644.2.0 Patched (2022-06-02 r82447 ucrt) -- "Vigorous Calisthenics" 4136
lconwaymacOS 12.2.1 Montereyx86_644.2.0 Patched (2022-05-29 r82424) -- "Vigorous Calisthenics" 4147
Click on any hostname to see more info about the system (e.g. compilers)      (*) as reported by 'uname -p', except on Windows and Mac OS X

CHECK results for qpgraph on lconway


To the developers/maintainers of the qpgraph package:
- Please allow up to 24 hours (and sometimes 48 hours) for your latest push to git@git.bioconductor.org:packages/qpgraph.git to
reflect on this report. See How and When does the builder pull? When will my changes propagate? for more information.
- Make sure to use the following settings in order to reproduce any error or warning you see on this page.

raw results

Package 1520/2118HostnameOS / ArchINSTALLBUILDCHECKBUILD BIN
qpgraph 2.31.0  (landing page)
Robert Castelo
Snapshot Date: 2022-06-23 14:00:04 -0400 (Thu, 23 Jun 2022)
git_url: https://git.bioconductor.org/packages/qpgraph
git_branch: master
git_last_commit: 7fd3af0
git_last_commit_date: 2022-04-26 11:02:28 -0400 (Tue, 26 Apr 2022)
nebbiolo2Linux (Ubuntu 20.04.4 LTS) / x86_64  OK    OK    WARNINGS  UNNEEDED, same version is already published
palomino4Windows Server 2022 Datacenter / x64  OK    OK    WARNINGS    OK  UNNEEDED, same version is already published
lconwaymacOS 12.2.1 Monterey / x86_64  OK    OK    WARNINGS    OK  UNNEEDED, same version is already published

Summary

Package: qpgraph
Version: 2.31.0
Command: /Library/Frameworks/R.framework/Resources/bin/R CMD check --install=check:qpgraph.install-out.txt --library=/Library/Frameworks/R.framework/Resources/library --no-vignettes --timings qpgraph_2.31.0.tar.gz
StartedAt: 2022-06-23 22:00:28 -0400 (Thu, 23 Jun 2022)
EndedAt: 2022-06-23 22:05:00 -0400 (Thu, 23 Jun 2022)
EllapsedTime: 271.8 seconds
RetCode: 0
Status:   WARNINGS  
CheckDir: qpgraph.Rcheck
Warnings: 1

Command output

##############################################################################
##############################################################################
###
### Running command:
###
###   /Library/Frameworks/R.framework/Resources/bin/R CMD check --install=check:qpgraph.install-out.txt --library=/Library/Frameworks/R.framework/Resources/library --no-vignettes --timings qpgraph_2.31.0.tar.gz
###
##############################################################################
##############################################################################


* using log directory ‘/Users/biocbuild/bbs-3.16-bioc/meat/qpgraph.Rcheck’
* using R version 4.2.0 Patched (2022-05-29 r82424)
* using platform: x86_64-apple-darwin17.0 (64-bit)
* using session charset: UTF-8
* using option ‘--no-vignettes’
* checking for file ‘qpgraph/DESCRIPTION’ ... OK
* this is package ‘qpgraph’ version ‘2.31.0’
* checking package namespace information ... OK
* checking package dependencies ... OK
* checking if this is a source package ... OK
* checking if there is a namespace ... OK
* checking for hidden files and directories ... OK
* checking for portable file names ... OK
* checking for sufficient/correct file permissions ... OK
* checking whether package ‘qpgraph’ can be installed ... OK
* checking installed package size ... OK
* checking package directory ... OK
* checking ‘build’ directory ... OK
* checking DESCRIPTION meta-information ... OK
* checking top-level files ... OK
* checking for left-over files ... OK
* checking index information ... OK
* checking package subdirectories ... OK
* checking R files for non-ASCII characters ... OK
* checking R files for syntax errors ... OK
* checking whether the package can be loaded ... OK
* checking whether the package can be loaded with stated dependencies ... OK
* checking whether the package can be unloaded cleanly ... OK
* checking whether the namespace can be loaded with stated dependencies ... OK
* checking whether the namespace can be unloaded cleanly ... OK
* checking dependencies in R code ... OK
* checking S3 generic/method consistency ... OK
* checking replacement functions ... OK
* checking foreign function calls ... OK
* checking R code for possible problems ... OK
* checking Rd files ... OK
* checking Rd metadata ... OK
* checking Rd cross-references ... OK
* checking for missing documentation entries ... OK
* checking for code/documentation mismatches ... OK
* checking Rd \usage sections ... OK
* checking Rd contents ... OK
* checking for unstated dependencies in examples ... OK
* checking contents of ‘data’ directory ... OK
* checking data for non-ASCII characters ... OK
* checking LazyData ... OK
* checking data for ASCII and uncompressed saves ... OK
* checking line endings in shell scripts ... OK
* checking line endings in C/C++/Fortran sources/headers ... OK
* checking line endings in Makefiles ... OK
* checking compilation flags in Makevars ... WARNING
Non-portable flags in variable 'PKG_CFLAGS':
  -Werror=implicit-function-declaration
* checking for GNU extensions in Makefiles ... OK
* checking for portable use of $(BLAS_LIBS) and $(LAPACK_LIBS) ... OK
* checking use of PKG_*FLAGS in Makefiles ... OK
* checking compiled code ... NOTE
Note: information on .o files is not available
* checking sizes of PDF files under ‘inst/doc’ ... OK
* checking installed files from ‘inst/doc’ ... OK
* checking files in ‘vignettes’ ... OK
* checking examples ... OK
* checking for unstated dependencies in ‘tests’ ... OK
* checking tests ...
  Running ‘runTests.R’
 OK
* checking for unstated dependencies in vignettes ... OK
* checking package vignettes in ‘inst/doc’ ... OK
* checking running R code from vignettes ... SKIPPED
* checking re-building of vignette outputs ... SKIPPED
* checking PDF version of manual ... OK
* DONE

Status: 1 WARNING, 1 NOTE
See
  ‘/Users/biocbuild/bbs-3.16-bioc/meat/qpgraph.Rcheck/00check.log’
for details.



Installation output

qpgraph.Rcheck/00install.out

##############################################################################
##############################################################################
###
### Running command:
###
###   /Library/Frameworks/R.framework/Resources/bin/R CMD INSTALL qpgraph
###
##############################################################################
##############################################################################


* installing to library ‘/Library/Frameworks/R.framework/Versions/4.2/Resources/library’
* installing *source* package ‘qpgraph’ ...
** using staged installation
checking for gcc... gcc
checking for C compiler default output file name... a.out
checking whether the C compiler works... yes
checking whether we are cross compiling... no
checking for suffix of executables... 
checking for suffix of object files... o
checking whether we are using the GNU C compiler... yes
checking whether gcc accepts -g... yes
checking for gcc option to accept ANSI C... none needed
checking build system type... x86_64-apple-darwin21.4.0
checking host system type... x86_64-apple-darwin21.4.0
configure: creating ./config.status
config.status: creating src/Makevars
** libs
clang -mmacosx-version-min=10.13 -I"/Library/Frameworks/R.framework/Resources/include" -DNDEBUG -I/usr/local/include -DUSE_FC_LEN_T  -I/usr/local/include  -Wall -g -O2 -Wall -pedantic -Werror=implicit-function-declaration -fPIC  -Wall -g -O2  -c cliquer.c -o cliquer.o
clang -mmacosx-version-min=10.13 -I"/Library/Frameworks/R.framework/Resources/include" -DNDEBUG -I/usr/local/include -DUSE_FC_LEN_T  -I/usr/local/include  -Wall -g -O2 -Wall -pedantic -Werror=implicit-function-declaration -fPIC  -Wall -g -O2  -c graph.c -o graph.o
clang -mmacosx-version-min=10.13 -I"/Library/Frameworks/R.framework/Resources/include" -DNDEBUG -I/usr/local/include -DUSE_FC_LEN_T  -I/usr/local/include  -Wall -g -O2 -Wall -pedantic -Werror=implicit-function-declaration -fPIC  -Wall -g -O2  -c qpgraph.c -o qpgraph.o
qpgraph.c:24:9: warning: 'USE_FC_LEN_T' macro redefined [-Wmacro-redefined]
#define USE_FC_LEN_T
        ^
<command line>:2:9: note: previous definition is here
#define USE_FC_LEN_T 1
        ^
1 warning generated.
clang -mmacosx-version-min=10.13 -I"/Library/Frameworks/R.framework/Resources/include" -DNDEBUG -I/usr/local/include -DUSE_FC_LEN_T  -I/usr/local/include  -Wall -g -O2 -Wall -pedantic -Werror=implicit-function-declaration -fPIC  -Wall -g -O2  -c reorder.c -o reorder.o
clang -mmacosx-version-min=10.13 -dynamiclib -Wl,-headerpad_max_install_names -undefined dynamic_lookup -single_module -multiply_defined suppress -L/Library/Frameworks/R.framework/Resources/lib -L/usr/local/lib -o qpgraph.so cliquer.o graph.o qpgraph.o reorder.o -L/Library/Frameworks/R.framework/Resources/lib -lRlapack -L/Library/Frameworks/R.framework/Resources/lib -lRblas -L/usr/local/gfortran/lib/gcc/x86_64-apple-darwin18/8.2.0 -L/usr/local/gfortran/lib -lgfortran -lquadmath -lm -F/Library/Frameworks/R.framework/.. -framework R -Wl,-framework -Wl,CoreFoundation
ld: warning: directory not found for option '-L/usr/local/gfortran/lib/gcc/x86_64-apple-darwin18/8.2.0'
ld: warning: dylib (/usr/local/gfortran/lib/libgfortran.dylib) was built for newer macOS version (12.0) than being linked (10.13)
ld: warning: dylib (/usr/local/gfortran/lib/libquadmath.dylib) was built for newer macOS version (12.0) than being linked (10.13)
installing to /Library/Frameworks/R.framework/Versions/4.2/Resources/library/00LOCK-qpgraph/00new/qpgraph/libs
** R
** data
*** moving datasets to lazyload DB
** inst
** byte-compile and prepare package for lazy loading
Creating a generic function for ‘det’ from package ‘Matrix’ in package ‘qpgraph’
** help
*** installing help indices
** building package indices
** installing vignettes
** testing if installed package can be loaded from temporary location
** checking absolute paths in shared objects and dynamic libraries
** testing if installed package can be loaded from final location
** testing if installed package keeps a record of temporary installation path
* DONE (qpgraph)

Tests output

qpgraph.Rcheck/tests/runTests.Rout


R version 4.2.0 Patched (2022-05-29 r82424) -- "Vigorous Calisthenics"
Copyright (C) 2022 The R Foundation for Statistical Computing
Platform: x86_64-apple-darwin17.0 (64-bit)

R is free software and comes with ABSOLUTELY NO WARRANTY.
You are welcome to redistribute it under certain conditions.
Type 'license()' or 'licence()' for distribution details.

R is a collaborative project with many contributors.
Type 'contributors()' for more information and
'citation()' on how to cite R or R packages in publications.

Type 'demo()' for some demos, 'help()' for on-line help, or
'help.start()' for an HTML browser interface to help.
Type 'q()' to quit R.

> BiocGenerics:::testPackage("qpgraph")
Using t tests for zero partial regression coefficients.
Using exact likelihood ratio tests.


RUNIT TEST PROTOCOL -- Thu Jun 23 22:04:49 2022 
*********************************************** 
Number of test functions: 3 
Number of errors: 0 
Number of failures: 0 

 
1 Test Suite : 
qpgraph RUnit Tests - 3 test functions, 0 errors, 0 failures
Number of test functions: 3 
Number of errors: 0 
Number of failures: 0 
> 
> proc.time()
   user  system elapsed 
 15.578   0.595  16.202 

Example timings

qpgraph.Rcheck/qpgraph-Ex.timings

nameusersystemelapsed
EcoliOxygen0.0030.0020.004
filterCollinearities0.1150.0040.119
qpAllCItests0.1160.0070.123
qpAnyGraph0.1940.0070.201
qpAvgNrr1.0560.0041.062
qpBoundary0.2960.0020.299
qpCItest0.1050.0020.107
qpClique0.2980.0040.302
qpCliqueNumber1.0820.0131.096
qpCov0.0770.0040.081
qpEdgeNrr0.0750.0020.077
qpFunctionalCoherence0.0010.0000.001
qpG2Sigma0.0090.0010.010
qpGenNrr0.5170.0050.522
qpGetCliques0.2390.0110.253
qpGraphDensity0.3010.0050.306
qpHTF0.1000.0060.107
qpHist0.2180.0030.223
qpIPF0.1240.0050.132
qpK2ParCor0.0540.0030.057
qpNrr0.1410.0020.143
qpPAC0.2660.0060.273
qpPCC0.0880.0040.092
qpPRscoreThreshold0.1480.0010.150
qpPathWeight0.0530.0010.054
qpPlotMap0.0480.0040.053
qpPlotNetwork0.0000.0000.001
qpPrecisionRecall0.1860.0020.189
qpRndGraph0.0050.0000.005
qpRndWishart0.0070.0010.007
qpTopPairs0.0020.0000.002
qpUnifRndAssociation0.0020.0000.003
qpUpdateCliquesRemoving0.0000.0000.001