Back to Multiple platform build/check report for BioC 3.19: simplified long |
|
This page was generated on 2024-03-04 11:39:44 -0500 (Mon, 04 Mar 2024).
Hostname | OS | Arch (*) | R version | Installed pkgs |
---|---|---|---|---|
nebbiolo1 | Linux (Ubuntu 22.04.3 LTS) | x86_64 | R Under development (unstable) (2024-01-16 r85808) -- "Unsuffered Consequences" | 4676 |
palomino3 | Windows Server 2022 Datacenter | x64 | R Under development (unstable) (2024-01-14 r85805 ucrt) -- "Unsuffered Consequences" | 4414 |
merida1 | macOS 12.7.1 Monterey | x86_64 | R Under development (unstable) (2024-01-16 r85808) -- "Unsuffered Consequences" | 4441 |
kunpeng2 | Linux (openEuler 22.03 LTS-SP1) | aarch64 | R Under development (unstable) (2024-01-16 r85812) -- "Unsuffered Consequences" | 4417 |
Click on any hostname to see more info about the system (e.g. compilers) (*) as reported by 'uname -p', except on Windows and Mac OS X |
Package 1599/2251 | Hostname | OS / Arch | INSTALL | BUILD | CHECK | BUILD BIN | ||||||||
ptairMS 1.11.0 (landing page) camille Roquencourt
| nebbiolo1 | Linux (Ubuntu 22.04.3 LTS) / x86_64 | OK | OK | WARNINGS | |||||||||
palomino3 | Windows Server 2022 Datacenter / x64 | OK | OK | WARNINGS | OK | |||||||||
merida1 | macOS 12.7.1 Monterey / x86_64 | OK | OK | WARNINGS | OK | |||||||||
kunpeng2 | Linux (openEuler 22.03 LTS-SP1) / aarch64 | OK | OK | WARNINGS | ||||||||||
To the developers/maintainers of the ptairMS package: - Allow up to 24 hours (and sometimes 48 hours) for your latest push to git@git.bioconductor.org:packages/ptairMS.git to reflect on this report. See Troubleshooting Build Report for more information. - Use the following Renviron settings to reproduce errors and warnings. - If 'R CMD check' started to fail recently on the Linux builder(s) over a missing dependency, add the missing dependency to 'Suggests:' in your DESCRIPTION file. See Renviron.bioc for more information. |
Package: ptairMS |
Version: 1.11.0 |
Command: /Library/Frameworks/R.framework/Resources/bin/R CMD check --install=check:ptairMS.install-out.txt --library=/Library/Frameworks/R.framework/Resources/library --no-vignettes --timings ptairMS_1.11.0.tar.gz |
StartedAt: 2024-03-02 08:51:07 -0500 (Sat, 02 Mar 2024) |
EndedAt: 2024-03-02 09:10:14 -0500 (Sat, 02 Mar 2024) |
EllapsedTime: 1147.7 seconds |
RetCode: 0 |
Status: WARNINGS |
CheckDir: ptairMS.Rcheck |
Warnings: 2 |
############################################################################## ############################################################################## ### ### Running command: ### ### /Library/Frameworks/R.framework/Resources/bin/R CMD check --install=check:ptairMS.install-out.txt --library=/Library/Frameworks/R.framework/Resources/library --no-vignettes --timings ptairMS_1.11.0.tar.gz ### ############################################################################## ############################################################################## * using log directory ‘/Users/biocbuild/bbs-3.19-bioc/meat/ptairMS.Rcheck’ * using R Under development (unstable) (2024-01-16 r85808) * using platform: x86_64-apple-darwin20 * R was compiled by Apple clang version 14.0.0 (clang-1400.0.29.202) GNU Fortran (GCC) 12.2.0 * running under: macOS Monterey 12.7.1 * using session charset: UTF-8 * using option ‘--no-vignettes’ * checking for file ‘ptairMS/DESCRIPTION’ ... OK * this is package ‘ptairMS’ version ‘1.11.0’ * package encoding: UTF-8 * checking package namespace information ... OK * checking package dependencies ... OK * checking if this is a source package ... OK * checking if there is a namespace ... OK * checking for hidden files and directories ... OK * checking for portable file names ... OK * checking for sufficient/correct file permissions ... OK * checking whether package ‘ptairMS’ can be installed ... WARNING Found the following significant warnings: Warning: replacing previous import ‘Biobase::cache’ by ‘bit64::cache’ when loading ‘ptairMS’ See ‘/Users/biocbuild/bbs-3.19-bioc/meat/ptairMS.Rcheck/00install.out’ for details. * used C++ compiler: ‘Apple clang version 14.0.0 (clang-1400.0.29.202)’ * used SDK: ‘MacOSX11.3.sdk’ * checking installed package size ... OK * checking package directory ... OK * checking ‘build’ directory ... OK * checking DESCRIPTION meta-information ... OK * checking top-level files ... OK * checking for left-over files ... OK * checking index information ... OK * checking package subdirectories ... OK * checking R files for non-ASCII characters ... OK * checking R files for syntax errors ... OK * checking whether the package can be loaded ... OK * checking whether the package can be loaded with stated dependencies ... OK * checking whether the package can be unloaded cleanly ... OK * checking whether the namespace can be loaded with stated dependencies ... OK * checking whether the namespace can be unloaded cleanly ... OK * checking dependencies in R code ... WARNING '::' or ':::' imports not declared from: ‘htmlwidgets’ ‘plyr’ There are ::: calls to the package's namespace in its code. A package almost never needs to use ::: for its own objects: ‘getCalibrationInfo’ ‘getPeakList’ ‘getPeaksInfo’ ‘getTimeInfo’ ‘processFileTemporalNominalMass’ ‘tofToMz’ * checking S3 generic/method consistency ... OK * checking replacement functions ... OK * checking foreign function calls ... OK * checking R code for possible problems ... OK * checking Rd files ... OK * checking Rd metadata ... OK * checking Rd cross-references ... OK * checking for missing documentation entries ... OK * checking for code/documentation mismatches ... OK * checking Rd \usage sections ... OK * checking Rd contents ... OK * checking for unstated dependencies in examples ... OK * checking line endings in C/C++/Fortran sources/headers ... OK * checking compiled code ... NOTE Note: information on .o files is not available * checking files in ‘vignettes’ ... OK * checking examples ... OK Examples with CPU (user + system) or elapsed time > 5s user system elapsed detectPeak 179.836 3.323 204.623 imputeMat 32.063 0.904 37.101 alignSamples 29.599 0.930 35.610 writeEset 28.412 0.780 33.839 impute 27.951 0.769 32.414 getPeakList 26.510 0.738 29.947 annotation 26.298 0.639 31.169 plot 24.145 0.593 28.653 plotTIC 22.776 0.559 29.087 convert_to_mzML 22.097 0.864 26.490 plotFeatures 21.849 0.524 25.366 plotRaw 19.033 0.581 22.744 updatePtrSet 18.799 0.471 24.856 setSampleMetadata 18.797 0.439 21.886 resetSampleMetadata 17.920 0.491 22.874 plotCalib 17.944 0.437 21.327 rmPeakList 17.889 0.480 21.678 getDirectory 17.799 0.435 20.865 defineKnots 17.723 0.397 20.445 getFileNames 17.586 0.484 20.873 importSampleMetadata 17.542 0.441 20.521 createPtrSet 16.845 0.563 19.847 exportSampleMetada 16.968 0.403 19.548 changeTimeLimits 16.876 0.352 19.742 getSampleMetadata 16.779 0.408 19.113 * checking for unstated dependencies in ‘tests’ ... OK * checking tests ... Running ‘testthat.R’ OK * checking for unstated dependencies in vignettes ... OK * checking package vignettes ... OK * checking running R code from vignettes ... SKIPPED * checking re-building of vignette outputs ... SKIPPED * checking PDF version of manual ... OK * DONE Status: 2 WARNINGs, 1 NOTE See ‘/Users/biocbuild/bbs-3.19-bioc/meat/ptairMS.Rcheck/00check.log’ for details.
ptairMS.Rcheck/00install.out
############################################################################## ############################################################################## ### ### Running command: ### ### /Library/Frameworks/R.framework/Resources/bin/R CMD INSTALL ptairMS ### ############################################################################## ############################################################################## * installing to library ‘/Library/Frameworks/R.framework/Versions/4.4-x86_64/Resources/library’ * installing *source* package ‘ptairMS’ ... ** using staged installation ** libs using C++ compiler: ‘Apple clang version 14.0.0 (clang-1400.0.29.202)’ using SDK: ‘MacOSX11.3.sdk’ clang++ -arch x86_64 -std=gnu++17 -I"/Library/Frameworks/R.framework/Resources/include" -DNDEBUG -I'/Library/Frameworks/R.framework/Versions/4.4-x86_64/Resources/library/Rcpp/include' -I/opt/R/x86_64/include -fPIC -falign-functions=64 -Wall -g -O2 -c RcppExports.cpp -o RcppExports.o clang++ -arch x86_64 -std=gnu++17 -I"/Library/Frameworks/R.framework/Resources/include" -DNDEBUG -I'/Library/Frameworks/R.framework/Versions/4.4-x86_64/Resources/library/Rcpp/include' -I/opt/R/x86_64/include -fPIC -falign-functions=64 -Wall -g -O2 -c align.cpp -o align.o clang++ -arch x86_64 -std=gnu++17 -I"/Library/Frameworks/R.framework/Resources/include" -DNDEBUG -I'/Library/Frameworks/R.framework/Versions/4.4-x86_64/Resources/library/Rcpp/include' -I/opt/R/x86_64/include -fPIC -falign-functions=64 -Wall -g -O2 -c findEqualGreaterM.cpp -o findEqualGreaterM.o clang++ -arch x86_64 -std=gnu++17 -dynamiclib -Wl,-headerpad_max_install_names -undefined dynamic_lookup -L/Library/Frameworks/R.framework/Resources/lib -L/opt/R/x86_64/lib -o ptairMS.so RcppExports.o align.o findEqualGreaterM.o -F/Library/Frameworks/R.framework/.. -framework R -Wl,-framework -Wl,CoreFoundation installing to /Library/Frameworks/R.framework/Versions/4.4-x86_64/Resources/library/00LOCK-ptairMS/00new/ptairMS/libs ** R ** inst ** byte-compile and prepare package for lazy loading Warning: replacing previous import ‘Biobase::cache’ by ‘bit64::cache’ when loading ‘ptairMS’ ** help *** installing help indices ** building package indices ** installing vignettes ** testing if installed package can be loaded from temporary location Warning: replacing previous import ‘Biobase::cache’ by ‘bit64::cache’ when loading ‘ptairMS’ ** checking absolute paths in shared objects and dynamic libraries ** testing if installed package can be loaded from final location Warning: replacing previous import ‘Biobase::cache’ by ‘bit64::cache’ when loading ‘ptairMS’ ** testing if installed package keeps a record of temporary installation path * DONE (ptairMS)
ptairMS.Rcheck/tests/testthat.Rout
R Under development (unstable) (2024-01-16 r85808) -- "Unsuffered Consequences" Copyright (C) 2024 The R Foundation for Statistical Computing Platform: x86_64-apple-darwin20 R is free software and comes with ABSOLUTELY NO WARRANTY. You are welcome to redistribute it under certain conditions. Type 'license()' or 'licence()' for distribution details. R is a collaborative project with many contributors. Type 'contributors()' for more information and 'citation()' on how to cite R or R packages in publications. Type 'demo()' for some demos, 'help()' for on-line help, or 'help.start()' for an HTML browser interface to help. Type 'q()' to quit R. > library(testthat) > library(ptairMS) Warning message: replacing previous import 'Biobase::cache' by 'bit64::cache' when loading 'ptairMS' > > test_check("ptairMS") Control1.h5 : 3 peaks detected Control2.h5 : 4 peaks detected Specie-a1.h5 : 2 peaks detected Specie-a2.h5 : 3 peaks detected specie-b1.h5 : 4 peaks detected specie-b2.h5 : 3 peaks detected Control1.h5 : 2 peaks detected Control2.h5 : 2 peaks detected Specie-a1.h5 : 3 peaks detected Specie-a2.h5 : 3 peaks detected specie-b1.h5 : 2 peaks detected specie-b2.h5 : 3 peaks detected Control1.h5 : 4 peaks detected Control2.h5 : 6 peaks detected Specie-a1.h5 : 3 peaks detected Specie-a2.h5 : 4 peaks detected specie-b1.h5 : 5 peaks detected specie-b2.h5 : 4 peaks detected Control1.h5 : 3 peaks detected Control2.h5 : 2 peaks detected Specie-a1.h5 : 3 peaks detected Specie-a2.h5 : 3 peaks detected specie-b1.h5 : 4 peaks detected specie-b2.h5 : 4 peaks detected [ FAIL 0 | WARN 0 | SKIP 0 | PASS 59 ] > > proc.time() user system elapsed 147.219 4.523 175.272
ptairMS.Rcheck/ptairMS-Ex.timings
name | user | system | elapsed | |
LocalMaximaSG | 0.051 | 0.009 | 0.068 | |
PeakList | 1.555 | 0.151 | 2.012 | |
RunShinnyApp | 0.000 | 0.000 | 0.001 | |
alignSamples | 29.599 | 0.930 | 35.610 | |
annotation | 26.298 | 0.639 | 31.169 | |
calibration | 1.457 | 0.061 | 1.784 | |
changeTimeLimits | 16.876 | 0.352 | 19.742 | |
convert_to_mzML | 22.097 | 0.864 | 26.490 | |
createPtrSet | 16.845 | 0.563 | 19.847 | |
defineKnots | 17.723 | 0.397 | 20.445 | |
detectPeak | 179.836 | 3.323 | 204.623 | |
exportSampleMetada | 16.968 | 0.403 | 19.548 | |
formula2mass | 0.005 | 0.002 | 0.009 | |
getDirectory | 17.799 | 0.435 | 20.865 | |
getFileNames | 17.586 | 0.484 | 20.873 | |
getPeakList | 26.510 | 0.738 | 29.947 | |
getSampleMetadata | 16.779 | 0.408 | 19.113 | |
importSampleMetadata | 17.542 | 0.441 | 20.521 | |
impute | 27.951 | 0.769 | 32.414 | |
imputeMat | 32.063 | 0.904 | 37.101 | |
plot | 24.145 | 0.593 | 28.653 | |
plotCalib | 17.944 | 0.437 | 21.327 | |
plotFeatures | 21.849 | 0.524 | 25.366 | |
plotRaw | 19.033 | 0.581 | 22.744 | |
plotTIC | 22.776 | 0.559 | 29.087 | |
readRaw | 0.220 | 0.016 | 0.277 | |
resetSampleMetadata | 17.920 | 0.491 | 22.874 | |
rmPeakList | 17.889 | 0.480 | 21.678 | |
setSampleMetadata | 18.797 | 0.439 | 21.886 | |
timeLimits | 2.318 | 0.052 | 2.617 | |
updatePtrSet | 18.799 | 0.471 | 24.856 | |
writeEset | 28.412 | 0.780 | 33.839 | |