Back to Multiple platform build/check report for BioC 3.19:   simplified   long
ABCDEFGHIJKLMNO[P]QRSTUVWXYZ

This page was generated on 2024-02-22 12:48:46 -0500 (Thu, 22 Feb 2024).

HostnameOSArch (*)R versionInstalled pkgs
nebbiolo1Linux (Ubuntu 22.04.3 LTS)x86_64R Under development (unstable) (2024-01-16 r85808) -- "Unsuffered Consequences" 4657
palomino3Windows Server 2022 Datacenterx64R Under development (unstable) (2024-01-14 r85805 ucrt) -- "Unsuffered Consequences" 4397
Click on any hostname to see more info about the system (e.g. compilers)      (*) as reported by 'uname -p', except on Windows and Mac OS X

Package 1474/2244HostnameOS / ArchINSTALLBUILDCHECKBUILD BIN
panelcn.mops 1.25.0  (landing page)
Gundula Povysil
Snapshot Date: 2024-02-21 14:10:10 -0500 (Wed, 21 Feb 2024)
git_url: https://git.bioconductor.org/packages/panelcn.mops
git_branch: devel
git_last_commit: 14883a1
git_last_commit_date: 2023-10-24 10:59:52 -0500 (Tue, 24 Oct 2023)
nebbiolo1Linux (Ubuntu 22.04.3 LTS) / x86_64  OK    OK    OK  UNNEEDED, same version is already published
palomino3Windows Server 2022 Datacenter / x64  OK    ERROR  skippedskipped

BUILD results for panelcn.mops on palomino3


To the developers/maintainers of the panelcn.mops package:
- Allow up to 24 hours (and sometimes 48 hours) for your latest push to git@git.bioconductor.org:packages/panelcn.mops.git to reflect on this report. See Troubleshooting Build Report for more information.
- Use the following Renviron settings to reproduce errors and warnings.
- If 'R CMD check' started to fail recently on the Linux builder(s) over a missing dependency, add the missing dependency to 'Suggests:' in your DESCRIPTION file. See Renviron.bioc for more information.

raw results


Summary

Package: panelcn.mops
Version: 1.25.0
Command: chmod a+r panelcn.mops -R && F:\biocbuild\bbs-3.19-bioc\R\bin\R.exe CMD build --keep-empty-dirs --no-resave-data panelcn.mops
StartedAt: 2024-02-21 21:39:36 -0500 (Wed, 21 Feb 2024)
EndedAt: 2024-02-21 21:40:09 -0500 (Wed, 21 Feb 2024)
EllapsedTime: 32.6 seconds
RetCode: 1
Status:   ERROR  
PackageFile: None
PackageFileSize: NA

Command output

##############################################################################
##############################################################################
###
### Running command:
###
###   chmod a+r panelcn.mops -R && F:\biocbuild\bbs-3.19-bioc\R\bin\R.exe CMD build --keep-empty-dirs --no-resave-data panelcn.mops
###
##############################################################################
##############################################################################


* checking for file 'panelcn.mops/DESCRIPTION' ... OK
* preparing 'panelcn.mops':
* checking DESCRIPTION meta-information ... OK
* installing the package to build vignettes
* creating vignettes ... ERROR
--- re-building 'panelcn.mops.Rnw' using knitr
Warning in system(paste(shQuote(texi2dvi), "--version"), intern = TRUE) :
  running command '"C:\PROGRA~1\MiKTeX\miktex\bin\x64\texify.exe" --version' had status 1033
Warning in system(paste(shQuote(texi2dvi), if (quiet) "--quiet" else "",  :
  running command '"C:\PROGRA~1\MiKTeX\miktex\bin\x64\texify.exe" --quiet --pdf "panelcn.mops.tex" ' had status 1033
Error: processing vignette 'panelcn.mops.Rnw' failed with diagnostics:
Failed to locate 'texi2pdf' output file 'panelcn.mops.pdf' for vignette with name 'panelcn.mops' and engine 'knitr::knitr'. The following files exist in working directory 'F:\biocbuild\bbs-3.19-bioc\tmpdir\Rtmp4qN0Vy\Rbuild4b4440e1268\panelcn.mops\vignettes': '001.pdf' (30080 bytes), 'bioinf-article.txi' (1854 bytes), 'bioinf-bar.png' (67270 bytes), 'bioinf.cls' (7473 bytes), 'cnv.bib' (1199 bytes), 'natbib.bst' (24936 bytes), 'natbib.sty' (34227 bytes), 'panelcn.mops.R' (4974 bytes), 'panelcn.mops.Rnw' (15798 bytes), 'panelcn.mops.tex' (26723 bytes)
--- failed re-building 'panelcn.mops.Rnw'

SUMMARY: processing the following file failed:
  'panelcn.mops.Rnw'

Error: Vignette re-building failed.
Execution halted