Back to Multiple platform build/check report for BioC 3.18:   simplified   long
ABCDEFGHIJKLM[N]OPQRSTUVWXYZ

This page was generated on 2023-09-29 12:05:18 -0400 (Fri, 29 Sep 2023).

HostnameOSArch (*)R versionInstalled pkgs
nebbiolo2Linux (Ubuntu 22.04.2 LTS)x86_644.3.1 (2023-06-16) -- "Beagle Scouts" 4660
palomino4Windows Server 2022 Datacenterx644.3.1 (2023-06-16 ucrt) -- "Beagle Scouts" 4395
lconwaymacOS 12.6.5 Montereyx86_644.3.1 Patched (2023-06-17 r84564) -- "Beagle Scouts" 4409
kunpeng2Linux (openEuler 22.03 LTS-SP1)aarch644.3.1 (2023-06-16) -- "Beagle Scouts" 4400
Click on any hostname to see more info about the system (e.g. compilers)      (*) as reported by 'uname -p', except on Windows and Mac OS X

Package 1397/2233HostnameOS / ArchINSTALLBUILDCHECKBUILD BIN
nnSVG 1.5.8  (landing page)
Lukas M. Weber
Snapshot Date: 2023-09-28 14:05:06 -0400 (Thu, 28 Sep 2023)
git_url: https://git.bioconductor.org/packages/nnSVG
git_branch: devel
git_last_commit: e26ed63
git_last_commit_date: 2023-08-21 11:28:36 -0400 (Mon, 21 Aug 2023)
nebbiolo2Linux (Ubuntu 22.04.2 LTS) / x86_64  OK    OK    OK  UNNEEDED, same version is already published
palomino4Windows Server 2022 Datacenter / x64  OK    OK    OK    OK  UNNEEDED, same version is already published
lconwaymacOS 12.6.5 Monterey / x86_64  OK    ERROR  skippedskipped
kunpeng2Linux (openEuler 22.03 LTS-SP1) / aarch64  OK    TIMEOUT  skipped

BUILD results for nnSVG on lconway


To the developers/maintainers of the nnSVG package:
- Allow up to 24 hours (and sometimes 48 hours) for your latest push to git@git.bioconductor.org:packages/nnSVG.git to reflect on this report. See Troubleshooting Build Report for more information.
- Use the following Renviron settings to reproduce errors and warnings.
- If 'R CMD check' started to fail recently on the Linux builder(s) over a missing dependency, add the missing dependency to 'Suggests:' in your DESCRIPTION file. See Renviron.bioc for more information.

raw results


Summary

Package: nnSVG
Version: 1.5.8
Command: /Library/Frameworks/R.framework/Resources/bin/R CMD build --keep-empty-dirs --no-resave-data nnSVG
StartedAt: 2023-09-28 17:39:19 -0400 (Thu, 28 Sep 2023)
EndedAt: 2023-09-28 17:40:20 -0400 (Thu, 28 Sep 2023)
EllapsedTime: 60.7 seconds
RetCode: 1
Status:   ERROR  
PackageFile: None
PackageFileSize: NA

Command output

##############################################################################
##############################################################################
###
### Running command:
###
###   /Library/Frameworks/R.framework/Resources/bin/R CMD build --keep-empty-dirs --no-resave-data nnSVG
###
##############################################################################
##############################################################################


* checking for file ‘nnSVG/DESCRIPTION’ ... OK
* preparing ‘nnSVG’:
* checking DESCRIPTION meta-information ... OK
* installing the package to build vignettes
* creating vignettes ... ERROR
--- re-building ‘nnSVG.Rmd’ using rmarkdown

Quitting from lines 68-73 [unnamed-chunk-3] (nnSVG.Rmd)
Error: processing vignette 'nnSVG.Rmd' failed with diagnostics:
failed to load resource
  name: EH7538
  title: Visium_humanDLPFC
  reason: unknown input format
--- failed re-building ‘nnSVG.Rmd’

SUMMARY: processing the following file failed:
  ‘nnSVG.Rmd’

Error: Vignette re-building failed.
Execution halted