Back to Multiple platform build/check report for BioC 3.15
ABCDEFGHIJKL[M]NOPQRSTUVWXYZ

This page was generated on 2021-11-27 14:05:12 -0500 (Sat, 27 Nov 2021).

CHECK results for motifbreakR on riesling1

To the developers/maintainers of the motifbreakR package:
- Please allow up to 24 hours (and sometimes 48 hours) for your latest push to git@git.bioconductor.org:packages/motifbreakR.git to
reflect on this report. See How and When does the builder pull? When will my changes propagate? here for more information.
- Make sure to use the following settings in order to reproduce any error or warning you see on this page.

raw results

Package 1192/2068HostnameOS / ArchINSTALLBUILDCHECKBUILD BIN
motifbreakR 2.9.1  (landing page)
Simon Gert Coetzee
Snapshot Date: 2021-11-26 14:50:14 -0500 (Fri, 26 Nov 2021)
git_url: https://git.bioconductor.org/packages/motifbreakR
git_branch: master
git_last_commit: 9958f30
git_last_commit_date: 2021-11-17 09:15:02 -0500 (Wed, 17 Nov 2021)
nebbiolo1Linux (Ubuntu 20.04.3 LTS) / x86_64  OK    OK    WARNINGS  UNNEEDED, same version is already published
riesling1Windows Server 2019 Standard / x64  OK    OK    WARNINGS    OK  
merida1macOS 10.14.6 Mojave / x86_64  OK    OK    WARNINGS    OK  UNNEEDED, same version is already published

Summary

Package: motifbreakR
Version: 2.9.1
Command: D:\biocbuild\bbs-3.15-bioc\R\bin\R.exe CMD check --force-multiarch --install=check:motifbreakR.install-out.txt --library=D:\biocbuild\bbs-3.15-bioc\R\library --no-vignettes --timings motifbreakR_2.9.1.tar.gz
StartedAt: 2021-11-27 02:49:08 -0500 (Sat, 27 Nov 2021)
EndedAt: 2021-11-27 02:54:48 -0500 (Sat, 27 Nov 2021)
EllapsedTime: 339.7 seconds
RetCode: 0
Status:   WARNINGS  
CheckDir: motifbreakR.Rcheck
Warnings: 3

Command output

##############################################################################
##############################################################################
###
### Running command:
###
###   D:\biocbuild\bbs-3.15-bioc\R\bin\R.exe CMD check --force-multiarch --install=check:motifbreakR.install-out.txt --library=D:\biocbuild\bbs-3.15-bioc\R\library --no-vignettes --timings motifbreakR_2.9.1.tar.gz
###
##############################################################################
##############################################################################


* using log directory 'D:/biocbuild/bbs-3.15-bioc/meat/motifbreakR.Rcheck'
* using R Under development (unstable) (2021-11-21 r81221)
* using platform: x86_64-w64-mingw32 (64-bit)
* using session charset: ISO8859-1
* using option '--no-vignettes'
* checking for file 'motifbreakR/DESCRIPTION' ... OK
* this is package 'motifbreakR' version '2.9.1'
* checking package namespace information ... OK
* checking package dependencies ... OK
* checking if this is a source package ... OK
* checking if there is a namespace ... OK
* checking for hidden files and directories ... OK
* checking for portable file names ... OK
* checking whether package 'motifbreakR' can be installed ... WARNING
Found the following significant warnings:
  Warning: replacing previous import 'IRanges::windows' by 'grDevices::windows' when loading 'motifbreakR'
  Warning: replacing previous import 'S4Vectors::as.data.frame' by 'motifStack::as.data.frame' when loading 'motifbreakR'
See 'D:/biocbuild/bbs-3.15-bioc/meat/motifbreakR.Rcheck/00install.out' for details.
* checking installed package size ... OK
* checking package directory ... OK
* checking 'build' directory ... OK
* checking DESCRIPTION meta-information ... OK
* checking top-level files ... OK
* checking for left-over files ... OK
* checking index information ... OK
* checking package subdirectories ... OK
* checking R files for non-ASCII characters ... OK
* checking R files for syntax errors ... OK
* checking whether the package can be loaded ... OK
* checking whether the package can be loaded with stated dependencies ... OK
* checking whether the package can be unloaded cleanly ... OK
* checking whether the namespace can be loaded with stated dependencies ... OK
* checking whether the namespace can be unloaded cleanly ... OK
* checking dependencies in R code ... NOTE
Namespaces in Imports field not imported from:
  'compiler' 'grImport'
  All declared Imports should be used.
Package in Depends field not imported from: 'MotifDb'
  These packages need to be imported from (in the NAMESPACE file)
  for when this namespace is loaded but not attached.
* checking S3 generic/method consistency ... OK
* checking replacement functions ... OK
* checking foreign function calls ... OK
* checking R code for possible problems ... NOTE
formatVcfOut: no visible binding for global variable 'search.genome'
plotMotifLogoStack.2: no visible global function definition for 'par'
preparePWM: no visible binding for global variable 'threshold'
snps.from.file: no visible binding for global variable 'DNA_ALPHABET'
wScore: no visible global function definition for 'scoreMotif'
Undefined global functions or variables:
  DNA_ALPHABET par scoreMotif search.genome threshold
Consider adding
  importFrom("graphics", "par")
to your NAMESPACE file.
* checking Rd files ... OK
* checking Rd metadata ... OK
* checking Rd cross-references ... OK
* checking for missing documentation entries ... WARNING
Undocumented code objects:
  'rs1006140' 'variants.from.file'
Undocumented data sets:
  'rs1006140'
All user-level objects in a package should have documentation entries.
See chapter 'Writing R documentation files' in the 'Writing R
Extensions' manual.
* checking for code/documentation mismatches ... OK
* checking Rd \usage sections ... WARNING
Undocumented arguments in documentation object 'motifbreakR'
  'legacy.score'

Undocumented arguments in documentation object 'scoreAllWindows'
  'snp.seq' 'snp.seq.rc' 'pwm' 'from' 'to' 'pwm.range' 'calcp'

Undocumented arguments in documentation object 'snps.from.file'
  'indels'

Functions with \usage entries need to have the appropriate \alias
entries, and all their arguments documented.
The \usage entries must correspond to syntactically valid R code.
See chapter 'Writing R documentation files' in the 'Writing R
Extensions' manual.
* checking Rd contents ... OK
* checking for unstated dependencies in examples ... OK
* checking contents of 'data' directory ... OK
* checking data for non-ASCII characters ... OK
* checking LazyData ... OK
* checking data for ASCII and uncompressed saves ... OK
* checking files in 'vignettes' ... OK
* checking examples ... OK
Examples with CPU (user + system) or elapsed time > 5s
                user system elapsed
snps.from.rsid 25.69   0.90   26.59
motifbreakR     5.74   0.14    5.88
* checking for unstated dependencies in vignettes ... OK
* checking package vignettes in 'inst/doc' ... OK
* checking running R code from vignettes ... SKIPPED
* checking re-building of vignette outputs ... SKIPPED
* checking PDF version of manual ... OK
* DONE

Status: 3 WARNINGs, 2 NOTEs
See
  'D:/biocbuild/bbs-3.15-bioc/meat/motifbreakR.Rcheck/00check.log'
for details.



Installation output

motifbreakR.Rcheck/00install.out

##############################################################################
##############################################################################
###
### Running command:
###
###   C:\cygwin\bin\curl.exe -O http://155.52.207.165/BBS/3.15/bioc/src/contrib/motifbreakR_2.9.1.tar.gz && rm -rf motifbreakR.buildbin-libdir && mkdir motifbreakR.buildbin-libdir && D:\biocbuild\bbs-3.15-bioc\R\bin\R.exe CMD INSTALL --merge-multiarch --build --library=motifbreakR.buildbin-libdir motifbreakR_2.9.1.tar.gz && D:\biocbuild\bbs-3.15-bioc\R\bin\R.exe CMD INSTALL motifbreakR_2.9.1.zip && rm motifbreakR_2.9.1.tar.gz motifbreakR_2.9.1.zip
###
##############################################################################
##############################################################################


  % Total    % Received % Xferd  Average Speed   Time    Time     Time  Current
                                 Dload  Upload   Total   Spent    Left  Speed

  0     0    0     0    0     0      0      0 --:--:-- --:--:-- --:--:--     0
100 1738k  100 1738k    0     0  4587k      0 --:--:-- --:--:-- --:--:-- 4587k
only one architecture so ignoring '--merge-multiarch'
* installing *source* package 'motifbreakR' ...
** using staged installation
** R
** data
*** moving datasets to lazyload DB
** inst
** byte-compile and prepare package for lazy loading
See system.file("LICENSE", package="MotifDb") for use restrictions.
Warning: replacing previous import 'IRanges::windows' by 'grDevices::windows' when loading 'motifbreakR'
Warning: replacing previous import 'S4Vectors::as.data.frame' by 'motifStack::as.data.frame' when loading 'motifbreakR'
** help
*** installing help indices
  converting help for package 'motifbreakR'
    finding HTML links ... done
    calculatePvalue                         html  
    finding level-2 HTML links ... done

    encodemotif                             html  
    example.results                         html  
    factorbook                              html  
    hocomoco                                html  
    homer                                   html  
    motifbreakR                             html  
    motifbreakR_motif                       html  
    plotMB                                  html  
    scoreAllWindows                         html  
    snps.from.file                          html  
    snps.from.rsid                          html  
** building package indices
** installing vignettes
** testing if installed package can be loaded from temporary location
See system.file("LICENSE", package="MotifDb") for use restrictions.
Warning: replacing previous import 'IRanges::windows' by 'grDevices::windows' when loading 'motifbreakR'
Warning: replacing previous import 'S4Vectors::as.data.frame' by 'motifStack::as.data.frame' when loading 'motifbreakR'
** testing if installed package can be loaded from final location
See system.file("LICENSE", package="MotifDb") for use restrictions.
Warning: replacing previous import 'IRanges::windows' by 'grDevices::windows' when loading 'motifbreakR'
Warning: replacing previous import 'S4Vectors::as.data.frame' by 'motifStack::as.data.frame' when loading 'motifbreakR'
** testing if installed package keeps a record of temporary installation path
* MD5 sums
packaged installation of 'motifbreakR' as motifbreakR_2.9.1.zip
* DONE (motifbreakR)
* installing to library 'D:/biocbuild/bbs-3.15-bioc/R/library'
package 'motifbreakR' successfully unpacked and MD5 sums checked

Tests output


Example timings

motifbreakR.Rcheck/motifbreakR-Ex.timings

nameusersystemelapsed
calculatePvalue0.180.020.20
encodemotif0.700.000.71
example.results0.050.000.05
factorbook0.010.000.02
hocomoco000
homer0.000.010.01
motifbreakR5.740.145.88
motifbreakR_motif0.010.020.03
plotMB0.030.000.03
snps.from.file0.660.000.66
snps.from.rsid25.69 0.9026.59