Back to Multiple platform build/check report for BioC 3.17:   simplified   long
ABCDEFGHIJKL[M]NOPQRSTUVWXYZ

This page was generated on 2023-03-22 11:06:01 -0400 (Wed, 22 Mar 2023).

HostnameOSArch (*)R versionInstalled pkgs
nebbiolo1Linux (Ubuntu 22.04.1 LTS)x86_64R Under development (unstable) (2023-03-16 r83996) -- "Unsuffered Consequences" 4508
palomino3Windows Server 2022 Datacenterx64R Under development (unstable) (2023-03-15 r83984 ucrt) -- "Unsuffered Consequences" 4293
merida1macOS 10.14.6 Mojavex86_64R Under development (unstable) (2023-03-16 r83985) -- "Unsuffered Consequences" 4290
Click on any hostname to see more info about the system (e.g. compilers)      (*) as reported by 'uname -p', except on Windows and Mac OS X

BUILD results for microSTASIS on palomino3


To the developers/maintainers of the microSTASIS package:
- Please allow up to 24 hours (and sometimes 48 hours) for your latest push to git@git.bioconductor.org:packages/microSTASIS.git to
reflect on this report. See How and When does the builder pull? When will my changes propagate? for more information.
- Make sure to use the following settings in order to reproduce any error or warning you see on this page.

raw results

Package 1206/2189HostnameOS / ArchINSTALLBUILDCHECKBUILD BIN
microSTASIS 0.99.2  (landing page)
Pedro Sánchez-Sánchez
Snapshot Date: 2023-03-21 14:00:22 -0400 (Tue, 21 Mar 2023)
git_url: https://git.bioconductor.org/packages/microSTASIS
git_branch: master
git_last_commit: 310d051
git_last_commit_date: 2022-10-27 05:41:23 -0400 (Thu, 27 Oct 2022)
nebbiolo1Linux (Ubuntu 22.04.1 LTS) / x86_64  OK    OK    OK  UNNEEDED, same version is already published
palomino3Windows Server 2022 Datacenter / x64  OK    ERROR  skippedskipped
merida1macOS 10.14.6 Mojave / x86_64  OK    OK    OK    OK  UNNEEDED, same version is already published

Summary

Package: microSTASIS
Version: 0.99.2
Command: chmod a+r microSTASIS -R && F:\biocbuild\bbs-3.17-bioc\R\bin\R.exe CMD build --keep-empty-dirs --no-resave-data microSTASIS
StartedAt: 2023-03-21 20:14:35 -0400 (Tue, 21 Mar 2023)
EndedAt: 2023-03-21 20:15:47 -0400 (Tue, 21 Mar 2023)
EllapsedTime: 71.9 seconds
RetCode: 1
Status:   ERROR  
PackageFile: None
PackageFileSize: NA

Command output

##############################################################################
##############################################################################
###
### Running command:
###
###   chmod a+r microSTASIS -R && F:\biocbuild\bbs-3.17-bioc\R\bin\R.exe CMD build --keep-empty-dirs --no-resave-data microSTASIS
###
##############################################################################
##############################################################################


* checking for file 'microSTASIS/DESCRIPTION' ... OK
* preparing 'microSTASIS':
* checking DESCRIPTION meta-information ... OK
* installing the package to build vignettes
* creating vignettes ... ERROR
--- re-building 'microSTASIS.Rmd' using rmarkdown
Quitting from lines 190-196 (microSTASIS.Rmd) 
Error: processing vignette 'microSTASIS.Rmd' failed with diagnostics:
BiocParallel errors
  0 remote errors, element index: 
  3 unevaluated and other errors
  first remote error:

--- failed re-building 'microSTASIS.Rmd'

SUMMARY: processing the following file failed:
  'microSTASIS.Rmd'

Error: Vignette re-building failed.
Execution halted