Back to Multiple platform build/check report for BioC 3.15
ABCDEFGHIJKL[M]NOPQRSTUVWXYZ

This page was generated on 2022-01-24 11:07:49 -0500 (Mon, 24 Jan 2022).

HostnameOSArch (*)R versionInstalled pkgs
nebbiolo1Linux (Ubuntu 20.04.4 LTS)x86_64R Under development (unstable) (2022-01-05 r81451) -- "Unsuffered Consequences" 4163
riesling1Windows Server 2019 Standardx64R Under development (unstable) (2021-11-21 r81221) -- "Unsuffered Consequences" 4058
palomino3Windows Server 2022 Datacenterx64R Under development (unstable) (2021-12-21 r81400 ucrt) -- "Unsuffered Consequences" 4000
merida1macOS 10.14.6 Mojavex86_64R Under development (unstable) (2022-01-05 r81451) -- "Unsuffered Consequences" 4117
Click on any hostname to see more info about the system (e.g. compilers)      (*) as reported by 'uname -p', except on Windows and Mac OS X

CHECK results for miRNAmeConverter on riesling1


To the developers/maintainers of the miRNAmeConverter package:
- Please allow up to 24 hours (and sometimes 48 hours) for your latest push to git@git.bioconductor.org:packages/miRNAmeConverter.git to
reflect on this report. See How and When does the builder pull? When will my changes propagate? here for more information.
- Make sure to use the following settings in order to reproduce any error or warning you see on this page.

raw results

Package 1164/2075HostnameOS / ArchINSTALLBUILDCHECKBUILD BIN
miRNAmeConverter 1.23.0  (landing page)
Stefan J. Haunsberger
Snapshot Date: 2022-01-23 13:55:15 -0500 (Sun, 23 Jan 2022)
git_url: https://git.bioconductor.org/packages/miRNAmeConverter
git_branch: master
git_last_commit: 986d928
git_last_commit_date: 2021-10-26 12:26:05 -0500 (Tue, 26 Oct 2021)
nebbiolo1Linux (Ubuntu 20.04.4 LTS) / x86_64  OK    OK    WARNINGS  UNNEEDED, same version is already published
riesling1Windows Server 2019 Standard / x64  OK    OK    WARNINGS    OK  
palomino3Windows Server 2022 Datacenter / x64  OK    OK    WARNINGS    OK  NO, package depends on 'AnnotationDbi' which is not available
merida1macOS 10.14.6 Mojave / x86_64  OK    OK    WARNINGS    OK  UNNEEDED, same version is already published

Summary

Package: miRNAmeConverter
Version: 1.23.0
Command: D:\biocbuild\bbs-3.15-bioc\R\bin\R.exe CMD check --no-multiarch --install=check:miRNAmeConverter.install-out.txt --library=D:\biocbuild\bbs-3.15-bioc\R\library --no-vignettes --timings miRNAmeConverter_1.23.0.tar.gz
StartedAt: 2022-01-23 19:26:40 -0500 (Sun, 23 Jan 2022)
EndedAt: 2022-01-23 19:28:43 -0500 (Sun, 23 Jan 2022)
EllapsedTime: 122.9 seconds
RetCode: 0
Status:   WARNINGS  
CheckDir: miRNAmeConverter.Rcheck
Warnings: 1

Command output

##############################################################################
##############################################################################
###
### Running command:
###
###   D:\biocbuild\bbs-3.15-bioc\R\bin\R.exe CMD check --no-multiarch --install=check:miRNAmeConverter.install-out.txt --library=D:\biocbuild\bbs-3.15-bioc\R\library --no-vignettes --timings miRNAmeConverter_1.23.0.tar.gz
###
##############################################################################
##############################################################################


* using log directory 'D:/biocbuild/bbs-3.15-bioc/meat/miRNAmeConverter.Rcheck'
* using R Under development (unstable) (2021-11-21 r81221)
* using platform: x86_64-w64-mingw32 (64-bit)
* using session charset: ISO8859-1
* using option '--no-vignettes'
* checking for file 'miRNAmeConverter/DESCRIPTION' ... OK
* checking extension type ... Package
* this is package 'miRNAmeConverter' version '1.23.0'
* checking package namespace information ... OK
* checking package dependencies ... OK
* checking if this is a source package ... OK
* checking if there is a namespace ... OK
* checking for hidden files and directories ... OK
* checking for portable file names ... OK
* checking whether package 'miRNAmeConverter' can be installed ... OK
* checking installed package size ... OK
* checking package directory ... OK
* checking DESCRIPTION meta-information ...It is recommended to use 'given' instead of 'middle'.
 OK
* checking top-level files ... OK
* checking for left-over files ... OK
* checking index information ... OK
* checking package subdirectories ... OK
* checking R files for non-ASCII characters ... OK
* checking R files for syntax errors ... OK
* checking whether the package can be loaded ... OK
* checking whether the package can be loaded with stated dependencies ... OK
* checking whether the package can be unloaded cleanly ... OK
* checking whether the namespace can be loaded with stated dependencies ... OK
* checking whether the namespace can be unloaded cleanly ... OK
* checking dependencies in R code ... OK
* checking S3 generic/method consistency ... OK
* checking replacement functions ... OK
* checking foreign function calls ... OK
* checking R code for possible problems ... NOTE
MiRNANameConverter,ANY: no visible global function definition for 'new'
Undefined global functions or variables:
  new
Consider adding
  importFrom("methods", "new")
to your NAMESPACE file (and ensure that your DESCRIPTION Imports field
contains 'methods').
* checking Rd files ... OK
* checking Rd metadata ... OK
* checking Rd cross-references ... OK
* checking for missing documentation entries ... WARNING
Undocumented code objects:
  'getMirnasForMirbaseVersion'
Undocumented S4 methods:
  generic 'getMirnasForMirbaseVersion' and siglist 'MiRNANameConverter'
All user-level objects in a package (including S4 classes and methods)
should have documentation entries.
See chapter 'Writing R documentation files' in the 'Writing R
Extensions' manual.
* checking for code/documentation mismatches ... OK
* checking Rd \usage sections ... OK
* checking Rd contents ... OK
* checking for unstated dependencies in examples ... OK
* checking contents of 'data' directory ... OK
* checking data for non-ASCII characters ... OK
* checking LazyData ... OK
* checking data for ASCII and uncompressed saves ... OK
* checking examples ... OK
* checking for unstated dependencies in 'tests' ... OK
* checking tests ...
  Running 'testthat.R'
 OK
* checking PDF version of manual ... OK
* DONE

Status: 1 WARNING, 1 NOTE
See
  'D:/biocbuild/bbs-3.15-bioc/meat/miRNAmeConverter.Rcheck/00check.log'
for details.



Installation output

miRNAmeConverter.Rcheck/00install.out

##############################################################################
##############################################################################
###
### Running command:
###
###   D:\biocbuild\bbs-3.15-bioc\R\bin\R.exe CMD INSTALL miRNAmeConverter
###
##############################################################################
##############################################################################


* installing to library 'D:/biocbuild/bbs-3.15-bioc/R/library'
* installing *source* package 'miRNAmeConverter' ...
** using staged installation
It is recommended to use 'given' instead of 'middle'.
** R
** data
*** moving datasets to lazyload DB
** inst
** byte-compile and prepare package for lazy loading
Creating a generic function from function 'MiRNANameConverter' in package 'miRNAmeConverter'
** help
*** installing help indices
  converting help for package 'miRNAmeConverter'
    finding HTML links ... done
    MiRNANameConverter-ANY-method           html  
    MiRNANameConverter                      html  
    assessMiRNASwappingMIMAT                html  
    assessVersion                           html  
    checkMiRNAName                          html  
    currentVersion-set                      html  
    currentVersion                          html  
    example.miRNAs                          html  
    miRNAmeConverter                        html  
    nOrganisms-set                          html  
    nOrganisms                              html  
    nTotalEntries-set                       html  
    nTotalEntries                           html  
    saveResults                             html  
    show-MiRNANameConverter-method          html  
    translateMiRNAName                      html  
    validOrganisms-set                      html  
    validOrganisms                          html  
    validVersions-set                       html  
    validVersions                           html  
** building package indices
** testing if installed package can be loaded from temporary location
** testing if installed package can be loaded from final location
** testing if installed package keeps a record of temporary installation path
* DONE (miRNAmeConverter)
Making 'packages.html' ...Warning in packageDescription(i, lib.loc = lib, fields = "Title", encoding = "UTF-8") :
  DESCRIPTION file of package 'msmsTests' is missing or broken
 done

Tests output

miRNAmeConverter.Rcheck/tests/testthat.Rout


R Under development (unstable) (2021-11-21 r81221) -- "Unsuffered Consequences"
Copyright (C) 2021 The R Foundation for Statistical Computing
Platform: x86_64-w64-mingw32/x64 (64-bit)

R is free software and comes with ABSOLUTELY NO WARRANTY.
You are welcome to redistribute it under certain conditions.
Type 'license()' or 'licence()' for distribution details.

R is a collaborative project with many contributors.
Type 'contributors()' for more information and
'citation()' on how to cite R or R packages in publications.

Type 'demo()' for some demos, 'help()' for on-line help, or
'help.start()' for an HTML browser interface to help.
Type 'q()' to quit R.

> library(testthat)
> library(miRNAmeConverter)
Loading required package: miRBaseVersions.db
> 
> test_check("miRNAmeConverter")
	miRNA 'hsa-let-7a-3p' is the same as 'hsa-let-7a*'.
	->hsa-let-7a-3p is the most recent one and will be used. The other ones will be neglected.
[ FAIL 0 | WARN 0 | SKIP 0 | PASS 11 ]
> 
> proc.time()
   user  system elapsed 
   8.50    0.54    9.03 

Example timings

miRNAmeConverter.Rcheck/miRNAmeConverter-Ex.timings

nameusersystemelapsed
MiRNANameConverter-ANY-method0.220.232.50
assessVersion0.370.000.38
checkMiRNAName0.220.000.21
currentVersion0.090.000.10
miRNAmeConverter0.610.000.61
nOrganisms0.100.000.09
nTotalEntries0.060.000.06
saveResults0.880.000.87
translateMiRNAName0.80.00.8
validOrganisms0.090.000.09
validVersions0.090.000.10