Back to Multiple platform build/check report for BioC 3.16
ABCDEFGHIJKL[M]NOPQRSTUVWXYZ

This page was generated on 2022-06-14 11:43:35 -0400 (Tue, 14 Jun 2022).

HostnameOSArch (*)R versionInstalled pkgs
nebbiolo2Linux (Ubuntu 20.04.4 LTS)x86_644.2.0 Patched (2022-06-02 r82447) -- "Vigorous Calisthenics" 4328
palomino4Windows Server 2022 Datacenterx644.2.0 Patched (2022-06-02 r82447 ucrt) -- "Vigorous Calisthenics" 4133
Click on any hostname to see more info about the system (e.g. compilers)      (*) as reported by 'uname -p', except on Windows and Mac OS X

CHECK results for methylclock on palomino4


To the developers/maintainers of the methylclock package:
- Please allow up to 24 hours (and sometimes 48 hours) for your latest push to git@git.bioconductor.org:packages/methylclock.git to
reflect on this report. See How and When does the builder pull? When will my changes propagate? for more information.
- Make sure to use the following settings in order to reproduce any error or warning you see on this page.

raw results

Package 1137/2118HostnameOS / ArchINSTALLBUILDCHECKBUILD BIN
methylclock 1.3.0  (landing page)
Dolors Pelegri-Siso
Snapshot Date: 2022-06-13 14:00:04 -0400 (Mon, 13 Jun 2022)
git_url: https://git.bioconductor.org/packages/methylclock
git_branch: master
git_last_commit: 6542c12
git_last_commit_date: 2022-04-26 12:16:55 -0400 (Tue, 26 Apr 2022)
nebbiolo2Linux (Ubuntu 20.04.4 LTS) / x86_64  OK    OK    OK  UNNEEDED, same version is already published
palomino4Windows Server 2022 Datacenter / x64  OK    OK    ERROR    OK  

Summary

Package: methylclock
Version: 1.3.0
Command: F:\biocbuild\bbs-3.16-bioc\R\bin\R.exe CMD check --force-multiarch --install=check:methylclock.install-out.txt --library=F:\biocbuild\bbs-3.16-bioc\R\library --no-vignettes --timings methylclock_1.3.0.tar.gz
StartedAt: 2022-06-14 03:24:42 -0400 (Tue, 14 Jun 2022)
EndedAt: 2022-06-14 03:34:01 -0400 (Tue, 14 Jun 2022)
EllapsedTime: 559.2 seconds
RetCode: 1
Status:   ERROR  
CheckDir: methylclock.Rcheck
Warnings: NA

Command output

##############################################################################
##############################################################################
###
### Running command:
###
###   F:\biocbuild\bbs-3.16-bioc\R\bin\R.exe CMD check --force-multiarch --install=check:methylclock.install-out.txt --library=F:\biocbuild\bbs-3.16-bioc\R\library --no-vignettes --timings methylclock_1.3.0.tar.gz
###
##############################################################################
##############################################################################


* using log directory 'F:/biocbuild/bbs-3.16-bioc/meat/methylclock.Rcheck'
* using R version 4.2.0 Patched (2022-06-02 r82447 ucrt)
* using platform: x86_64-w64-mingw32 (64-bit)
* using session charset: UTF-8
* using option '--no-vignettes'
* checking for file 'methylclock/DESCRIPTION' ... OK
* checking extension type ... Package
* this is package 'methylclock' version '1.3.0'
* package encoding: UTF-8
* checking package namespace information ... OK
* checking package dependencies ... OK
* checking if this is a source package ... OK
* checking if there is a namespace ... OK
* checking for hidden files and directories ... OK
* checking for portable file names ... OK
* checking whether package 'methylclock' can be installed ... OK
* checking installed package size ... OK
* checking package directory ... OK
* checking 'build' directory ... OK
* checking DESCRIPTION meta-information ... OK
* checking top-level files ... OK
* checking for left-over files ... OK
* checking index information ... OK
* checking package subdirectories ... OK
* checking R files for non-ASCII characters ... OK
* checking R files for syntax errors ... OK
* checking whether the package can be loaded ... OK
* checking whether the package can be loaded with stated dependencies ... OK
* checking whether the package can be unloaded cleanly ... OK
* checking whether the namespace can be loaded with stated dependencies ... OK
* checking whether the namespace can be unloaded cleanly ... OK
* checking dependencies in R code ... NOTE
Namespace in Imports field not imported from: 'planet'
  All declared Imports should be used.
Unexported object imported by a ':::' call: 'minfi:::projectCellType'
  See the note in ?`:::` about the use of this operator.
* checking S3 generic/method consistency ... OK
* checking replacement functions ... OK
* checking foreign function calls ... OK
* checking R code for possible problems ... NOTE
DNAmAge: no visible binding for global variable 'coefHorvath'
DNAmAge: no visible binding for global variable 'coefHannum'
DNAmAge: no visible binding for global variable 'coefLevine'
DNAmAge: no visible binding for global variable 'coefSkin'
DNAmAge: no visible binding for global variable 'coefPedBE'
DNAmAge: no visible binding for global variable 'coefWu'
DNAmAge: no visible binding for global variable 'coefTL'
DNAmAge: no visible binding for global variable 'coefBLUP'
DNAmAge: no visible binding for global variable 'coefEN'
DNAmGA: no visible binding for global variable 'coefKnightGA'
DNAmGA: no visible binding for global variable 'coefBohlin'
DNAmGA: no visible binding for global variable 'coefMayneGA'
DNAmGA: no visible binding for global variable 'coefLeeGA'
DNAmGA: no visible binding for global variable 'coefEPIC'
DNAmGA: no visible global function definition for
  'meffil.estimate.cell.counts.from.betas'
DNAmGA: no visible global function definition for 'install.packages'
DNAmGA: no visible global function definition for 'data'
DNAmGA: no visible binding for global variable 'plCellCpGsThird'
checkClocks: no visible binding for global variable 'MethylationData'
checkClocks: no visible binding for global variable 'coefHorvath'
checkClocks: no visible binding for global variable 'coefHannum'
checkClocks: no visible binding for global variable 'coefLevine'
checkClocks: no visible binding for global variable 'coefSkin'
checkClocks: no visible binding for global variable 'coefPedBE'
checkClocks: no visible binding for global variable 'coefWu'
checkClocks: no visible binding for global variable 'coefTL'
checkClocks: no visible binding for global variable 'coefBLUP'
checkClocks: no visible binding for global variable 'coefEN'
checkClocksGA: no visible binding for global variable 'coefKnightGA'
checkClocksGA: no visible binding for global variable 'coefBohlin'
checkClocksGA: no visible binding for global variable 'coefMayneGA'
checkClocksGA: no visible binding for global variable 'coefLeeGA'
checkClocksGA: no visible binding for global variable 'coefEPIC'
cpgs_imputation: no visible binding for global variable 'cpgs.in'
plotCorClocks: no visible binding for global variable 'method'
plotCorClocks: no visible binding for global variable 'clock'
plotCorClocks: no visible binding for global variable 'age'
plotCorClocks: no visible binding for global variable '..rr.label..'
plotCorClocks: no visible binding for global variable '..p.label..'
plotDNAmAge: no visible binding for global variable '..eq.label..'
plotDNAmAge: no visible binding for global variable '..rr.label..'
Undefined global functions or variables:
  ..eq.label.. ..p.label.. ..rr.label.. MethylationData age clock
  coefBLUP coefBohlin coefEN coefEPIC coefHannum coefHorvath
  coefKnightGA coefLeeGA coefLevine coefMayneGA coefPedBE coefSkin
  coefTL coefWu cpgs.in data install.packages
  meffil.estimate.cell.counts.from.betas method plCellCpGsThird
Consider adding
  importFrom("utils", "data", "install.packages")
to your NAMESPACE file.
* checking Rd files ... OK
* checking Rd metadata ... OK
* checking Rd cross-references ... OK
* checking for missing documentation entries ... OK
* checking for code/documentation mismatches ... OK
* checking Rd \usage sections ... OK
* checking Rd contents ... OK
* checking for unstated dependencies in examples ... OK
* checking contents of 'data' directory ... OK
* checking data for non-ASCII characters ... OK
* checking data for ASCII and uncompressed saves ... OK
* checking line endings in C/C++/Fortran sources/headers ... OK
* checking compiled code ... NOTE
Note: information on .o files for x64 is not available
File 'F:/biocbuild/bbs-3.16-bioc/R/library/methylclock/libs/x64/methylclock.dll':
  Found 'abort', possibly from 'abort' (C), 'runtime' (Fortran)
  Found 'exit', possibly from 'exit' (C), 'stop' (Fortran)

Compiled code should not call entry points which might terminate R nor
write to stdout/stderr instead of to the console, nor use Fortran I/O
nor system RNGs. The detected symbols are linked into the code but
might come from libraries and not actually be called.

See 'Writing portable packages' in the 'Writing R Extensions' manual.
* checking files in 'vignettes' ... OK
* checking examples ... ERROR
Running examples in 'methylclock-Ex.R' failed
The error most likely occurred in:

> base::assign(".ptime", proc.time(), pos = "CheckExEnv")
> ### Name: load_DNAm_Clocks_data
> ### Title: Loads DNAm clock data from methylclockData
> ### Aliases: load_DNAm_Clocks_data
> 
> ### ** Examples
> 
> load_DNAm_Clocks_data()
snapshotDate(): 2022-05-17
see ?methylclockData and browseVignettes('methylclockData') for documentation
loading from cache
snapshotDate(): 2022-05-17
see ?methylclockData and browseVignettes('methylclockData') for documentation
loading from cache
snapshotDate(): 2022-05-17
see ?methylclockData and browseVignettes('methylclockData') for documentation
loading from cache
snapshotDate(): 2022-05-17
see ?methylclockData and browseVignettes('methylclockData') for documentation
loading from cache
snapshotDate(): 2022-05-17
see ?methylclockData and browseVignettes('methylclockData') for documentation
loading from cache
snapshotDate(): 2022-05-17
see ?methylclockData and browseVignettes('methylclockData') for documentation
loading from cache
snapshotDate(): 2022-05-17
see ?methylclockData and browseVignettes('methylclockData') for documentation
loading from cache
snapshotDate(): 2022-05-17
see ?methylclockData and browseVignettes('methylclockData') for documentation
loading from cache
Warning: file '22fc76c563d9_7418' has magic number 'SQLit'
  Use of save versions prior to 2 is deprecated
Error: failed to load resource
  name: EH7368
  title: Coefficients EN clock
  reason: error in evaluating the argument 'x' in selecting a method for function 'get': bad restore file magic number (file may be corrupted) -- no data loaded
Execution halted
* checking for unstated dependencies in vignettes ... OK
* checking package vignettes in 'inst/doc' ... OK
* checking running R code from vignettes ... SKIPPED
* checking re-building of vignette outputs ... SKIPPED
* checking PDF version of manual ... OK
* DONE

Status: 1 ERROR, 3 NOTEs
See
  'F:/biocbuild/bbs-3.16-bioc/meat/methylclock.Rcheck/00check.log'
for details.


Installation output

methylclock.Rcheck/00install.out

##############################################################################
##############################################################################
###
### Running command:
###
###   C:\cygwin\bin\curl.exe -O http://155.52.207.166/BBS/3.16/bioc/src/contrib/methylclock_1.3.0.tar.gz && rm -rf methylclock.buildbin-libdir && mkdir methylclock.buildbin-libdir && F:\biocbuild\bbs-3.16-bioc\R\bin\R.exe CMD INSTALL --merge-multiarch --build --library=methylclock.buildbin-libdir methylclock_1.3.0.tar.gz && F:\biocbuild\bbs-3.16-bioc\R\bin\R.exe CMD INSTALL methylclock_1.3.0.zip && rm methylclock_1.3.0.tar.gz methylclock_1.3.0.zip
###
##############################################################################
##############################################################################


  % Total    % Received % Xferd  Average Speed   Time    Time     Time  Current
                                 Dload  Upload   Total   Spent    Left  Speed

  0     0    0     0    0     0      0      0 --:--:-- --:--:-- --:--:--     0
100  234k  100  234k    0     0  2684k      0 --:--:-- --:--:-- --:--:-- 2726k
only one architecture so ignoring '--merge-multiarch'
* installing *source* package 'methylclock' ...
** using staged installation
** libs
g++ -std=gnu++11  -I"F:/biocbuild/bbs-3.16-bioc/R/include" -DNDEBUG  -I'F:/biocbuild/bbs-3.16-bioc/R/library/Rcpp/include'   -I"C:/rtools42/x86_64-w64-mingw32.static.posix/include"     -O2 -Wall  -mfpmath=sse -msse2 -mstackrealign  -c NewModel1Clean.cpp -o NewModel1Clean.o
g++ -std=gnu++11  -I"F:/biocbuild/bbs-3.16-bioc/R/include" -DNDEBUG  -I'F:/biocbuild/bbs-3.16-bioc/R/library/Rcpp/include'   -I"C:/rtools42/x86_64-w64-mingw32.static.posix/include"     -O2 -Wall  -mfpmath=sse -msse2 -mstackrealign  -c NewModel1Clean_emxAPI.cpp -o NewModel1Clean_emxAPI.o
g++ -std=gnu++11  -I"F:/biocbuild/bbs-3.16-bioc/R/include" -DNDEBUG  -I'F:/biocbuild/bbs-3.16-bioc/R/library/Rcpp/include'   -I"C:/rtools42/x86_64-w64-mingw32.static.posix/include"     -O2 -Wall  -mfpmath=sse -msse2 -mstackrealign  -c NewModel1Clean_emxutil.cpp -o NewModel1Clean_emxutil.o
g++ -std=gnu++11  -I"F:/biocbuild/bbs-3.16-bioc/R/include" -DNDEBUG  -I'F:/biocbuild/bbs-3.16-bioc/R/library/Rcpp/include'   -I"C:/rtools42/x86_64-w64-mingw32.static.posix/include"     -O2 -Wall  -mfpmath=sse -msse2 -mstackrealign  -c NewModel1Clean_initialize.cpp -o NewModel1Clean_initialize.o
g++ -std=gnu++11  -I"F:/biocbuild/bbs-3.16-bioc/R/include" -DNDEBUG  -I'F:/biocbuild/bbs-3.16-bioc/R/library/Rcpp/include'   -I"C:/rtools42/x86_64-w64-mingw32.static.posix/include"     -O2 -Wall  -mfpmath=sse -msse2 -mstackrealign  -c NewModel1Clean_terminate.cpp -o NewModel1Clean_terminate.o
g++ -std=gnu++11  -I"F:/biocbuild/bbs-3.16-bioc/R/include" -DNDEBUG  -I'F:/biocbuild/bbs-3.16-bioc/R/library/Rcpp/include'   -I"C:/rtools42/x86_64-w64-mingw32.static.posix/include"     -O2 -Wall  -mfpmath=sse -msse2 -mstackrealign  -c RcppExports.cpp -o RcppExports.o
g++ -std=gnu++11  -I"F:/biocbuild/bbs-3.16-bioc/R/include" -DNDEBUG  -I'F:/biocbuild/bbs-3.16-bioc/R/library/Rcpp/include'   -I"C:/rtools42/x86_64-w64-mingw32.static.posix/include"     -O2 -Wall  -mfpmath=sse -msse2 -mstackrealign  -c bsxfun.cpp -o bsxfun.o
g++ -std=gnu++11  -I"F:/biocbuild/bbs-3.16-bioc/R/include" -DNDEBUG  -I'F:/biocbuild/bbs-3.16-bioc/R/library/Rcpp/include'   -I"C:/rtools42/x86_64-w64-mingw32.static.posix/include"     -O2 -Wall  -mfpmath=sse -msse2 -mstackrealign  -c main.cpp -o main.o
main.cpp:37:14: warning: 'float argInit_real_T()' defined but not used [-Wunused-function]
   37 | static float argInit_real_T()
      |              ^~~~~~~~~~~~~~
g++ -std=gnu++11  -I"F:/biocbuild/bbs-3.16-bioc/R/include" -DNDEBUG  -I'F:/biocbuild/bbs-3.16-bioc/R/library/Rcpp/include'   -I"C:/rtools42/x86_64-w64-mingw32.static.posix/include"     -O2 -Wall  -mfpmath=sse -msse2 -mstackrealign  -c repmat.cpp -o repmat.o
g++ -std=gnu++11  -I"F:/biocbuild/bbs-3.16-bioc/R/include" -DNDEBUG  -I'F:/biocbuild/bbs-3.16-bioc/R/library/Rcpp/include'   -I"C:/rtools42/x86_64-w64-mingw32.static.posix/include"     -O2 -Wall  -mfpmath=sse -msse2 -mstackrealign  -c rtGetInf.cpp -o rtGetInf.o
g++ -std=gnu++11  -I"F:/biocbuild/bbs-3.16-bioc/R/include" -DNDEBUG  -I'F:/biocbuild/bbs-3.16-bioc/R/library/Rcpp/include'   -I"C:/rtools42/x86_64-w64-mingw32.static.posix/include"     -O2 -Wall  -mfpmath=sse -msse2 -mstackrealign  -c rtGetNaN.cpp -o rtGetNaN.o
g++ -std=gnu++11  -I"F:/biocbuild/bbs-3.16-bioc/R/include" -DNDEBUG  -I'F:/biocbuild/bbs-3.16-bioc/R/library/Rcpp/include'   -I"C:/rtools42/x86_64-w64-mingw32.static.posix/include"     -O2 -Wall  -mfpmath=sse -msse2 -mstackrealign  -c rt_nonfinite.cpp -o rt_nonfinite.o
g++ -std=gnu++11 -shared -s -static-libgcc -o methylclock.dll tmp.def NewModel1Clean.o NewModel1Clean_emxAPI.o NewModel1Clean_emxutil.o NewModel1Clean_initialize.o NewModel1Clean_terminate.o RcppExports.o bsxfun.o main.o repmat.o rtGetInf.o rtGetNaN.o rt_nonfinite.o -LC:/rtools42/x86_64-w64-mingw32.static.posix/lib/x64 -LC:/rtools42/x86_64-w64-mingw32.static.posix/lib -LF:/biocbuild/bbs-3.16-bioc/R/bin/x64 -lR
installing to F:/biocbuild/bbs-3.16-bioc/meat/methylclock.buildbin-libdir/00LOCK-methylclock/00new/methylclock/libs/x64
** R
** data
** inst
** byte-compile and prepare package for lazy loading
Warning message:
replacing previous import 'utils::download.file' by 'restfulr::download.file' when loading 'rtracklayer' 
** help
*** installing help indices
** building package indices
** installing vignettes
** testing if installed package can be loaded from temporary location
Warning: replacing previous import 'utils::download.file' by 'restfulr::download.file' when loading 'rtracklayer'
** testing if installed package can be loaded from final location
Warning: replacing previous import 'utils::download.file' by 'restfulr::download.file' when loading 'rtracklayer'
** testing if installed package keeps a record of temporary installation path
* MD5 sums
packaged installation of 'methylclock' as methylclock_1.3.0.zip
* DONE (methylclock)
* installing to library 'F:/biocbuild/bbs-3.16-bioc/R/library'
package 'methylclock' successfully unpacked and MD5 sums checked

Tests output


Example timings

methylclock.Rcheck/methylclock-Ex.timings

nameusersystemelapsed
DNAmAge31.56 3.4536.43
DNAmGA15.28 1.2817.32
checkClocks27.53 2.1930.83
checkClocksGA13.82 1.1115.59
commonClockCpgs41.41 3.1446.42
getCellTypeReference 8.34 1.4510.36
load_DNAmGA_Clocks_data25.15 2.1428.33