Back to Multiple platform build/check report for BioC 3.17 |
|
This page was generated on 2023-02-01 11:05:47 -0500 (Wed, 01 Feb 2023).
Hostname | OS | Arch (*) | R version | Installed pkgs |
---|---|---|---|---|
nebbiolo1 | Linux (Ubuntu 22.04.1 LTS) | x86_64 | R Under development (unstable) (2023-01-10 r83596) -- "Unsuffered Consequences" | 4483 |
palomino3 | Windows Server 2022 Datacenter | x64 | R Under development (unstable) (2023-01-10 r83596 ucrt) -- "Unsuffered Consequences" | 4249 |
merida1 | macOS 10.14.6 Mojave | x86_64 | R Under development (unstable) (2023-01-10 r83596) -- "Unsuffered Consequences" | 4272 |
Click on any hostname to see more info about the system (e.g. compilers) (*) as reported by 'uname -p', except on Windows and Mac OS X |
To the developers/maintainers of the lumi package: - Please allow up to 24 hours (and sometimes 48 hours) for your latest push to git@git.bioconductor.org:packages/lumi.git to reflect on this report. See How and When does the builder pull? When will my changes propagate? for more information. - Make sure to use the following settings in order to reproduce any error or warning you see on this page. |
Package 1052/2164 | Hostname | OS / Arch | INSTALL | BUILD | CHECK | BUILD BIN | ||||||||
lumi 2.51.0 (landing page) Lei Huang
| nebbiolo1 | Linux (Ubuntu 22.04.1 LTS) / x86_64 | OK | OK | WARNINGS | ![]() | ||||||||
palomino3 | Windows Server 2022 Datacenter / x64 | OK | OK | WARNINGS | OK | ![]() | ||||||||
merida1 | macOS 10.14.6 Mojave / x86_64 | OK | OK | WARNINGS | OK | ![]() | ||||||||
Package: lumi |
Version: 2.51.0 |
Command: /home/biocbuild/bbs-3.17-bioc/R/bin/R CMD check --install=check:lumi.install-out.txt --library=/home/biocbuild/bbs-3.17-bioc/R/library --timings lumi_2.51.0.tar.gz |
StartedAt: 2023-01-31 21:30:53 -0500 (Tue, 31 Jan 2023) |
EndedAt: 2023-01-31 21:37:37 -0500 (Tue, 31 Jan 2023) |
EllapsedTime: 404.0 seconds |
RetCode: 0 |
Status: WARNINGS |
CheckDir: lumi.Rcheck |
Warnings: 3 |
############################################################################## ############################################################################## ### ### Running command: ### ### /home/biocbuild/bbs-3.17-bioc/R/bin/R CMD check --install=check:lumi.install-out.txt --library=/home/biocbuild/bbs-3.17-bioc/R/library --timings lumi_2.51.0.tar.gz ### ############################################################################## ############################################################################## * using log directory ‘/home/biocbuild/bbs-3.17-bioc/meat/lumi.Rcheck’ * using R Under development (unstable) (2023-01-10 r83596) * using platform: x86_64-pc-linux-gnu (64-bit) * R was compiled by gcc (Ubuntu 11.3.0-1ubuntu1~22.04) 11.3.0 GNU Fortran (Ubuntu 11.3.0-1ubuntu1~22.04) 11.3.0 * running under: Ubuntu 22.04.1 LTS * using session charset: UTF-8 * checking for file ‘lumi/DESCRIPTION’ ... OK * checking extension type ... Package * this is package ‘lumi’ version ‘2.51.0’ * checking package namespace information ... OK * checking package dependencies ... OK * checking if this is a source package ... OK * checking if there is a namespace ... OK * checking for hidden files and directories ... OK * checking for portable file names ... OK * checking for sufficient/correct file permissions ... OK * checking whether package ‘lumi’ can be installed ... OK * checking installed package size ... OK * checking package directory ... OK * checking DESCRIPTION meta-information ... OK * checking top-level files ... OK * checking for left-over files ... OK * checking index information ... OK * checking package subdirectories ... OK * checking R files for non-ASCII characters ... OK * checking R files for syntax errors ... OK * checking whether the package can be loaded ... OK * checking whether the package can be loaded with stated dependencies ... OK * checking whether the package can be unloaded cleanly ... OK * checking whether the namespace can be loaded with stated dependencies ... OK * checking whether the namespace can be unloaded cleanly ... OK * checking dependencies in R code ... WARNING '::' or ':::' imports not declared from: ‘IRanges’ ‘bigmemoryExtras’ * checking S3 generic/method consistency ... OK * checking replacement functions ... OK * checking foreign function calls ... OK * checking R code for possible problems ... OK * checking Rd files ... NOTE checkRd: (-1) addNuID2lumi.Rd:21: Escaped LaTeX specials: \_ \_ \_ checkRd: (-1) getChipInfo.Rd:22: Escaped LaTeX specials: \_ \_ \_ \_ checkRd: (-1) getNuIDMappingInfo.Rd:17: Escaped LaTeX specials: \_ checkRd: (-1) lumiR.Rd:22: Escaped LaTeX specials: \_ checkRd: (-1) lumiR.Rd:34: Escaped LaTeX specials: \_ checkRd: (-1) lumiR.Rd:36: Escaped LaTeX specials: \_ \_ \_ \_ \_ \_ checkRd: (-1) lumiR.Rd:40: Escaped LaTeX specials: \_ \_ \_ \_ \_ \_ \_ \_ \_ \_ \_ \_ \_ \_ \_ \_ \_ \_ \_ \_ checkRd: (-1) lumiR.batch.Rd:24: Escaped LaTeX specials: \_ \_ \_ \_ \_ checkRd: (-1) nuID2EntrezID.Rd:19: Escaped LaTeX specials: \_ checkRd: (-1) nuID2IlluminaID.Rd:21: Escaped LaTeX specials: \_ \_ checkRd: (-1) nuID2RefSeqID.Rd:19: Escaped LaTeX specials: \_ checkRd: (-1) produceGEOSampleInfoTemplate.Rd:18: Escaped LaTeX specials: \_ \_ checkRd: (-1) produceGEOSampleInfoTemplate.Rd:18: Escaped LaTeX specials: \# checkRd: (-1) produceGEOSubmissionFile.Rd:23: Escaped LaTeX specials: \_ \_ \_ \_ checkRd: (-1) produceMethylationGEOSubmissionFile.Rd:23: Escaped LaTeX specials: \_ \_ \_ \_ checkRd: (-1) seq2id.Rd:18: Escaped LaTeX specials: \_ * checking Rd metadata ... OK * checking Rd cross-references ... WARNING Unknown package ‘bigmemoryExtras’ in Rd xrefs Missing link or links in documentation object 'lumiN.Rd': ‘[vsn]{vsn}’ See section 'Cross-references' in the 'Writing R Extensions' manual. * checking for missing documentation entries ... OK * checking for code/documentation mismatches ... OK * checking Rd \usage sections ... OK * checking Rd contents ... OK * checking for unstated dependencies in examples ... OK * checking contents of ‘data’ directory ... OK * checking data for non-ASCII characters ... OK * checking data for ASCII and uncompressed saves ... OK * checking files in ‘vignettes’ ... WARNING Files in the 'vignettes' directory but no files in 'inst/doc': ‘IlluminaAnnotation.R’ ‘IlluminaAnnotation.pdf’ ‘lumi.R’ ‘lumi.pdf’ ‘lumi_VST_evaluation.R’ ‘lumi_VST_evaluation.pdf’ ‘methylationAnalysis.R’ ‘methylationAnalysis.pdf’ Package has no Sweave vignette sources and no VignetteBuilder field. * checking examples ... OK Examples with CPU (user + system) or elapsed time > 5s user system elapsed lumiMethyStatus 37.501 0.664 38.165 * checking PDF version of manual ... OK * DONE Status: 3 WARNINGs, 1 NOTE See ‘/home/biocbuild/bbs-3.17-bioc/meat/lumi.Rcheck/00check.log’ for details.
lumi.Rcheck/00install.out
############################################################################## ############################################################################## ### ### Running command: ### ### /home/biocbuild/bbs-3.17-bioc/R/bin/R CMD INSTALL lumi ### ############################################################################## ############################################################################## * installing to library ‘/home/biocbuild/bbs-3.17-bioc/R/library’ * installing *source* package ‘lumi’ ... ** using staged installation ** R ** data ** inst ** byte-compile and prepare package for lazy loading No methods found in package ‘RSQLite’ for request: ‘dbListFields’ when loading ‘lumi’ ** help *** installing help indices ** building package indices ** installing vignettes ** testing if installed package can be loaded from temporary location No methods found in package ‘RSQLite’ for request: ‘dbListFields’ when loading ‘lumi’ ** testing if installed package can be loaded from final location No methods found in package ‘RSQLite’ for request: ‘dbListFields’ when loading ‘lumi’ ** testing if installed package keeps a record of temporary installation path * DONE (lumi)
lumi.Rcheck/lumi-Ex.timings
name | user | system | elapsed | |
LumiBatch-class | 2.028 | 0.124 | 2.152 | |
MAplot-methods | 4.367 | 0.052 | 4.420 | |
addAnnotationInfo | 0.054 | 0.000 | 0.054 | |
addControlData2lumi | 0 | 0 | 0 | |
addNuID2lumi | 0 | 0 | 0 | |
adjColorBias.quantile | 1.646 | 0.180 | 1.825 | |
adjColorBias.ssn | 0.324 | 0.028 | 0.352 | |
bgAdjust | 0.070 | 0.003 | 0.073 | |
bgAdjustMethylation | 0.129 | 0.009 | 0.137 | |
boxplot-MethyLumiM-methods | 0.414 | 0.000 | 0.415 | |
boxplot-methods | 0.079 | 0.004 | 0.082 | |
boxplotColorBias | 0.116 | 0.004 | 0.121 | |
density-methods | 0.085 | 0.000 | 0.084 | |
detectOutlier | 0.080 | 0.003 | 0.083 | |
detectionCall | 0.136 | 0.005 | 0.139 | |
estimateBeta | 0.144 | 0.015 | 0.160 | |
estimateIntensity | 0.145 | 0.023 | 0.170 | |
estimateLumiCV | 0.075 | 0.012 | 0.086 | |
estimateM | 0.396 | 0.004 | 0.400 | |
estimateMethylationBG | 0.106 | 0.001 | 0.106 | |
example.lumi | 0.069 | 0.000 | 0.069 | |
example.lumiMethy | 0.062 | 0.000 | 0.061 | |
example.methyTitration | 0.165 | 0.007 | 0.173 | |
gammaFitEM | 1.921 | 0.005 | 1.926 | |
getChipInfo | 3.769 | 0.295 | 4.141 | |
getControlData | 0.001 | 0.000 | 0.001 | |
getControlProbe | 0.001 | 0.000 | 0.001 | |
getControlType | 0.001 | 0.000 | 0.001 | |
getNuIDMappingInfo | 0.955 | 0.032 | 0.996 | |
hist-methods | 0.111 | 0.000 | 0.110 | |
id2seq | 0.001 | 0.000 | 0.001 | |
inverseVST | 0.437 | 0.032 | 0.469 | |
is.nuID | 0 | 0 | 0 | |
lumiB | 0.086 | 0.000 | 0.086 | |
lumiExpresso | 0.210 | 0.024 | 0.234 | |
lumiMethyB | 0.058 | 0.004 | 0.062 | |
lumiMethyC | 0.943 | 0.004 | 0.947 | |
lumiMethyN | 0.08 | 0.00 | 0.08 | |
lumiMethyStatus | 37.501 | 0.664 | 38.165 | |
lumiN | 0.394 | 0.008 | 0.402 | |
lumiQ | 0.243 | 0.004 | 0.246 | |
lumiR | 0.001 | 0.000 | 0.000 | |
lumiR.batch | 0.000 | 0.000 | 0.001 | |
lumiT | 0.307 | 0.000 | 0.308 | |
methylationCall | 1.848 | 0.008 | 1.857 | |
normalizeMethylation.quantile | 0.148 | 0.000 | 0.149 | |
normalizeMethylation.ssn | 0.117 | 0.000 | 0.117 | |
nuID2EntrezID | 0.715 | 0.008 | 0.722 | |
nuID2IlluminaID | 3.116 | 0.020 | 3.136 | |
nuID2RefSeqID | 2.248 | 0.084 | 2.332 | |
nuID2probeID | 2.863 | 0.004 | 2.867 | |
nuID2targetID | 2.828 | 0.008 | 2.836 | |
pairs-methods | 0.716 | 0.020 | 0.737 | |
plot-methods | 1.906 | 0.019 | 1.924 | |
plotCDF | 0.131 | 0.008 | 0.140 | |
plotColorBias1D | 0.175 | 0.004 | 0.178 | |
plotColorBias2D | 0.15 | 0.00 | 0.15 | |
plotControlData | 0.000 | 0.001 | 0.001 | |
plotDensity | 0.102 | 0.005 | 0.107 | |
plotGammaFit | 2.307 | 0.008 | 2.314 | |
plotHousekeepingGene | 0.001 | 0.000 | 0.001 | |
plotSampleRelation | 0.414 | 0.040 | 0.453 | |
plotStringencyGene | 0.001 | 0.000 | 0.001 | |
plotVST | 0.296 | 0.004 | 0.299 | |
probeID2nuID | 2.738 | 0.028 | 2.766 | |
produceGEOPlatformFile | 0.000 | 0.001 | 0.000 | |
produceGEOSubmissionFile | 0 | 0 | 0 | |
produceMethylationGEOSubmissionFile | 0 | 0 | 0 | |
seq2id | 0 | 0 | 0 | |
targetID2nuID | 2.834 | 0.036 | 2.869 | |
vst | 0.164 | 0.000 | 0.165 | |