Back to Multiple platform build/check report for BioC 3.17:   simplified   long
ABCDEFGHIJK[L]MNOPQRSTUVWXYZ

This page was generated on 2023-02-07 11:05:18 -0500 (Tue, 07 Feb 2023).

HostnameOSArch (*)R versionInstalled pkgs
nebbiolo1Linux (Ubuntu 22.04.1 LTS)x86_64R Under development (unstable) (2023-01-10 r83596) -- "Unsuffered Consequences" 4483
palomino3Windows Server 2022 Datacenterx64R Under development (unstable) (2023-01-10 r83596 ucrt) -- "Unsuffered Consequences" 4249
merida1macOS 10.14.6 Mojavex86_64R Under development (unstable) (2023-01-10 r83596) -- "Unsuffered Consequences" 4272
Click on any hostname to see more info about the system (e.g. compilers)      (*) as reported by 'uname -p', except on Windows and Mac OS X

CHECK results for lmdme on nebbiolo1


To the developers/maintainers of the lmdme package:
- Please allow up to 24 hours (and sometimes 48 hours) for your latest push to git@git.bioconductor.org:packages/lmdme.git to
reflect on this report. See How and When does the builder pull? When will my changes propagate? for more information.
- Make sure to use the following settings in order to reproduce any error or warning you see on this page.

raw results

Package 1038/2164HostnameOS / ArchINSTALLBUILDCHECKBUILD BIN
lmdme 1.41.0  (landing page)
Cristobal Fresno
Snapshot Date: 2023-02-06 14:00:21 -0500 (Mon, 06 Feb 2023)
git_url: https://git.bioconductor.org/packages/lmdme
git_branch: master
git_last_commit: b42fe62
git_last_commit_date: 2022-11-01 11:07:18 -0500 (Tue, 01 Nov 2022)
nebbiolo1Linux (Ubuntu 22.04.1 LTS) / x86_64  OK    OK    WARNINGS  UNNEEDED, same version is already published
palomino3Windows Server 2022 Datacenter / x64  OK    OK    WARNINGS    OK  UNNEEDED, same version is already published
merida1macOS 10.14.6 Mojave / x86_64  OK    OK    WARNINGS    OK  UNNEEDED, same version is already published

Summary

Package: lmdme
Version: 1.41.0
Command: /home/biocbuild/bbs-3.17-bioc/R/bin/R CMD check --install=check:lmdme.install-out.txt --library=/home/biocbuild/bbs-3.17-bioc/R/library --timings lmdme_1.41.0.tar.gz
StartedAt: 2023-02-06 21:35:18 -0500 (Mon, 06 Feb 2023)
EndedAt: 2023-02-06 21:36:13 -0500 (Mon, 06 Feb 2023)
EllapsedTime: 55.3 seconds
RetCode: 0
Status:   WARNINGS  
CheckDir: lmdme.Rcheck
Warnings: 1

Command output

##############################################################################
##############################################################################
###
### Running command:
###
###   /home/biocbuild/bbs-3.17-bioc/R/bin/R CMD check --install=check:lmdme.install-out.txt --library=/home/biocbuild/bbs-3.17-bioc/R/library --timings lmdme_1.41.0.tar.gz
###
##############################################################################
##############################################################################


* using log directory ‘/home/biocbuild/bbs-3.17-bioc/meat/lmdme.Rcheck’
* using R Under development (unstable) (2023-01-10 r83596)
* using platform: x86_64-pc-linux-gnu (64-bit)
* R was compiled by
    gcc (Ubuntu 11.3.0-1ubuntu1~22.04) 11.3.0
    GNU Fortran (Ubuntu 11.3.0-1ubuntu1~22.04) 11.3.0
* running under: Ubuntu 22.04.1 LTS
* using session charset: UTF-8
* checking for file ‘lmdme/DESCRIPTION’ ... OK
* checking extension type ... Package
* this is package ‘lmdme’ version ‘1.41.0’
* checking package namespace information ... OK
* checking package dependencies ... OK
* checking if this is a source package ... OK
* checking if there is a namespace ... OK
* checking for hidden files and directories ... OK
* checking for portable file names ... OK
* checking for sufficient/correct file permissions ... OK
* checking whether package ‘lmdme’ can be installed ... OK
* checking installed package size ... OK
* checking package directory ... OK
* checking ‘build’ directory ... OK
* checking DESCRIPTION meta-information ... OK
* checking top-level files ... OK
* checking for left-over files ... OK
* checking index information ... OK
* checking package subdirectories ... OK
* checking R files for non-ASCII characters ... OK
* checking R files for syntax errors ... OK
* checking whether the package can be loaded ... OK
* checking whether the package can be loaded with stated dependencies ... OK
* checking whether the package can be unloaded cleanly ... OK
* checking whether the namespace can be loaded with stated dependencies ... OK
* checking whether the namespace can be unloaded cleanly ... OK
* checking dependencies in R code ... NOTE
'library' or 'require' call to ‘parallel’ in package code.
  Please use :: or requireNamespace() instead.
  See section 'Suggested packages' in the 'Writing R Extensions' manual.
* checking S3 generic/method consistency ... OK
* checking replacement functions ... OK
* checking foreign function calls ... OK
* checking R code for possible problems ... NOTE
biplot,lmdme : <anonymous>: no visible global function definition for
  ‘X11’
biplot,lmdme : <anonymous>: no visible global function definition for
  ‘par’
biplot,lmdme : <anonymous>: no visible global function definition for
  ‘abline’
decomposition,lmdme : <anonymous>: no visible global function
  definition for ‘prcomp’
decomposition,lmdme : <anonymous>: no visible global function
  definition for ‘model.matrix’
decomposition,lmdme : <anonymous>: no visible global function
  definition for ‘plsr’
fitted.values,lmdme : <anonymous>: no visible global function
  definition for ‘model.matrix’
fitted.values,lmdme : <anonymous>: no visible global function
  definition for ‘as.formula’
leverage,lmdme: no visible global function definition for ‘prcomp’
leverage,lmdme: no visible global function definition for ‘quantile’
lmdme,formula-ANY-data.frame : printnow: no visible global function
  definition for ‘flush.console’
lmdme,formula-ANY-data.frame: no visible global function definition for
  ‘terms’
lmdme,formula-ANY-data.frame: no visible binding for global variable
  ‘as.formula’
lmdme,formula-ANY-data.frame : <anonymous>: no visible global function
  definition for ‘model.matrix’
lmdme,formula-ANY-data.frame : <anonymous>: no visible global function
  definition for ‘as.formula’
lmdme,formula-ANY-data.frame : <anonymous>: no visible global function
  definition for ‘pt’
lmdme,formula-ANY-data.frame : <anonymous>: no visible global function
  definition for ‘pchisq’
lmdme,formula-ANY-data.frame : <anonymous>: no visible global function
  definition for ‘pf’
lmdme,formula-ANY-data.frame : <anonymous>: no visible global function
  definition for ‘terms’
loadingplot,lmdme: no visible global function definition for ‘loadings’
loadingplot,lmdme: no visible global function definition for ‘matplot’
loadingplot,lmdme: no visible global function definition for ‘box’
loadingplot,lmdme: no visible global function definition for ‘axis’
loadingplot,lmdme: no visible global function definition for ‘legend’
p.adjust,lmdme: no visible binding for global variable
  ‘p.adjust.methods’
permutation,formula-data.frame-data.frame : printnow: no visible global
  function definition for ‘flush.console’
permutation,formula-data.frame-data.frame: no visible binding for
  global variable ‘mclapply’
permutation,formula-data.frame-data.frame: no visible global function
  definition for ‘detectCores’
print,lmdme: no visible global function definition for ‘head’
print,lmdme: no visible global function definition for ‘pvalues’
print,lmdme: no visible binding for global variable ‘head’
screeplot,lmdme : <anonymous>: no visible global function definition
  for ‘X11’
screeplot,lmdme : <anonymous>: no visible global function definition
  for ‘par’
screeplot,lmdme : <anonymous>: no visible global function definition
  for ‘lines’
screeplot,lmdme: no visible global function definition for ‘legend’
show,lmdme: no visible global function definition for ‘head’
Undefined global functions or variables:
  X11 abline as.formula axis box detectCores flush.console head legend
  lines loadings matplot mclapply model.matrix p.adjust.methods par
  pchisq pf plsr prcomp pt pvalues quantile terms
Consider adding
  importFrom("grDevices", "X11")
  importFrom("graphics", "abline", "axis", "box", "legend", "lines",
             "matplot", "par")
  importFrom("stats", "as.formula", "loadings", "model.matrix",
             "p.adjust.methods", "pchisq", "pf", "prcomp", "pt",
             "quantile", "terms")
  importFrom("utils", "flush.console", "head")
to your NAMESPACE file.
* checking Rd files ... OK
* checking Rd metadata ... OK
* checking Rd cross-references ... OK
* checking for missing documentation entries ... OK
* checking for code/documentation mismatches ... OK
* checking Rd \usage sections ... WARNING
Documented arguments not in \usage in documentation object 'p.adjust':
  ‘...’

Functions with \usage entries need to have the appropriate \alias
entries, and all their arguments documented.
The \usage entries must correspond to syntactically valid R code.
See chapter ‘Writing R documentation files’ in the ‘Writing R
Extensions’ manual.
* checking Rd contents ... OK
* checking for unstated dependencies in examples ... OK
* checking files in ‘vignettes’ ... OK
* checking examples ... OK
Examples with CPU (user + system) or elapsed time > 5s
                 user system elapsed
lmdme-printshow 7.299  0.999   1.923
* checking for unstated dependencies in vignettes ... OK
* checking package vignettes in ‘inst/doc’ ... OK
* checking running R code from vignettes ...
  ‘lmdme-vignette.Rnw’... OK
 OK
* checking re-building of vignette outputs ... OK
* checking PDF version of manual ... OK
* DONE

Status: 1 WARNING, 2 NOTEs
See
  ‘/home/biocbuild/bbs-3.17-bioc/meat/lmdme.Rcheck/00check.log’
for details.



Installation output

lmdme.Rcheck/00install.out

##############################################################################
##############################################################################
###
### Running command:
###
###   /home/biocbuild/bbs-3.17-bioc/R/bin/R CMD INSTALL lmdme
###
##############################################################################
##############################################################################


* installing to library ‘/home/biocbuild/bbs-3.17-bioc/R/library’
* installing *source* package ‘lmdme’ ...
** using staged installation
** R
** inst
** byte-compile and prepare package for lazy loading
Creating a new generic function for ‘p.adjust’ in package ‘lmdme’
** help
*** installing help indices
** building package indices
** installing vignettes
** testing if installed package can be loaded from temporary location
** testing if installed package can be loaded from final location
** testing if installed package keeps a record of temporary installation path
* DONE (lmdme)

Tests output


Example timings

lmdme.Rcheck/lmdme-Ex.timings

nameusersystemelapsed
lmdme-biplot2.2120.0842.297
lmdme-decomposition1.9710.0161.987
lmdme-getters2.1160.0322.148
lmdme-leverage2.1960.0282.225
lmdme-lmdme1.8900.0321.922
lmdme-loadingplot1.8450.0521.897
lmdme-padjust1.9460.0562.002
lmdme-permutation0.9300.1933.271
lmdme-printshow7.2990.9991.923
lmdme-screeplot2.1420.0122.155