Back to Multiple platform build/check report for BioC 3.15
ABCDEFGH[I]JKLMNOPQRSTUVWXYZ

This page was generated on 2022-01-17 11:07:34 -0500 (Mon, 17 Jan 2022).

HostnameOSArch (*)R versionInstalled pkgs
nebbiolo1Linux (Ubuntu 20.04.4 LTS)x86_64R Under development (unstable) (2022-01-05 r81451) -- "Unsuffered Consequences" 4161
riesling1Windows Server 2019 Standardx64R Under development (unstable) (2021-11-21 r81221) -- "Unsuffered Consequences" 4056
palomino3Windows Server 2022 Datacenterx64R Under development (unstable) (2021-12-21 r81400 ucrt) -- "Unsuffered Consequences" 3998
merida1macOS 10.14.6 Mojavex86_64R Under development (unstable) (2022-01-05 r81451) -- "Unsuffered Consequences" 4115
Click on any hostname to see more info about the system (e.g. compilers)      (*) as reported by 'uname -p', except on Windows and Mac OS X

CHECK results for igvR on riesling1


To the developers/maintainers of the igvR package:
- Please allow up to 24 hours (and sometimes 48 hours) for your latest push to git@git.bioconductor.org:packages/igvR.git to
reflect on this report. See How and When does the builder pull? When will my changes propagate? here for more information.
- Make sure to use the following settings in order to reproduce any error or warning you see on this page.

raw results

Package 915/2074HostnameOS / ArchINSTALLBUILDCHECKBUILD BIN
igvR 1.15.0  (landing page)
Paul Shannon
Snapshot Date: 2022-01-16 13:55:18 -0500 (Sun, 16 Jan 2022)
git_url: https://git.bioconductor.org/packages/igvR
git_branch: master
git_last_commit: 6b9972e
git_last_commit_date: 2021-10-26 12:44:17 -0500 (Tue, 26 Oct 2021)
nebbiolo1Linux (Ubuntu 20.04.4 LTS) / x86_64  OK    OK    WARNINGS  UNNEEDED, same version is already published
riesling1Windows Server 2019 Standard / x64  OK    OK    WARNINGS    OK  
palomino3Windows Server 2022 Datacenter / x64  OK    OK    WARNINGS    OK  NO, package depends on 'GenomicRanges' which is not available
merida1macOS 10.14.6 Mojave / x86_64  OK    OK    WARNINGS    OK  UNNEEDED, same version is already published

Summary

Package: igvR
Version: 1.15.0
Command: D:\biocbuild\bbs-3.15-bioc\R\bin\R.exe CMD check --no-multiarch --install=check:igvR.install-out.txt --library=D:\biocbuild\bbs-3.15-bioc\R\library --no-vignettes --timings igvR_1.15.0.tar.gz
StartedAt: 2022-01-16 19:14:56 -0500 (Sun, 16 Jan 2022)
EndedAt: 2022-01-16 19:19:27 -0500 (Sun, 16 Jan 2022)
EllapsedTime: 271.9 seconds
RetCode: 0
Status:   WARNINGS  
CheckDir: igvR.Rcheck
Warnings: 2

Command output

##############################################################################
##############################################################################
###
### Running command:
###
###   D:\biocbuild\bbs-3.15-bioc\R\bin\R.exe CMD check --no-multiarch --install=check:igvR.install-out.txt --library=D:\biocbuild\bbs-3.15-bioc\R\library --no-vignettes --timings igvR_1.15.0.tar.gz
###
##############################################################################
##############################################################################


* using log directory 'D:/biocbuild/bbs-3.15-bioc/meat/igvR.Rcheck'
* using R Under development (unstable) (2021-11-21 r81221)
* using platform: x86_64-w64-mingw32 (64-bit)
* using session charset: ISO8859-1
* using option '--no-vignettes'
* checking for file 'igvR/DESCRIPTION' ... OK
* checking extension type ... Package
* this is package 'igvR' version '1.15.0'
* package encoding: UTF-8
* checking package namespace information ... OK
* checking package dependencies ... OK
* checking if this is a source package ... OK
* checking if there is a namespace ... OK
* checking for hidden files and directories ... OK
* checking for portable file names ... OK
* checking whether package 'igvR' can be installed ... OK
* checking installed package size ... NOTE
  installed size is 11.5Mb
  sub-directories of 1Mb or more:
    browserCode   8.8Mb
    extdata       2.0Mb
* checking package directory ... OK
* checking 'build' directory ... OK
* checking DESCRIPTION meta-information ... OK
* checking top-level files ... OK
* checking for left-over files ... OK
* checking index information ... OK
* checking package subdirectories ... OK
* checking R files for non-ASCII characters ... OK
* checking R files for syntax errors ... OK
* checking whether the package can be loaded ... OK
* checking whether the package can be loaded with stated dependencies ... OK
* checking whether the package can be unloaded cleanly ... OK
* checking whether the namespace can be loaded with stated dependencies ... OK
* checking whether the namespace can be unloaded cleanly ... WARNING
---- unloading
Error in .mergeMethodsTable(generic, mtable, tt, attach) : 
  trying to get slot "defined" from an object of a basic class ("environment") with no slots
Calls: unloadNamespace ... <Anonymous> -> .updateMethodsInTable -> .mergeMethodsTable
Execution halted
* checking dependencies in R code ... OK
* checking S3 generic/method consistency ... OK
* checking replacement functions ... OK
* checking foreign function calls ... OK
* checking R code for possible problems ... OK
* checking Rd files ... OK
* checking Rd metadata ... OK
* checking Rd cross-references ... OK
* checking for missing documentation entries ... OK
* checking for code/documentation mismatches ... OK
* checking Rd \usage sections ... OK
* checking Rd contents ... OK
* checking for unstated dependencies in examples ... OK
* checking include directives in Makefiles ... OK
* checking files in 'vignettes' ... OK
* checking examples ... OK
* checking for unstated dependencies in vignettes ... OK
* checking package vignettes in 'inst/doc' ... WARNING
  Found 'inst/doc/makefile': should be 'Makefile' and will be ignored
* checking running R code from vignettes ... SKIPPED
* checking re-building of vignette outputs ... SKIPPED
* checking PDF version of manual ... OK
* DONE

Status: 2 WARNINGs, 1 NOTE
See
  'D:/biocbuild/bbs-3.15-bioc/meat/igvR.Rcheck/00check.log'
for details.



Installation output

igvR.Rcheck/00install.out

##############################################################################
##############################################################################
###
### Running command:
###
###   D:\biocbuild\bbs-3.15-bioc\R\bin\R.exe CMD INSTALL igvR
###
##############################################################################
##############################################################################


* installing to library 'D:/biocbuild/bbs-3.15-bioc/R/library'
* installing *source* package 'igvR' ...
** using staged installation
** R
** inst
** byte-compile and prepare package for lazy loading
See system.file("LICENSE", package="MotifDb") for use restrictions.
** help
*** installing help indices
  converting help for package 'igvR'
    finding HTML links ... done
    BedpeInteractionsTrack-class            html  
    DataFrameAnnotationTrack-class          html  
    DataFrameQuantitativeTrack-class        html  
    GRangesAnnotationTrack-class            html  
    GRangesQuantitativeTrack-class          html  
    GenomicAlignmentTrack-class             html  
    QuantitativeTrack-class                 html  
    RemoteAlignmentTrack-class              html  
    Track-class                             html  
    UCSCBedAnnotationTrack-class            html  
    UCSCBedGraphQuantitativeTrack-class     html  
    VariantTrack-class                      html  
    displayTrack                            html  
    enableMotifLogoPopups                   html  
    getGenomicRegion                        html  
    getSupportedGenomes                     html  
    getTrackNames                           html  
    igvAnnotationTrack-class                html  
    igvR-class                              html  
    ping                                    html  
    removeTracksByName                      html  
    saveToSVG                               html  
    setCustomGenome                         html  
    setGenome                               html  
    setTrackClickFunction                   html  
    showGenomicRegion                       html  
    showTrackLabels                         html  
    trackInfo                               html  
    trackSize-BedpeInteractionsTrack-method
                                            html  
    trackSize-DataFrameAnnotationTrack-method
                                            html  
    trackSize-DataFrameQuantitativeTrack-method
                                            html  
    trackSize-GRangesAnnotationTrack-method
                                            html  
    trackSize-GRangesQuantitativeTrack-method
                                            html  
    trackSize-GenomicAlignmentTrack-method
                                            html  
    trackSize-UCSCBedAnnotationTrack-method
                                            html  
    trackSize-UCSCBedGraphQuantitativeTrack-method
                                            html  
    trackSize-VariantTrack-method           html  
    trackSize                               html  
** building package indices
** installing vignettes
** testing if installed package can be loaded from temporary location
See system.file("LICENSE", package="MotifDb") for use restrictions.
** testing if installed package can be loaded from final location
See system.file("LICENSE", package="MotifDb") for use restrictions.
** testing if installed package keeps a record of temporary installation path
* DONE (igvR)
Making 'packages.html' ... done

Tests output


Example timings

igvR.Rcheck/igvR-Ex.timings

nameusersystemelapsed
BedpeInteractionsTrack-class000
DataFrameAnnotationTrack-class0.010.000.01
DataFrameQuantitativeTrack-class0.020.000.02
GRangesAnnotationTrack-class0.030.000.03
GRangesQuantitativeTrack-class0.030.000.03
GenomicAlignmentTrack-class0.110.000.11
UCSCBedAnnotationTrack-class0.250.030.28
UCSCBedGraphQuantitativeTrack-class0.080.010.09
VariantTrack-class0.370.070.44
displayTrack000
enableMotifLogoPopups000
getGenomicRegion000
getSupportedGenomes000
getTrackNames000
igvR-class000
ping000
removeTracksByName0.020.000.01
setCustomGenome000
setGenome000
showGenomicRegion000
trackInfo000
trackSize-DataFrameAnnotationTrack-method000
trackSize-UCSCBedAnnotationTrack-method0.060.000.07