Back to Multiple platform build/check report for BioC 3.18:   simplified   long
ABCDEFGH[I]JKLMNOPQRSTUVWXYZ

This page was generated on 2023-05-30 11:07:44 -0400 (Tue, 30 May 2023).

HostnameOSArch (*)R versionInstalled pkgs
nebbiolo2Linux (Ubuntu 22.04.2 LTS)x86_644.3.0 RC (2023-04-18 r84287) -- "Already Tomorrow" 4587
palomino4Windows Server 2022 Datacenterx644.3.0 RC (2023-04-18 r84287 ucrt) -- "Already Tomorrow" 4336
lconwaymacOS 12.6.5 Montereyx86_644.3.0 RC (2023-04-13 r84266) -- "Already Tomorrow" 4337
Click on any hostname to see more info about the system (e.g. compilers)      (*) as reported by 'uname -p', except on Windows and Mac OS X

CHECK results for icetea on lconway


To the developers/maintainers of the icetea package:
- Allow up to 24 hours (and sometimes 48 hours) for your latest push to git@git.bioconductor.org:packages/icetea.git to reflect on this report. See Troubleshooting Build Report for more information.

- Use the following Renviron settings to reproduce errors and warnings.

Note: If "R CMD check" recently failed on the Linux builder over a missing dependency, add the missing dependency to "Suggests" in your DESCRIPTION file. See the Renviron.bioc for details.

raw results

Package 954/2197HostnameOS / ArchINSTALLBUILDCHECKBUILD BIN
icetea 1.19.1  (landing page)
Vivek Bhardwaj
Snapshot Date: 2023-05-29 14:00:06 -0400 (Mon, 29 May 2023)
git_url: https://git.bioconductor.org/packages/icetea
git_branch: devel
git_last_commit: a7b3f63
git_last_commit_date: 2023-04-27 13:16:33 -0400 (Thu, 27 Apr 2023)
nebbiolo2Linux (Ubuntu 22.04.2 LTS) / x86_64  OK    OK    WARNINGS  UNNEEDED, same version is already published
palomino4Windows Server 2022 Datacenter / x64  OK    OK    WARNINGS    OK  UNNEEDED, same version is already published
lconwaymacOS 12.6.5 Monterey / x86_64  OK    OK    WARNINGS    OK  UNNEEDED, same version is already published

Summary

Package: icetea
Version: 1.19.1
Command: /Library/Frameworks/R.framework/Resources/bin/R CMD check --install=check:icetea.install-out.txt --library=/Library/Frameworks/R.framework/Resources/library --no-vignettes --timings icetea_1.19.1.tar.gz
StartedAt: 2023-05-29 20:14:49 -0400 (Mon, 29 May 2023)
EndedAt: 2023-05-29 20:21:46 -0400 (Mon, 29 May 2023)
EllapsedTime: 416.3 seconds
RetCode: 0
Status:   WARNINGS  
CheckDir: icetea.Rcheck
Warnings: 1

Command output

##############################################################################
##############################################################################
###
### Running command:
###
###   /Library/Frameworks/R.framework/Resources/bin/R CMD check --install=check:icetea.install-out.txt --library=/Library/Frameworks/R.framework/Resources/library --no-vignettes --timings icetea_1.19.1.tar.gz
###
##############################################################################
##############################################################################


* using log directory ‘/Users/biocbuild/bbs-3.18-bioc/meat/icetea.Rcheck’
* using R version 4.3.0 RC (2023-04-13 r84266)
* using platform: x86_64-apple-darwin20 (64-bit)
* R was compiled by
    Apple clang version 14.0.3 (clang-1403.0.22.14.1)
    GNU Fortran (GCC) 12.2.0
* running under: macOS Monterey 12.6.5
* using session charset: UTF-8
* using option ‘--no-vignettes’
* checking for file ‘icetea/DESCRIPTION’ ... OK
* checking extension type ... Package
* this is package ‘icetea’ version ‘1.19.1’
* package encoding: UTF-8
* checking package namespace information ... OK
* checking package dependencies ... OK
* checking if this is a source package ... OK
* checking if there is a namespace ... OK
* checking for hidden files and directories ... OK
* checking for portable file names ... OK
* checking for sufficient/correct file permissions ... OK
* checking whether package ‘icetea’ can be installed ... OK
* checking installed package size ... OK
* checking package directory ... OK
* checking ‘build’ directory ... OK
* checking DESCRIPTION meta-information ... OK
* checking top-level files ... OK
* checking for left-over files ... OK
* checking index information ... OK
* checking package subdirectories ... OK
* checking R files for non-ASCII characters ... OK
* checking R files for syntax errors ... OK
* checking whether the package can be loaded ... OK
* checking whether the package can be loaded with stated dependencies ... OK
* checking whether the package can be unloaded cleanly ... OK
* checking whether the namespace can be loaded with stated dependencies ... OK
* checking whether the namespace can be unloaded cleanly ... OK
* checking dependencies in R code ... WARNING
'::' or ':::' import not declared from: ‘MatrixGenerics’
* checking S3 generic/method consistency ... OK
* checking replacement functions ... OK
* checking foreign function calls ... OK
* checking R code for possible problems ... NOTE
detectTSS,CapSet : <anonymous>: no visible binding for global variable
  ‘logFC’
fitDiffTSS,CapSet: no visible binding for global variable ‘ResizeReads’
Undefined global functions or variables:
  ResizeReads logFC
* checking Rd files ... OK
* checking Rd metadata ... OK
* checking Rd cross-references ... OK
* checking for missing documentation entries ... OK
* checking for code/documentation mismatches ... OK
* checking Rd \usage sections ... OK
* checking Rd contents ... OK
* checking for unstated dependencies in examples ... OK
* checking files in ‘vignettes’ ... OK
* checking examples ... OK
Examples with CPU (user + system) or elapsed time > 5s
              user system elapsed
detectTSS   17.364  1.461  18.268
annotateTSS 10.088  0.351  10.589
* checking for unstated dependencies in ‘tests’ ... OK
* checking tests ...
  Running ‘testthat.R’
 OK
* checking for unstated dependencies in vignettes ... OK
* checking package vignettes in ‘inst/doc’ ... OK
* checking running R code from vignettes ... SKIPPED
* checking re-building of vignette outputs ... SKIPPED
* checking PDF version of manual ... OK
* DONE

Status: 1 WARNING, 1 NOTE
See
  ‘/Users/biocbuild/bbs-3.18-bioc/meat/icetea.Rcheck/00check.log’
for details.



Installation output

icetea.Rcheck/00install.out

##############################################################################
##############################################################################
###
### Running command:
###
###   /Library/Frameworks/R.framework/Resources/bin/R CMD INSTALL icetea
###
##############################################################################
##############################################################################


* installing to library ‘/Library/Frameworks/R.framework/Versions/4.3-x86_64/Resources/library’
* installing *source* package ‘icetea’ ...
** using staged installation
** R
** inst
** byte-compile and prepare package for lazy loading
** help
*** installing help indices
** building package indices
** installing vignettes
** testing if installed package can be loaded from temporary location
** testing if installed package can be loaded from final location
** testing if installed package keeps a record of temporary installation path
* DONE (icetea)

Tests output

icetea.Rcheck/tests/testthat.Rout


R version 4.3.0 RC (2023-04-13 r84266) -- "Already Tomorrow"
Copyright (C) 2023 The R Foundation for Statistical Computing
Platform: x86_64-apple-darwin20 (64-bit)

R is free software and comes with ABSOLUTELY NO WARRANTY.
You are welcome to redistribute it under certain conditions.
Type 'license()' or 'licence()' for distribution details.

R is a collaborative project with many contributors.
Type 'contributors()' for more information and
'citation()' on how to cite R or R packages in publications.

Type 'demo()' for some demos, 'help()' for on-line help, or
'help.start()' for an HTML browser interface to help.
Type 'q()' to quit R.

> library(testthat)
> library(icetea)
> 
> test_check("icetea")
[ FAIL 0 | WARN 1 | SKIP 0 | PASS 17 ]

[ FAIL 0 | WARN 1 | SKIP 0 | PASS 17 ]
> 
> proc.time()
   user  system elapsed 
 44.750   2.177  46.331 

Example timings

icetea.Rcheck/icetea-Ex.timings

nameusersystemelapsed
annotateTSS10.088 0.35110.589
demultiplexFASTQ3.0710.0323.117
detectDiffTSS000
detectTSS17.364 1.46118.268
exampleCSobject0.0930.0220.115
exportTSS0.2110.0260.238
filterDuplicates1.9120.1402.060
fitDiffTSS000
getGeneCounts1.6280.1331.765
getNormFactors1.3920.5521.226
mapCaps000
newCapSet0.0670.0140.082
plotReadStats0.4500.0560.507
plotTSSprecision2.2170.1062.329
sampleInfo0.1000.0090.111
splitBAM_byIndex0.2050.0440.251
splitBAM_byRepindex0.2070.0480.258