Back to Multiple platform build/check report for BioC 3.15
ABCDEFG[H]IJKLMNOPQRSTUVWXYZ

This page was generated on 2022-01-21 11:07:42 -0500 (Fri, 21 Jan 2022).

HostnameOSArch (*)R versionInstalled pkgs
nebbiolo1Linux (Ubuntu 20.04.4 LTS)x86_64R Under development (unstable) (2022-01-05 r81451) -- "Unsuffered Consequences" 4163
riesling1Windows Server 2019 Standardx64R Under development (unstable) (2021-11-21 r81221) -- "Unsuffered Consequences" 4058
palomino3Windows Server 2022 Datacenterx64R Under development (unstable) (2021-12-21 r81400 ucrt) -- "Unsuffered Consequences" 4000
merida1macOS 10.14.6 Mojavex86_64R Under development (unstable) (2022-01-05 r81451) -- "Unsuffered Consequences" 4117
Click on any hostname to see more info about the system (e.g. compilers)      (*) as reported by 'uname -p', except on Windows and Mac OS X

CHECK results for h5vc on riesling1


To the developers/maintainers of the h5vc package:
- Please allow up to 24 hours (and sometimes 48 hours) for your latest push to git@git.bioconductor.org:packages/h5vc.git to
reflect on this report. See How and When does the builder pull? When will my changes propagate? here for more information.
- Make sure to use the following settings in order to reproduce any error or warning you see on this page.

raw results

Package 847/2075HostnameOS / ArchINSTALLBUILDCHECKBUILD BIN
h5vc 2.29.0  (landing page)
Paul Theodor Pyl
Snapshot Date: 2022-01-20 13:55:17 -0500 (Thu, 20 Jan 2022)
git_url: https://git.bioconductor.org/packages/h5vc
git_branch: master
git_last_commit: 08307f2
git_last_commit_date: 2021-10-26 12:10:50 -0500 (Tue, 26 Oct 2021)
nebbiolo1Linux (Ubuntu 20.04.4 LTS) / x86_64  OK    OK    WARNINGS  UNNEEDED, same version is already published
riesling1Windows Server 2019 Standard / x64  OK    OK    WARNINGS    OK  
palomino3Windows Server 2022 Datacenter / x64  OK    OK    WARNINGS    OK  NO, package depends on 'S4Vectors' which is not available
merida1macOS 10.14.6 Mojave / x86_64  OK    OK    WARNINGS    OK  UNNEEDED, same version is already published

Summary

Package: h5vc
Version: 2.29.0
Command: D:\biocbuild\bbs-3.15-bioc\R\bin\R.exe CMD check --no-multiarch --install=check:h5vc.install-out.txt --library=D:\biocbuild\bbs-3.15-bioc\R\library --no-vignettes --timings h5vc_2.29.0.tar.gz
StartedAt: 2022-01-20 19:04:59 -0500 (Thu, 20 Jan 2022)
EndedAt: 2022-01-20 19:08:49 -0500 (Thu, 20 Jan 2022)
EllapsedTime: 230.8 seconds
RetCode: 0
Status:   WARNINGS  
CheckDir: h5vc.Rcheck
Warnings: 1

Command output

##############################################################################
##############################################################################
###
### Running command:
###
###   D:\biocbuild\bbs-3.15-bioc\R\bin\R.exe CMD check --no-multiarch --install=check:h5vc.install-out.txt --library=D:\biocbuild\bbs-3.15-bioc\R\library --no-vignettes --timings h5vc_2.29.0.tar.gz
###
##############################################################################
##############################################################################


* using log directory 'D:/biocbuild/bbs-3.15-bioc/meat/h5vc.Rcheck'
* using R Under development (unstable) (2021-11-21 r81221)
* using platform: x86_64-w64-mingw32 (64-bit)
* using session charset: ISO8859-1
* using option '--no-vignettes'
* checking for file 'h5vc/DESCRIPTION' ... OK
* checking extension type ... Package
* this is package 'h5vc' version '2.29.0'
* checking package namespace information ... OK
* checking package dependencies ... OK
* checking if this is a source package ... OK
* checking if there is a namespace ... OK
* checking for hidden files and directories ... OK
* checking for portable file names ... OK
* checking whether package 'h5vc' can be installed ... WARNING
Found the following significant warnings:
  Warning: replacing previous import 'Biostrings::pattern' by 'grid::pattern' when loading 'h5vc'
See 'D:/biocbuild/bbs-3.15-bioc/meat/h5vc.Rcheck/00install.out' for details.
* checking installed package size ... OK
* checking package directory ... OK
* checking 'build' directory ... OK
* checking DESCRIPTION meta-information ... NOTE
Versioned 'LinkingTo' value for 'Rhtslib' is only usable in R >= 3.0.2
* checking top-level files ... OK
* checking for left-over files ... OK
* checking index information ... OK
* checking package subdirectories ... OK
* checking R files for non-ASCII characters ... OK
* checking R files for syntax errors ... OK
* checking whether the package can be loaded ... OK
* checking whether the package can be loaded with stated dependencies ... OK
* checking whether the package can be unloaded cleanly ... OK
* checking whether the namespace can be loaded with stated dependencies ... OK
* checking whether the namespace can be unloaded cleanly ... OK
* checking dependencies in R code ... OK
* checking S3 generic/method consistency ... OK
* checking replacement functions ... OK
* checking foreign function calls ... OK
* checking R code for possible problems ... NOTE
.h5dapplyIRanges: no visible binding for global variable 'Sample'
binnedAFs : <anonymous>: no visible global function definition for
  'hist'
callVariantsPaired : <anonymous> : <anonymous>: no visible global
  function definition for 'binom.test'
callVariantsPairedFisher : <anonymous> : <anonymous> : <anonymous>: no
  visible global function definition for 'fisher.test'
callVariantsPairedFisher : <anonymous> : <anonymous>: no visible
  binding for global variable 'pValue'
callVariantsPairedFisher : <anonymous> : <anonymous>: no visible
  binding for global variable 'BlockID'
callVariantsSingle : <anonymous> : <anonymous>: no visible binding for
  global variable 'Support'
callVariantsSingle : <anonymous> : <anonymous>: no visible binding for
  global variable 'AF'
callVariantsSingle : <anonymous> : <anonymous>: no visible binding for
  global variable 'SupFwd'
callVariantsSingle : <anonymous> : <anonymous>: no visible binding for
  global variable 'SupRev'
callVariantsSingle : <anonymous> : <anonymous> : binom.test.safe: no
  visible global function definition for 'binom.test'
callVariantsSingle : <anonymous> : <anonymous> : <anonymous>: no
  visible global function definition for 'fisher.test'
callVariantsSingle : <anonymous> : <anonymous>: no visible binding for
  global variable 'BlockID'
mergeTallyFiles : <anonymous>: no visible binding for global variable
  'group'
mergeTallyFiles: no visible binding for global variable 'SourceFile'
mismatchPlot: no visible binding for global variable 'Sample'
plotMutationSpectrum: no visible binding for global variable
  'altAllele'
plotMutationSpectrum: no visible binding for global variable 'tmp'
rerunBatchTallies: no visible binding for global variable 'regID'
resizeCohort: no visible binding for global variable 'newSamples'
tallyRangesBatch : <anonymous>: no visible binding for global variable
  'bamFiles'
tallyRangesBatch: no visible binding for global variable 'verbose'
Undefined global functions or variables:
  AF BlockID Sample SourceFile SupFwd SupRev Support altAllele bamFiles
  binom.test fisher.test group hist newSamples pValue regID tmp verbose
Consider adding
  importFrom("graphics", "hist")
  importFrom("stats", "binom.test", "fisher.test")
to your NAMESPACE file.
* checking Rd files ... OK
* checking Rd metadata ... OK
* checking Rd cross-references ... OK
* checking for missing documentation entries ... OK
* checking for code/documentation mismatches ... OK
* checking Rd \usage sections ... OK
* checking Rd contents ... OK
* checking for unstated dependencies in examples ... OK
* checking contents of 'data' directory ... OK
* checking data for non-ASCII characters ... OK
* checking data for ASCII and uncompressed saves ... OK
* checking line endings in C/C++/Fortran sources/headers ... OK
* checking line endings in Makefiles ... OK
* checking compilation flags in Makevars ... OK
* checking for GNU extensions in Makefiles ... NOTE
GNU make is a SystemRequirements.
* checking for portable use of $(BLAS_LIBS) and $(LAPACK_LIBS) ... OK
* checking use of PKG_*FLAGS in Makefiles ... OK
* checking compiled code ... NOTE
Note: information on .o files for x64 is not available
File 'D:/biocbuild/bbs-3.15-bioc/R/library/h5vc/libs/x64/h5vc.dll':
  Found '_exit', possibly from '_exit' (C)
  Found 'abort', possibly from 'abort' (C), 'runtime' (Fortran)
  Found 'exit', possibly from 'exit' (C), 'stop' (Fortran)
  Found 'printf', possibly from 'printf' (C)
  Found 'putchar', possibly from 'putchar' (C)
  Found 'puts', possibly from 'printf' (C), 'puts' (C)
  Found 'rand', possibly from 'rand' (C)

Compiled code should not call entry points which might terminate R nor
write to stdout/stderr instead of to the console, nor use Fortran I/O
nor system RNGs. The detected symbols are linked into the code but
might come from libraries and not actually be called.

See 'Writing portable packages' in the 'Writing R Extensions' manual.
* checking installed files from 'inst/doc' ... OK
* checking files in 'vignettes' ... OK
* checking examples ... OK
Examples with CPU (user + system) or elapsed time > 5s
                      user system elapsed
applyTallies         11.20   0.77   27.84
writeToTallyFile      4.88   0.93    5.84
plotMutationSpectrum  2.64   2.99    5.62
mutationSpectrum      2.62   2.98    5.61
* checking for unstated dependencies in 'tests' ... OK
* checking tests ...
  Running 'runTests.R'
 OK
* checking for unstated dependencies in vignettes ... OK
* checking package vignettes in 'inst/doc' ... OK
* checking running R code from vignettes ... SKIPPED
* checking re-building of vignette outputs ... SKIPPED
* checking PDF version of manual ... OK
* DONE

Status: 1 WARNING, 4 NOTEs
See
  'D:/biocbuild/bbs-3.15-bioc/meat/h5vc.Rcheck/00check.log'
for details.



Installation output

h5vc.Rcheck/00install.out

##############################################################################
##############################################################################
###
### Running command:
###
###   D:\biocbuild\bbs-3.15-bioc\R\bin\R.exe CMD INSTALL h5vc
###
##############################################################################
##############################################################################


* installing to library 'D:/biocbuild/bbs-3.15-bioc/R/library'
* installing *source* package 'h5vc' ...
** using staged installation
** libs
"C:/rtools40/mingw64/bin/"gcc  -I"D:/biocbuild/bbs-3.15-bioc/R/include" -DNDEBUG -D_FILE_OFFSET_BITS=64 -I'D:/biocbuild/bbs-3.15-bioc/R/library/Rhtslib/include'   -I"C:/extsoft/include"     -O2 -Wall  -std=gnu99 -mfpmath=sse -msse2 -mstackrealign -fno-reorder-blocks-and-partition  -c bam.c -o bam.o
"C:/rtools40/mingw64/bin/"gcc  -I"D:/biocbuild/bbs-3.15-bioc/R/include" -DNDEBUG -D_FILE_OFFSET_BITS=64 -I'D:/biocbuild/bbs-3.15-bioc/R/library/Rhtslib/include'   -I"C:/extsoft/include"     -O2 -Wall  -std=gnu99 -mfpmath=sse -msse2 -mstackrealign -fno-reorder-blocks-and-partition  -c bam_plbuf.c -o bam_plbuf.o
"C:/rtools40/mingw64/bin/"gcc  -I"D:/biocbuild/bbs-3.15-bioc/R/include" -DNDEBUG -D_FILE_OFFSET_BITS=64 -I'D:/biocbuild/bbs-3.15-bioc/R/library/Rhtslib/include'   -I"C:/extsoft/include"     -O2 -Wall  -std=gnu99 -mfpmath=sse -msse2 -mstackrealign -fno-reorder-blocks-and-partition  -c sam.c -o sam.o
"C:/rtools40/mingw64/bin/"g++ -std=gnu++11  -I"D:/biocbuild/bbs-3.15-bioc/R/include" -DNDEBUG -D_FILE_OFFSET_BITS=64 -I'D:/biocbuild/bbs-3.15-bioc/R/library/Rhtslib/include'   -I"C:/extsoft/include"     -O2 -Wall  -mfpmath=sse -msse2 -mstackrealign -fno-reorder-blocks-and-partition  -c tallyBAM.cpp -o tallyBAM.o
tallyBAM.cpp: In function 'int pileup_func_old(uint32_t, uint32_t, int, const bam_pileup1_t*, void*)':
tallyBAM.cpp:47:7: warning: unused variable 'len' [-Wunused-variable]
   int len = nttable->end - nttable->beg;
       ^~~
tallyBAM.cpp: In function 'int pileup_func(uint32_t, uint32_t, int, const bam_pileup1_t*, void*)':
tallyBAM.cpp:96:7: warning: unused variable 'len' [-Wunused-variable]
   int len = nttable->end - nttable->beg;
       ^~~
tallyBAM.cpp: In function 'int _tallyBAM(char**, char**, int*, int*, int*, int*, int*, int*, int*, int*)':
tallyBAM.cpp:140:6: warning: unused variable 'c' [-Wunused-variable]
  int c = 0;
      ^
tallyBAM.cpp: At global scope:
tallyBAM.cpp:43:12: warning: 'int pileup_func_old(uint32_t, uint32_t, int, const bam_pileup1_t*, void*)' defined but not used [-Wunused-function]
 static int pileup_func_old(uint32_t tid, uint32_t pos, int n, const bam_pileup1_t *pl, void *data)
            ^~~~~~~~~~~~~~~
C:/rtools40/mingw64/bin/g++ -std=gnu++11 -shared -s -static-libgcc -o h5vc.dll tmp.def bam.o bam_plbuf.o sam.o tallyBAM.o D:/biocbuild/bbs-3.15-bioc/R/library/Rhtslib/usrlib/x64/libhts.a -LC:/extsoft/lib/x64 -lcurl -lrtmp -lssl -lssh2 -lcrypto -lgdi32 -lz -lws2_32 -lwldap32 -lwinmm -LC:/extsoft/lib/x64 -LC:/extsoft/lib -LD:/biocbuild/bbs-3.15-bioc/R/bin/x64 -lR
installing to D:/biocbuild/bbs-3.15-bioc/R/library/00LOCK-h5vc/00new/h5vc/libs/x64
** R
** data
** inst
** byte-compile and prepare package for lazy loading
Warning: replacing previous import 'Biostrings::pattern' by 'grid::pattern' when loading 'h5vc'
** help
*** installing help indices
  converting help for package 'h5vc'
    finding HTML links ... done
    applyTallies                            html  
    batchTallies                            html  
    binGenome                               html  
    binnedAFs                               html  
    callVariants                            html  
    callVariantsFisher                      html  
    callVariantsSingle                      html  
    coverage                                html  
    geom_h5vc                               html  
    getSampleData                           html  
    h5dapply                                html  
    h5readBlock                             html  
    h5vc-package                            html  
    helpers                                 html  
    mergeTallies                            html  
    mergeTallyFiles                         html  
    mismatchPlot                            html  
    mutationSpectrum                        html  
    plotMutationSpectrum                    html  
    prepareForHDF5                          html  
    prepareTallyFile                        html  
    tallyBAM                                html  
    tallyRanges                             html  
    finding level-2 HTML links ... done

    writeReference                          html  
    writeToTallyFile                        html  
** building package indices
** installing vignettes
** testing if installed package can be loaded from temporary location
Warning: replacing previous import 'Biostrings::pattern' by 'grid::pattern' when loading 'h5vc'
** testing if installed package can be loaded from final location
Warning: replacing previous import 'Biostrings::pattern' by 'grid::pattern' when loading 'h5vc'
** testing if installed package keeps a record of temporary installation path
* DONE (h5vc)
Making 'packages.html' ... done

Tests output

h5vc.Rcheck/tests/runTests.Rout


R Under development (unstable) (2021-11-21 r81221) -- "Unsuffered Consequences"
Copyright (C) 2021 The R Foundation for Statistical Computing
Platform: x86_64-w64-mingw32/x64 (64-bit)

R is free software and comes with ABSOLUTELY NO WARRANTY.
You are welcome to redistribute it under certain conditions.
Type 'license()' or 'licence()' for distribution details.

R is a collaborative project with many contributors.
Type 'contributors()' for more information and
'citation()' on how to cite R or R packages in publications.

Type 'demo()' for some demos, 'help()' for on-line help, or
'help.start()' for an HTML browser interface to help.
Type 'q()' to quit R.

> BiocGenerics:::testPackage("h5vc")


RUNIT TEST PROTOCOL -- Thu Jan 20 19:08:36 2022 
*********************************************** 
Number of test functions: 1 
Number of errors: 0 
Number of failures: 0 

 
1 Test Suite : 
h5vc RUnit Tests - 1 test function, 0 errors, 0 failures
Number of test functions: 1 
Number of errors: 0 
Number of failures: 0 
Warning message:
replacing previous import 'Biostrings::pattern' by 'grid::pattern' when loading 'h5vc' 
> 
> proc.time()
   user  system elapsed 
   4.37    0.39    4.75 

Example timings

h5vc.Rcheck/h5vc-Ex.timings

nameusersystemelapsed
applyTallies11.20 0.7727.84
batchTallies000
binGenome0.210.080.28
binnedAFs2.040.222.27
callVariants0.50.00.5
callVariantsFisher4.790.034.81
callVariantsSingle0.680.060.75
coverage2.190.372.56
geom_h5vc0.700.040.74
getSampleData0.050.060.95
h5dapply0.910.030.94
h5readBlock0.140.030.17
helpers0.090.020.11
mergeTallies0.560.030.59
mergeTallyFiles000
mismatchPlot3.390.033.42
mutationSpectrum2.622.985.61
plotMutationSpectrum2.642.995.62
prepareForHDF50.670.080.75
prepareTallyFile0.080.000.16
tallyBAM0.030.030.06
tallyRanges3.420.343.98
writeReference0.220.020.27
writeToTallyFile4.880.935.84