Back to Multiple platform build/check report for BioC 3.18:   simplified   long
ABCDEF[G]HIJKLMNOPQRSTUVWXYZ

This page was generated on 2023-09-23 11:40:02 -0400 (Sat, 23 Sep 2023).

HostnameOSArch (*)R versionInstalled pkgs
nebbiolo2Linux (Ubuntu 22.04.2 LTS)x86_644.3.1 (2023-06-16) -- "Beagle Scouts" 4659
palomino4Windows Server 2022 Datacenterx644.3.1 (2023-06-16 ucrt) -- "Beagle Scouts" 4394
lconwaymacOS 12.6.5 Montereyx86_644.3.1 Patched (2023-06-17 r84564) -- "Beagle Scouts" 4408
kunpeng2Linux (openEuler 22.03 LTS-SP1)aarch644.3.1 (2023-06-16) -- "Beagle Scouts" 4397
Click on any hostname to see more info about the system (e.g. compilers)      (*) as reported by 'uname -p', except on Windows and Mac OS X

Package 839/2233HostnameOS / ArchINSTALLBUILDCHECKBUILD BIN
ggbio 1.49.0  (landing page)
Michael Lawrence
Snapshot Date: 2023-09-22 14:05:07 -0400 (Fri, 22 Sep 2023)
git_url: https://git.bioconductor.org/packages/ggbio
git_branch: devel
git_last_commit: 3a00da4
git_last_commit_date: 2023-04-25 10:21:27 -0400 (Tue, 25 Apr 2023)
nebbiolo2Linux (Ubuntu 22.04.2 LTS) / x86_64  OK    OK    WARNINGS  UNNEEDED, same version is already published
palomino4Windows Server 2022 Datacenter / x64  OK    OK    WARNINGS    OK  UNNEEDED, same version is already published
lconwaymacOS 12.6.5 Monterey / x86_64  OK    OK    WARNINGS    OK  UNNEEDED, same version is already published
kunpeng2Linux (openEuler 22.03 LTS-SP1) / aarch64  OK    OK    WARNINGS  

CHECK results for ggbio on kunpeng2


To the developers/maintainers of the ggbio package:
- Allow up to 24 hours (and sometimes 48 hours) for your latest push to git@git.bioconductor.org:packages/ggbio.git to reflect on this report. See Troubleshooting Build Report for more information.
- Use the following Renviron settings to reproduce errors and warnings.
- If 'R CMD check' started to fail recently on the Linux builder(s) over a missing dependency, add the missing dependency to 'Suggests:' in your DESCRIPTION file. See Renviron.bioc for more information.
- See Martin Grigorov's blog post for how to debug Linux ARM64 related issues on a x86_64 host.

raw results


Summary

Package: ggbio
Version: 1.49.0
Command: /home/biocbuild/R/R-4.3.1/bin/R CMD check --install=check:ggbio.install-out.txt --library=/home/biocbuild/R/R-4.3.1/site-library --timings ggbio_1.49.0.tar.gz
StartedAt: 2023-09-23 06:27:38 -0000 (Sat, 23 Sep 2023)
EndedAt: 2023-09-23 06:50:16 -0000 (Sat, 23 Sep 2023)
EllapsedTime: 1358.2 seconds
RetCode: 0
Status:   WARNINGS  
CheckDir: ggbio.Rcheck
Warnings: 2

Command output

##############################################################################
##############################################################################
###
### Running command:
###
###   /home/biocbuild/R/R-4.3.1/bin/R CMD check --install=check:ggbio.install-out.txt --library=/home/biocbuild/R/R-4.3.1/site-library --timings ggbio_1.49.0.tar.gz
###
##############################################################################
##############################################################################


* using log directory ‘/home/biocbuild/bbs-3.18-bioc/meat/ggbio.Rcheck’
* using R version 4.3.1 (2023-06-16)
* using platform: aarch64-unknown-linux-gnu (64-bit)
* R was compiled by
    gcc (GCC) 10.3.1
    GNU Fortran (GCC) 10.3.1
* running under: openEuler 22.03 (LTS-SP1)
* using session charset: UTF-8
* checking for file ‘ggbio/DESCRIPTION’ ... OK
* this is package ‘ggbio’ version ‘1.49.0’
* checking package namespace information ... OK
* checking package dependencies ... OK
* checking if this is a source package ... OK
* checking if there is a namespace ... OK
* checking for hidden files and directories ... OK
* checking for portable file names ... OK
* checking for sufficient/correct file permissions ... OK
* checking whether package ‘ggbio’ can be installed ... OK
* checking installed package size ... OK
* checking package directory ... OK
* checking ‘build’ directory ... OK
* checking DESCRIPTION meta-information ... OK
* checking top-level files ... OK
* checking for left-over files ... OK
* checking index information ... OK
* checking package subdirectories ... OK
* checking R files for non-ASCII characters ... OK
* checking R files for syntax errors ... OK
* checking whether the package can be loaded ... OK
* checking whether the package can be loaded with stated dependencies ... OK
* checking whether the package can be unloaded cleanly ... OK
* checking whether the namespace can be loaded with stated dependencies ... OK
* checking whether the namespace can be unloaded cleanly ... OK
* checking loading without being on the library search path ... OK
* checking startup messages can be suppressed ... OK
* checking dependencies in R code ... NOTE
':::' call which should be '::': 'ggplot2:::set_last_plot'
  See the note in ?`:::` about the use of this operator.
Unexported objects imported by ':::' calls:
  'S4Vectors:::top_prenv' 'ggplot2:::add_ggplot' 'ggplot2:::cunion'
  'ggplot2:::rescale01'
  See the note in ?`:::` about the use of this operator.
* checking S3 generic/method consistency ... OK
* checking replacement functions ... OK
* checking foreign function calls ... OK
* checking R code for possible problems ... NOTE
.combineNames: no visible binding for global variable
  '.layout_circle.stats'
Ideogram: no visible global function definition for 'data'
Ideogram: no visible binding for global variable 'ideoCyto'
getNR: no visible global function definition for 'se'
getNR: no visible global function definition for 'indexProbesProcessed'
getNR: no visible global function definition for 'coefs'
scale_x_sequnit: no visible binding for global variable '.x'
autoplot,ExpressionSet: no visible binding for global variable
  'variable'
autoplot,RangedSummarizedExperiment: no visible binding for global
  variable 'variable'
autoplot,VCF: no visible binding for global variable 'stepping'
autoplot,VCF: no visible binding for global variable 'value'
autoplot,VRanges: no visible binding for global variable 'midpoint'
autoplot,Views: no visible binding for global variable 'x'
autoplot,Views: no visible binding for global variable 'value'
geom_alignment,BamFile: no visible binding for global variable 'fl'
geom_alignment,BamFile: no visible binding for global variable
  'stepping'
height,GGbio: no visible binding for global variable 'mt'
height,Tracked: no visible binding for global variable 'mt'
height,gg: no visible binding for global variable 'mt'
layout_karyogram,GRanges: no visible binding for global variable
  'gieStain'
layout_karyogram,GRanges: no visible binding for global variable 'x'
layout_karyogram,GRanges: no visible binding for global variable 'xend'
layout_karyogram,GRanges: no visible binding for global variable 'y2'
layout_karyogram,GRanges: no visible binding for global variable
  'yend2'
layout_karyogram,GRanges: no visible binding for global variable 'name'
plotFragLength,character-GRanges: no visible binding for global
  variable '.fragLength'
plotSpliceSum,character-EnsDb: possible error in GRangesFilter(which,
  condition = "overlapping"): unused argument (condition =
  "overlapping")
stat_mismatch,GRanges: no visible binding for global variable 'sts'
stat_mismatch,GRanges: no visible binding for global variable 'eds'
stat_mismatch,GRanges: no visible binding for global variable 'read'
Undefined global functions or variables:
  .fragLength .layout_circle.stats .x coefs data eds fl gieStain
  ideoCyto indexProbesProcessed midpoint mt name read se stepping sts
  value variable x xend y2 yend2
Consider adding
  importFrom("utils", "data")
to your NAMESPACE file.
* checking Rd files ... NOTE
checkRd: (-1) autoplot-method.Rd:445: Escaped LaTeX specials: \~
* checking Rd metadata ... OK
* checking Rd cross-references ... OK
* checking for missing documentation entries ... WARNING
Undocumented S4 methods:
  generic '+' and siglist 'Tracks,ANY'
  generic '+' and siglist 'Tracks,Tracks'
  generic '+' and siglist 'Tracks,cartesian'
  generic '+' and siglist 'Tracks,position_c'
  generic '+' and siglist 'Tracks,theme'
  generic '+' and siglist 'Tracks,zoom'
All user-level objects in a package (including S4 classes and methods)
should have documentation entries.
See chapter ‘Writing R documentation files’ in the ‘Writing R
Extensions’ manual.
* checking for code/documentation mismatches ... WARNING
Codoc mismatches from documentation object 'geom_alignment':
\S4method{geom_alignment}{GRanges}
  Code: function(data, ..., xlab, ylab, main, facets = NULL, stat =
                 c("stepping", "identity"), range.geom = c("rect",
                 "arrowrect"), gap.geom = c("chevron", "arrow",
                 "segment"), rect.height = NULL, group.selfish = TRUE)
  Docs: function(data, ..., xlab, ylab, main, facets = NULL, stat =
                 c("stepping", "identity"), range.geom = c("rect",
                 "arrowrect"), gap.geom = c("chevron", "arrow",
                 "segment"), rect.height = NULL, group.selfish = TRUE,
                 label = TRUE)
  Argument names in docs not in code:
    label

Codoc mismatches from documentation object 'ggsave':
ggsave
  Code: function(filename, plot = last_plot(), device = NULL, path =
                 NULL, scale = 1, width = NA, height = NA, units =
                 c("in", "cm", "mm"), dpi = 300, limitsize = TRUE, ...)
  Docs: function(filename, plot = last_plot(), device =
                 default_device(filename), path = NULL, scale = 1,
                 width = par("din")[1], height = par("din")[2], units =
                 c("in", "cm", "mm"), dpi = 300, limitsize = TRUE, ...)
  Mismatches in argument default values:
    Name: 'device' Code: NULL Docs: default_device(filename)
    Name: 'width' Code: NA Docs: par("din")[1]
    Name: 'height' Code: NA Docs: par("din")[2]

* checking Rd \usage sections ... OK
* checking Rd contents ... OK
* checking for unstated dependencies in examples ... OK
* checking line endings in Makefiles ... OK
* checking for GNU extensions in Makefiles ... OK
* checking include directives in Makefiles ... OK
* checking files in ‘vignettes’ ... OK
* checking examples ... OK
Examples with CPU (user + system) or elapsed time > 5s
                           user system elapsed
autoplot-method         114.006  1.902 116.375
geom_alignment-method    38.985  1.209  40.268
tracks                   29.440  0.164  29.652
layout_karyogram-method  23.734  0.204  23.981
plotRangesLinkedToData   13.351  0.142  13.512
ggplot-method            10.801  0.155  10.974
stat_reduce-method       10.201  0.080  10.295
stat_aggregate-method    10.069  0.048  10.134
layout_circle-method      8.296  0.040   8.349
plotGrandLinear           7.949  0.111   8.073
geom_arrow-method         7.480  0.136   7.631
geom_chevron-method       6.533  0.140   6.683
stat_bin-method           6.586  0.076   6.674
stat_slice-method         5.180  0.116   5.304
* checking for unstated dependencies in ‘tests’ ... OK
* checking tests ...
  Running ‘test-all.R’
 OK
* checking for unstated dependencies in vignettes ... OK
* checking package vignettes in ‘inst/doc’ ... OK
* checking running R code from vignettes ...
  ‘ggbio.Rnw’... OK
 NONE
* checking re-building of vignette outputs ... OK
* checking PDF version of manual ... OK
* DONE

Status: 2 WARNINGs, 3 NOTEs
See
  ‘/home/biocbuild/bbs-3.18-bioc/meat/ggbio.Rcheck/00check.log’
for details.



Installation output

ggbio.Rcheck/00install.out

##############################################################################
##############################################################################
###
### Running command:
###
###   /home/biocbuild/R/R-4.3.1/bin/R CMD INSTALL ggbio
###
##############################################################################
##############################################################################


* installing to library ‘/home/biocbuild/R/R-4.3.1/site-library’
* installing *source* package ‘ggbio’ ...
** using staged installation
** R
** inst
** byte-compile and prepare package for lazy loading
Creating a new generic function for 'rescale' in package 'ggbio'
Creating a new generic function for 'xlim' in package 'ggbio'
Creating a new generic function for 'geom_rect' in package 'ggbio'
Creating a new generic function for 'geom_segment' in package 'ggbio'
Creating a new generic function for 'geom_bar' in package 'ggbio'
Creating a new generic function for 'stat_identity' in package 'ggbio'
Creating a new generic function for 'stat_bin' in package 'ggbio'
** help
*** installing help indices
** building package indices
** installing vignettes
** testing if installed package can be loaded from temporary location
** testing if installed package can be loaded from final location
** testing if installed package keeps a record of temporary installation path
* DONE (ggbio)

Tests output

ggbio.Rcheck/tests/test-all.Rout


R version 4.3.1 (2023-06-16) -- "Beagle Scouts"
Copyright (C) 2023 The R Foundation for Statistical Computing
Platform: aarch64-unknown-linux-gnu (64-bit)

R is free software and comes with ABSOLUTELY NO WARRANTY.
You are welcome to redistribute it under certain conditions.
Type 'license()' or 'licence()' for distribution details.

R is a collaborative project with many contributors.
Type 'contributors()' for more information and
'citation()' on how to cite R or R packages in publications.

Type 'demo()' for some demos, 'help()' for on-line help, or
'help.start()' for an HTML browser interface to help.
Type 'q()' to quit R.

> library(testthat)
> test_check("ggbio")
Loading required package: ggbio
Loading required package: BiocGenerics

Attaching package: 'BiocGenerics'

The following objects are masked from 'package:stats':

    IQR, mad, sd, var, xtabs

The following objects are masked from 'package:base':

    Filter, Find, Map, Position, Reduce, anyDuplicated, aperm, append,
    as.data.frame, basename, cbind, colnames, dirname, do.call,
    duplicated, eval, evalq, get, grep, grepl, intersect, is.unsorted,
    lapply, mapply, match, mget, order, paste, pmax, pmax.int, pmin,
    pmin.int, rank, rbind, rownames, sapply, setdiff, sort, table,
    tapply, union, unique, unsplit, which.max, which.min

Loading required package: ggplot2
Need specific help about ggbio? try mailing 
 the maintainer or visit https://lawremi.github.io/ggbio/

Attaching package: 'ggbio'

The following objects are masked from 'package:ggplot2':

    geom_bar, geom_rect, geom_segment, ggsave, stat_bin, stat_identity,
    xlim

[ FAIL 0 | WARN 0 | SKIP 0 | PASS 0 ]
> 
> proc.time()
   user  system elapsed 
 20.107   1.284  21.408 

Example timings

ggbio.Rcheck/ggbio-Ex.timings

nameusersystemelapsed
arrangeGrobByParsingLegend3.4940.1083.609
autoplot-method114.006 1.902116.375
geom_alignment-method38.985 1.20940.268
geom_arch-method1.8350.0161.855
geom_arrow-method7.4800.1367.631
geom_arrowrect-method4.6820.0364.726
geom_bar-method1.4490.0081.459
geom_chevron-method6.5330.1406.683
geom_rect-method4.4570.0414.505
geom_segment-method4.2710.0224.301
ggbio-class0.0160.0000.016
ggplot-method10.801 0.15510.974
layout_circle-method8.2960.0408.349
layout_karyogram-method23.734 0.20423.981
plotFragLength000
plotGrandLinear7.9490.1118.073
plotRangesLinkedToData13.351 0.14213.512
plotSingleChrom000
plotSpliceSum0.0000.0010.001
plotStackedOverview0.0000.0000.001
rescale-method0.1600.0020.162
scale_fill_fold_change0.5280.0030.533
scale_fill_giemsa3.8850.0173.909
scale_x_sequnit0.4400.0030.445
stat_aggregate-method10.069 0.04810.134
stat_bin-method6.5860.0766.674
stat_coverage-method3.2700.0283.304
stat_gene-method000
stat_identity-method3.8940.0443.944
stat_reduce-method10.201 0.08010.295
stat_slice-method5.1800.1165.304
stat_stepping-method3.2660.0043.276
stat_table-method2.1980.0082.209
theme2.1540.0042.161
tracks29.440 0.16429.652