Back to Multiple platform build/check report for BioC 3.15
ABCDEF[G]HIJKLMNOPQRSTUVWXYZ

This page was generated on 2022-01-25 11:07:21 -0500 (Tue, 25 Jan 2022).

HostnameOSArch (*)R versionInstalled pkgs
nebbiolo1Linux (Ubuntu 20.04.4 LTS)x86_64R Under development (unstable) (2022-01-05 r81451) -- "Unsuffered Consequences" 4164
riesling1Windows Server 2019 Standardx64R Under development (unstable) (2021-11-21 r81221) -- "Unsuffered Consequences" 4059
palomino3Windows Server 2022 Datacenterx64R Under development (unstable) (2021-12-21 r81400 ucrt) -- "Unsuffered Consequences" 4001
merida1macOS 10.14.6 Mojavex86_64R Under development (unstable) (2022-01-05 r81451) -- "Unsuffered Consequences" 4118
Click on any hostname to see more info about the system (e.g. compilers)      (*) as reported by 'uname -p', except on Windows and Mac OS X

CHECK results for gespeR on riesling1


To the developers/maintainers of the gespeR package:
- Please allow up to 24 hours (and sometimes 48 hours) for your latest push to git@git.bioconductor.org:packages/gespeR.git to
reflect on this report. See How and When does the builder pull? When will my changes propagate? here for more information.
- Make sure to use the following settings in order to reproduce any error or warning you see on this page.

raw results

Package 768/2075HostnameOS / ArchINSTALLBUILDCHECKBUILD BIN
gespeR 1.27.0  (landing page)
Fabian Schmich
Snapshot Date: 2022-01-24 13:55:18 -0500 (Mon, 24 Jan 2022)
git_url: https://git.bioconductor.org/packages/gespeR
git_branch: master
git_last_commit: 323e0ef
git_last_commit_date: 2021-10-26 12:18:18 -0500 (Tue, 26 Oct 2021)
nebbiolo1Linux (Ubuntu 20.04.4 LTS) / x86_64  OK    OK    WARNINGS  UNNEEDED, same version is already published
riesling1Windows Server 2019 Standard / x64  OK    OK    WARNINGS    OK  
palomino3Windows Server 2022 Datacenter / x64  OK    OK    WARNINGS    OK  NO, package depends on 'cellHTS2' which is not available
merida1macOS 10.14.6 Mojave / x86_64  OK    OK    WARNINGS    OK  UNNEEDED, same version is already published

Summary

Package: gespeR
Version: 1.27.0
Command: D:\biocbuild\bbs-3.15-bioc\R\bin\R.exe CMD check --no-multiarch --install=check:gespeR.install-out.txt --library=D:\biocbuild\bbs-3.15-bioc\R\library --no-vignettes --timings gespeR_1.27.0.tar.gz
StartedAt: 2022-01-24 19:00:01 -0500 (Mon, 24 Jan 2022)
EndedAt: 2022-01-24 19:03:36 -0500 (Mon, 24 Jan 2022)
EllapsedTime: 214.5 seconds
RetCode: 0
Status:   WARNINGS  
CheckDir: gespeR.Rcheck
Warnings: 1

Command output

##############################################################################
##############################################################################
###
### Running command:
###
###   D:\biocbuild\bbs-3.15-bioc\R\bin\R.exe CMD check --no-multiarch --install=check:gespeR.install-out.txt --library=D:\biocbuild\bbs-3.15-bioc\R\library --no-vignettes --timings gespeR_1.27.0.tar.gz
###
##############################################################################
##############################################################################


* using log directory 'D:/biocbuild/bbs-3.15-bioc/meat/gespeR.Rcheck'
* using R Under development (unstable) (2021-11-21 r81221)
* using platform: x86_64-w64-mingw32 (64-bit)
* using session charset: ISO8859-1
* using option '--no-vignettes'
* checking for file 'gespeR/DESCRIPTION' ... OK
* checking extension type ... Package
* this is package 'gespeR' version '1.27.0'
* checking package namespace information ... OK
* checking package dependencies ... OK
* checking if this is a source package ... OK
* checking if there is a namespace ... OK
* checking for hidden files and directories ... OK
* checking for portable file names ... OK
* checking whether package 'gespeR' can be installed ... OK
* checking installed package size ... OK
* checking package directory ... OK
* checking 'build' directory ... OK
* checking DESCRIPTION meta-information ... OK
* checking top-level files ... OK
* checking for left-over files ... OK
* checking index information ... OK
* checking package subdirectories ... OK
* checking R files for non-ASCII characters ... OK
* checking R files for syntax errors ... OK
* checking whether the package can be loaded ... OK
* checking whether the package can be loaded with stated dependencies ... OK
* checking whether the package can be unloaded cleanly ... OK
* checking whether the namespace can be loaded with stated dependencies ... OK
* checking whether the namespace can be unloaded cleanly ... OK
* checking dependencies in R code ... OK
* checking S3 generic/method consistency ... OK
* checking replacement functions ... OK
* checking foreign function calls ... OK
* checking R code for possible problems ... NOTE
.gespeR.cv: no visible global function definition for 'coef'
.select.model: no visible global function definition for 'predict'
concordance: no visible global function definition for 'cor'
lasso.rand: no visible global function definition for 'runif'
plot.gespeR: no visible global function definition for 'hist'
stability.selection: no visible global function definition for 'lm'
Phenotypes,character: no visible global function definition for
  'read.delim'
Undefined global functions or variables:
  coef cor hist lm predict read.delim runif
Consider adding
  importFrom("graphics", "hist")
  importFrom("stats", "coef", "cor", "lm", "predict", "runif")
  importFrom("utils", "read.delim")
to your NAMESPACE file.
* checking Rd files ... OK
* checking Rd metadata ... OK
* checking Rd cross-references ... OK
* checking for missing documentation entries ... OK
* checking for code/documentation mismatches ... WARNING
Codoc mismatches from documentation object 'c,Phenotypes-method':
\S4method{c}{Phenotypes}
  Code: function(x, ...)
  Docs: function(x, ..., recursive = FALSE)
  Argument names in docs not in code:
    recursive

* checking Rd \usage sections ... OK
* checking Rd contents ... OK
* checking for unstated dependencies in examples ... OK
* checking contents of 'data' directory ... OK
* checking data for non-ASCII characters ... OK
* checking data for ASCII and uncompressed saves ... OK
* checking files in 'vignettes' ... OK
* checking examples ... OK
Examples with CPU (user + system) or elapsed time > 5s
                  user system elapsed
gespeR-package    5.34   0.56   41.30
gespeR-class      0.71   0.07    9.50
stability-methods 0.12   0.04    7.66
* checking for unstated dependencies in vignettes ... OK
* checking package vignettes in 'inst/doc' ... OK
* checking running R code from vignettes ... SKIPPED
* checking re-building of vignette outputs ... SKIPPED
* checking PDF version of manual ... OK
* DONE

Status: 1 WARNING, 1 NOTE
See
  'D:/biocbuild/bbs-3.15-bioc/meat/gespeR.Rcheck/00check.log'
for details.



Installation output

gespeR.Rcheck/00install.out

##############################################################################
##############################################################################
###
### Running command:
###
###   D:\biocbuild\bbs-3.15-bioc\R\bin\R.exe CMD INSTALL gespeR
###
##############################################################################
##############################################################################


* installing to library 'D:/biocbuild/bbs-3.15-bioc/R/library'
* installing *source* package 'gespeR' ...
** using staged installation
** R
** data
** inst
** byte-compile and prepare package for lazy loading
** help
*** installing help indices
  converting help for package 'gespeR'
    finding HTML links ... done
    Phenotypes-class                        html  
    TargetRelations-class                   html  
    annotate.gsp-methods                    html  
    as.data.frame-Phenotypes-method         html  
    as.data.frame.concordance               html  
    c-Phenotypes-method                     html  
    concordance                             html  
    dim-Phenotypes-method                   html  
    gespeR-class                            html  
    finding level-2 HTML links ... done

    gespeR-package                          html  
    gspssp-methods                          html  
    join-methods                            html  
    lasso.rand                              html  
    na.rem-methods                          html  
    path-methods                            html  
    plot.Phenotypes                         html  
    plot.concordance                        html  
    plot.gespeR                             html  
    rbo                                     html  
    scores-methods                          html  
    simData                                 html  
    stability-methods                       html  
    stability.selection                     html  
    stabilityfits                           html  
    sub-Phenotypes-ANY-ANY-ANY-method       html  
    sub-TargetRelations-ANY-ANY-ANY-method
                                            html  
    target-relations-methods                html  
    trmatrix-methods                        html  
    values-methods                          html  
** building package indices
** installing vignettes
** testing if installed package can be loaded from temporary location
** testing if installed package can be loaded from final location
** testing if installed package keeps a record of temporary installation path
* DONE (gespeR)
Making 'packages.html' ... done

Tests output


Example timings

gespeR.Rcheck/gespeR-Ex.timings

nameusersystemelapsed
Phenotypes-class000
TargetRelations-class000
annotate.gsp-methods0.080.010.09
as.data.frame-Phenotypes-method0.080.000.08
c-Phenotypes-method0.030.000.03
concordance0.370.040.42
gespeR-class0.710.079.50
gespeR-package 5.34 0.5641.30
gspssp-methods0.130.000.12
join-methods0.010.000.02
lasso.rand000
na.rem-methods0.030.000.03
path-methods000
rbo000
scores-methods0.110.000.11
simData0.020.010.03
stability-methods0.120.047.66
stabilityfits0.110.010.12
target-relations-methods0.110.020.13
trmatrix-methods0.110.000.11
values-methods0.020.010.03