Back to Multiple platform build/check report for BioC 3.15
ABCDEF[G]HIJKLMNOPQRSTUVWXYZ

This page was generated on 2022-01-24 11:07:25 -0500 (Mon, 24 Jan 2022).

HostnameOSArch (*)R versionInstalled pkgs
nebbiolo1Linux (Ubuntu 20.04.4 LTS)x86_64R Under development (unstable) (2022-01-05 r81451) -- "Unsuffered Consequences" 4163
riesling1Windows Server 2019 Standardx64R Under development (unstable) (2021-11-21 r81221) -- "Unsuffered Consequences" 4058
palomino3Windows Server 2022 Datacenterx64R Under development (unstable) (2021-12-21 r81400 ucrt) -- "Unsuffered Consequences" 4000
merida1macOS 10.14.6 Mojavex86_64R Under development (unstable) (2022-01-05 r81451) -- "Unsuffered Consequences" 4117
Click on any hostname to see more info about the system (e.g. compilers)      (*) as reported by 'uname -p', except on Windows and Mac OS X

CHECK results for genomation on riesling1


To the developers/maintainers of the genomation package:
- Please allow up to 24 hours (and sometimes 48 hours) for your latest push to git@git.bioconductor.org:packages/genomation.git to
reflect on this report. See How and When does the builder pull? When will my changes propagate? here for more information.
- Make sure to use the following settings in order to reproduce any error or warning you see on this page.

raw results

Package 741/2075HostnameOS / ArchINSTALLBUILDCHECKBUILD BIN
genomation 1.27.1  (landing page)
Altuna Akalin , Vedran Franke
Snapshot Date: 2022-01-23 13:55:15 -0500 (Sun, 23 Jan 2022)
git_url: https://git.bioconductor.org/packages/genomation
git_branch: master
git_last_commit: fe8db24
git_last_commit_date: 2021-11-18 16:59:51 -0500 (Thu, 18 Nov 2021)
nebbiolo1Linux (Ubuntu 20.04.4 LTS) / x86_64  OK    OK    WARNINGS  UNNEEDED, same version is already published
riesling1Windows Server 2019 Standard / x64  OK    OK    WARNINGS    OK  
palomino3Windows Server 2022 Datacenter / x64  OK    OK    WARNINGS    OK  NO, package depends on 'Biostrings' which is not available
merida1macOS 10.14.6 Mojave / x86_64  OK    OK    WARNINGS    OK  UNNEEDED, same version is already published

Summary

Package: genomation
Version: 1.27.1
Command: D:\biocbuild\bbs-3.15-bioc\R\bin\R.exe CMD check --no-multiarch --install=check:genomation.install-out.txt --library=D:\biocbuild\bbs-3.15-bioc\R\library --no-vignettes --timings genomation_1.27.1.tar.gz
StartedAt: 2022-01-23 19:00:12 -0500 (Sun, 23 Jan 2022)
EndedAt: 2022-01-23 19:04:38 -0500 (Sun, 23 Jan 2022)
EllapsedTime: 265.7 seconds
RetCode: 0
Status:   WARNINGS  
CheckDir: genomation.Rcheck
Warnings: 1

Command output

##############################################################################
##############################################################################
###
### Running command:
###
###   D:\biocbuild\bbs-3.15-bioc\R\bin\R.exe CMD check --no-multiarch --install=check:genomation.install-out.txt --library=D:\biocbuild\bbs-3.15-bioc\R\library --no-vignettes --timings genomation_1.27.1.tar.gz
###
##############################################################################
##############################################################################


* using log directory 'D:/biocbuild/bbs-3.15-bioc/meat/genomation.Rcheck'
* using R Under development (unstable) (2021-11-21 r81221)
* using platform: x86_64-w64-mingw32 (64-bit)
* using session charset: ISO8859-1
* using option '--no-vignettes'
* checking for file 'genomation/DESCRIPTION' ... OK
* checking extension type ... Package
* this is package 'genomation' version '1.27.1'
* package encoding: latin1
* checking package namespace information ... OK
* checking package dependencies ... OK
* checking if this is a source package ... OK
* checking if there is a namespace ... OK
* checking for hidden files and directories ... OK
* checking for portable file names ... OK
* checking whether package 'genomation' can be installed ... WARNING
Found the following significant warnings:
  Warning: replacing previous import 'Biostrings::pattern' by 'grid::pattern' when loading 'genomation'
See 'D:/biocbuild/bbs-3.15-bioc/meat/genomation.Rcheck/00install.out' for details.
* checking installed package size ... OK
* checking package directory ... OK
* checking 'build' directory ... OK
* checking DESCRIPTION meta-information ... OK
* checking top-level files ... OK
* checking for left-over files ... OK
* checking index information ... OK
* checking package subdirectories ... OK
* checking R files for non-ASCII characters ... OK
* checking R files for syntax errors ... OK
* checking whether the package can be loaded ... OK
* checking whether the package can be loaded with stated dependencies ... OK
* checking whether the package can be unloaded cleanly ... OK
* checking whether the namespace can be loaded with stated dependencies ... OK
* checking whether the namespace can be unloaded cleanly ... OK
* checking dependencies in R code ... NOTE
Unexported object imported by a ':::' call: 'BiocGenerics:::testPackage'
  See the note in ?`:::` about the use of this operator.
* checking S3 generic/method consistency ... OK
* checking replacement functions ... OK
* checking foreign function calls ... OK
* checking R code for possible problems ... NOTE
ScoreMatrixBin,RleList-GRangesList: no visible binding for global
  variable 'id'
ScoreMatrixBin,RleList-GRangesList: no visible global function
  definition for ':='
Undefined global functions or variables:
  := id
* checking Rd files ... OK
* checking Rd metadata ... OK
* checking Rd cross-references ... OK
* checking for missing documentation entries ... OK
* checking for code/documentation mismatches ... OK
* checking Rd \usage sections ... OK
* checking Rd contents ... OK
* checking for unstated dependencies in examples ... OK
* checking contents of 'data' directory ... OK
* checking data for non-ASCII characters ... OK
* checking data for ASCII and uncompressed saves ... OK
* checking line endings in C/C++/Fortran sources/headers ... OK
* checking compiled code ... NOTE
Note: information on .o files for x64 is not available
File 'D:/biocbuild/bbs-3.15-bioc/R/library/genomation/libs/x64/genomation.dll':
  Found 'abort', possibly from 'abort' (C), 'runtime' (Fortran)
  Found 'exit', possibly from 'exit' (C), 'stop' (Fortran)
  Found 'printf', possibly from 'printf' (C)

Compiled code should not call entry points which might terminate R nor
write to stdout/stderr instead of to the console, nor use Fortran I/O
nor system RNGs. The detected symbols are linked into the code but
might come from libraries and not actually be called.

See 'Writing portable packages' in the 'Writing R Extensions' manual.
* checking files in 'vignettes' ... OK
* checking examples ... OK
Examples with CPU (user + system) or elapsed time > 5s
                                                    user system elapsed
enrichmentMatrix-ScoreMatrixList-method             4.84   0.56    5.45
enrichmentMatrix-ScoreMatrixList-ScoreMatrix-method 4.45   0.53    5.02
enrichmentMatrix-ScoreMatrix-method                 2.08   0.47    5.01
* checking for unstated dependencies in 'tests' ... OK
* checking tests ...
  Running 'genomation_unit_tests.R'
 OK
* checking for unstated dependencies in vignettes ... OK
* checking package vignettes in 'inst/doc' ... OK
* checking running R code from vignettes ... SKIPPED
* checking re-building of vignette outputs ... SKIPPED
* checking PDF version of manual ... OK
* DONE

Status: 1 WARNING, 3 NOTEs
See
  'D:/biocbuild/bbs-3.15-bioc/meat/genomation.Rcheck/00check.log'
for details.



Installation output

genomation.Rcheck/00install.out

##############################################################################
##############################################################################
###
### Running command:
###
###   D:\biocbuild\bbs-3.15-bioc\R\bin\R.exe CMD INSTALL genomation
###
##############################################################################
##############################################################################


* installing to library 'D:/biocbuild/bbs-3.15-bioc/R/library'
* installing *source* package 'genomation' ...
** using staged installation
** libs
"C:/rtools40/mingw64/bin/"g++ -std=gnu++11  -I"D:/biocbuild/bbs-3.15-bioc/R/include" -DNDEBUG  -I'D:/biocbuild/bbs-3.15-bioc/R/library/Rcpp/include'   -I"C:/extsoft/include"     -O2 -Wall  -mfpmath=sse -msse2 -mstackrealign -fno-reorder-blocks-and-partition  -c RcppExports.cpp -o RcppExports.o
"C:/rtools40/mingw64/bin/"g++ -std=gnu++11  -I"D:/biocbuild/bbs-3.15-bioc/R/include" -DNDEBUG  -I'D:/biocbuild/bbs-3.15-bioc/R/library/Rcpp/include'   -I"C:/extsoft/include"     -O2 -Wall  -mfpmath=sse -msse2 -mstackrealign -fno-reorder-blocks-and-partition  -c binSum.cpp -o binSum.o
C:/rtools40/mingw64/bin/g++ -std=gnu++11 -shared -s -static-libgcc -o genomation.dll tmp.def RcppExports.o binSum.o -LC:/extsoft/lib/x64 -LC:/extsoft/lib -LD:/biocbuild/bbs-3.15-bioc/R/bin/x64 -lR
installing to D:/biocbuild/bbs-3.15-bioc/R/library/00LOCK-genomation/00new/genomation/libs/x64
** R
** data
** inst
** byte-compile and prepare package for lazy loading
Warning: replacing previous import 'Biostrings::pattern' by 'grid::pattern' when loading 'genomation'
** help
*** installing help indices
  converting help for package 'genomation'
    finding HTML links ... done
    AnnotationByFeature-class               html  
    AnnotationByGeneParts-class             html  
    AnnotationByGeneParts-methods           html  
    Max_c                                   html  
    Mean_c                                  html  
    Median_c                                html  
    Min_c                                   html  
    Ops-ScoreMatrix-ScoreMatrix-method      html  
    Ops-ScoreMatrixList-ScoreMatrixList-method
                                            html  
    Ops-ScoreMatrixList-numeric-method      html  
    Ops-numeric-ScoreMatrixList-method      html  
    RandomEnrichment-class                  html  
    ScoreMatrix-class                       html  
    ScoreMatrix-methods                     html  
    ScoreMatrixBin-methods                  html  
    ScoreMatrixList-class                   html  
    ScoreMatrixList-methods                 html  
    Sum_c                                   html  
    annotatGrWithGeneParts                  html  
    annotateWithFeature-methods             html  
    annotateWithFeatureFlank-methods        html  
    annotateWithFeatures-methods            html  
    annotateWithGeneParts-methods           html  
    finding level-2 HTML links ... done

    bed12ToExons                            html  
    bed12ToIntrons                          html  
    binMatrix-methods                       html  
    binMax                                  html  
    binMean                                 html  
    binMedian                               html  
    binMin                                  html  
    binSum                                  html  
    binner                                  html  
    c.ScoreMatrix                           html  
    c.ScoreMatrixList                       html  
    cage                                    html  
    calculateOverlapSignificance-methods    html  
    checkBedValidity                        html  
    checkClass                              html  
    compressedAndUrl2temp                   html  
    constrainRanges                         html  
    convertBed2Exons-methods                html  
    convertBed2Introns-methods              html  
    convertBedDf-methods                    html  
    cpgi                                    html  
    detectUCSCheader                        html  
    distance2NearestFeature                 html  
    enrichmentMatrix-ScoreMatrix-method     html  
    enrichmentMatrix-ScoreMatrixList-ScoreMatrix-method
                                            html  
    enrichmentMatrix-ScoreMatrixList-method
                                            html  
    file.ext                                html  
    findFeatureComb-methods                 html  
    galpTo2Ranges                           html  
    genes                                   html  
    getColors                               html  
    getFeatsWithTargetsStats-methods        html  
    getFlanks-methods                       html  
    getMembers-methods                      html  
    getRandomEnrichment-methods             html  
    getTargetAnnotationStats-methods        html  
    gffToGRanges                            html  
    heatMatrix                              html  
    heatMeta                                html  
    heatTargetAnnotation-methods            html  
    intersectScoreMatrixList-methods        html  
    listSliceMax                            html  
    listSliceMean                           html  
    listSliceMedian                         html  
    listSliceMin                            html  
    listSliceSum                            html  
    multiHeatMatrix                         html  
    orderBy-methods                         html  
    patternMatrix-methods                   html  
    plotMeta                                html  
    plotTargetAnnotation-methods            html  
    promoters                               html  
    randomizeFeature-methods                html  
    read.zip                                html  
    readBam                                 html  
    readBed                                 html  
    readBigWig                              html  
    readBroadPeak                           html  
    readFeatureFlank-methods                html  
    readGeneric                             html  
    readNarrowPeak                          html  
    readTableFast                           html  
    readTranscriptFeatures-methods          html  
    scaleScoreMatrix-methods                html  
    scaleScoreMatrixList                    html  
    show-methods                            html  
    sub-ScoreMatrix-ANY-ANY-ANY-method      html  
    sub-ScoreMatrixList-ANY-ANY-ANY-method
                                            html  
    target.type                             html  
** building package indices
** installing vignettes
** testing if installed package can be loaded from temporary location
Warning: replacing previous import 'Biostrings::pattern' by 'grid::pattern' when loading 'genomation'
** testing if installed package can be loaded from final location
Warning: replacing previous import 'Biostrings::pattern' by 'grid::pattern' when loading 'genomation'
** testing if installed package keeps a record of temporary installation path
* DONE (genomation)
Making 'packages.html' ... done

Tests output

genomation.Rcheck/tests/genomation_unit_tests.Rout


R Under development (unstable) (2021-11-21 r81221) -- "Unsuffered Consequences"
Copyright (C) 2021 The R Foundation for Statistical Computing
Platform: x86_64-w64-mingw32/x64 (64-bit)

R is free software and comes with ABSOLUTELY NO WARRANTY.
You are welcome to redistribute it under certain conditions.
Type 'license()' or 'licence()' for distribution details.

R is a collaborative project with many contributors.
Type 'contributors()' for more information and
'citation()' on how to cite R or R packages in publications.

Type 'demo()' for some demos, 'help()' for on-line help, or
'help.start()' for an HTML browser interface to help.
Type 'q()' to quit R.

> (require("genomation") & require("GenomicRanges") & require("GenomicAlignments") & require("rtracklayer") & require("readr") & require("Biostrings")) || stop("unable to load genomation package")
Loading required package: genomation
Loading required package: grid
Loading required package: GenomicRanges
Loading required package: stats4
Loading required package: BiocGenerics

Attaching package: 'BiocGenerics'

The following objects are masked from 'package:stats':

    IQR, mad, sd, var, xtabs

The following objects are masked from 'package:base':

    Filter, Find, Map, Position, Reduce, anyDuplicated, append,
    as.data.frame, basename, cbind, colnames, dirname, do.call,
    duplicated, eval, evalq, get, grep, grepl, intersect, is.unsorted,
    lapply, mapply, match, mget, order, paste, pmax, pmax.int, pmin,
    pmin.int, rank, rbind, rownames, sapply, setdiff, sort, table,
    tapply, union, unique, unsplit, which.max, which.min

Loading required package: S4Vectors

Attaching package: 'S4Vectors'

The following objects are masked from 'package:base':

    I, expand.grid, unname

Loading required package: IRanges

Attaching package: 'IRanges'

The following object is masked from 'package:grDevices':

    windows

Loading required package: GenomeInfoDb
Loading required package: GenomicAlignments
Loading required package: SummarizedExperiment
Loading required package: MatrixGenerics
Loading required package: matrixStats

Attaching package: 'MatrixGenerics'

The following objects are masked from 'package:matrixStats':

    colAlls, colAnyNAs, colAnys, colAvgsPerRowSet, colCollapse,
    colCounts, colCummaxs, colCummins, colCumprods, colCumsums,
    colDiffs, colIQRDiffs, colIQRs, colLogSumExps, colMadDiffs,
    colMads, colMaxs, colMeans2, colMedians, colMins, colOrderStats,
    colProds, colQuantiles, colRanges, colRanks, colSdDiffs, colSds,
    colSums2, colTabulates, colVarDiffs, colVars, colWeightedMads,
    colWeightedMeans, colWeightedMedians, colWeightedSds,
    colWeightedVars, rowAlls, rowAnyNAs, rowAnys, rowAvgsPerColSet,
    rowCollapse, rowCounts, rowCummaxs, rowCummins, rowCumprods,
    rowCumsums, rowDiffs, rowIQRDiffs, rowIQRs, rowLogSumExps,
    rowMadDiffs, rowMads, rowMaxs, rowMeans2, rowMedians, rowMins,
    rowOrderStats, rowProds, rowQuantiles, rowRanges, rowRanks,
    rowSdDiffs, rowSds, rowSums2, rowTabulates, rowVarDiffs, rowVars,
    rowWeightedMads, rowWeightedMeans, rowWeightedMedians,
    rowWeightedSds, rowWeightedVars

Loading required package: Biobase
Welcome to Bioconductor

    Vignettes contain introductory material; view with
    'browseVignettes()'. To cite Bioconductor, see
    'citation("Biobase")', and for packages 'citation("pkgname")'.


Attaching package: 'Biobase'

The following object is masked from 'package:MatrixGenerics':

    rowMedians

The following objects are masked from 'package:matrixStats':

    anyMissing, rowMedians

Loading required package: Biostrings
Loading required package: XVector

Attaching package: 'Biostrings'

The following object is masked from 'package:grid':

    pattern

The following object is masked from 'package:base':

    strsplit

Loading required package: Rsamtools
Loading required package: rtracklayer
Loading required package: readr
[1] TRUE
Warning message:
replacing previous import 'Biostrings::pattern' by 'grid::pattern' when loading 'genomation' 
> genomation:::.test()
Normalizing to rpm ...
Normalizing to rpm ...
Normalizing to rpm ...
testing:min
testing:max
testing:median
Normalizing to rpm ...
Normalizing to rpm ...
Normalizing to rpm ...
Normalizing to rpm ...
Normalizing to rpm ...
Normalizing to rpm ...
Normalizing to rpm ...
Rows: 2 Columns: 9
-- Column specification --------------------------------------------------------
Delimiter: "\t"
chr (3): X1, X4, X6
dbl (5): X2, X3, X5, X7, X8

i Use `spec()` to retrieve the full column specification for this data.
i Specify the column types or set `show_col_types = FALSE` to quiet this message.
Rows: 2 Columns: 9
-- Column specification --------------------------------------------------------
Delimiter: "\t"
chr (3): X1, X4, X6
dbl (5): X2, X3, X5, X7, X8

i Use `spec()` to retrieve the full column specification for this data.
i Specify the column types or set `show_col_types = FALSE` to quiet this message.


RUNIT TEST PROTOCOL -- Sun Jan 23 19:04:27 2022 
*********************************************** 
Number of test functions: 24 
Number of errors: 0 
Number of failures: 0 

 
1 Test Suite : 
genomation RUnit Tests - 24 test functions, 0 errors, 0 failures
Number of test functions: 24 
Number of errors: 0 
Number of failures: 0 
Warning messages:
1: In .local(target, windows, strand.aware) :
  1 windows fall off the target
2: In .local(target, windows, strand.aware) :
  2 windows fall off the target
3: In .local(target, windows, strand.aware) :
  2 windows fall off the target
4: In .local(target, windows, strand.aware) :
  2 windows fall off the target
5: In .local(target, windows, strand.aware) :
  2 windows fall off the target
6: In .local(target, windows, strand.aware) :
  2 windows fall off the target
7: In .local(target, windows, bin.num, bin.op, strand.aware) :
  2 windows fall off the target
8: In .local(target, windows, bin.num, bin.op, strand.aware) :
  2 windows fall off the target
> 
> proc.time()
   user  system elapsed 
  17.32    1.10   17.98 

Example timings

genomation.Rcheck/genomation-Ex.timings

nameusersystemelapsed
AnnotationByGeneParts-methods0.740.110.75
ScoreMatrix-methods2.470.132.60
ScoreMatrixBin-methods1.680.141.80
ScoreMatrixList-methods0.390.090.48
annotateWithFeature-methods0.030.000.03
annotateWithFeatureFlank-methods0.250.020.27
annotateWithFeatures-methods0.470.120.51
annotateWithGeneParts-methods0.430.100.42
binMatrix-methods0.160.000.16
convertBed2Exons-methods0.050.000.04
convertBed2Introns-methods0.030.000.04
enrichmentMatrix-ScoreMatrix-method2.080.475.01
enrichmentMatrix-ScoreMatrixList-ScoreMatrix-method4.450.535.02
enrichmentMatrix-ScoreMatrixList-method4.840.565.45
findFeatureComb-methods0.330.030.36
getFeatsWithTargetsStats-methods0.480.020.47
getFlanks-methods0.170.010.19
getRandomEnrichment-methods0.020.000.02
getTargetAnnotationStats-methods0.480.100.53
gffToGRanges0.130.000.12
heatMatrix1.040.151.21
heatMeta0.410.100.50
heatTargetAnnotation-methods0.720.070.71
intersectScoreMatrixList-methods0.300.050.35
multiHeatMatrix0.400.060.47
orderBy-methods0.520.080.59
patternMatrix-methods0.210.000.20
plotMeta0.360.110.47
plotTargetAnnotation-methods0.400.090.45
readBed0.410.160.35
readBroadPeak0.080.080.07
readFeatureFlank-methods0.180.030.21
readGeneric0.110.030.09
readNarrowPeak0.110.110.11
readTranscriptFeatures-methods0.240.060.27
scaleScoreMatrix-methods0.180.000.18
scaleScoreMatrixList0.470.080.55