Back to Multiple platform build/check report for BioC 3.19: simplified long |
|
This page was generated on 2024-03-04 11:39:14 -0500 (Mon, 04 Mar 2024).
Hostname | OS | Arch (*) | R version | Installed pkgs |
---|---|---|---|---|
nebbiolo1 | Linux (Ubuntu 22.04.3 LTS) | x86_64 | R Under development (unstable) (2024-01-16 r85808) -- "Unsuffered Consequences" | 4676 |
palomino3 | Windows Server 2022 Datacenter | x64 | R Under development (unstable) (2024-01-14 r85805 ucrt) -- "Unsuffered Consequences" | 4414 |
merida1 | macOS 12.7.1 Monterey | x86_64 | R Under development (unstable) (2024-01-16 r85808) -- "Unsuffered Consequences" | 4441 |
kunpeng2 | Linux (openEuler 22.03 LTS-SP1) | aarch64 | R Under development (unstable) (2024-01-16 r85812) -- "Unsuffered Consequences" | 4417 |
Click on any hostname to see more info about the system (e.g. compilers) (*) as reported by 'uname -p', except on Windows and Mac OS X |
Package 791/2251 | Hostname | OS / Arch | INSTALL | BUILD | CHECK | BUILD BIN | ||||||||
genefu 2.35.0 (landing page) Benjamin Haibe-Kains
| nebbiolo1 | Linux (Ubuntu 22.04.3 LTS) / x86_64 | OK | OK | WARNINGS | |||||||||
palomino3 | Windows Server 2022 Datacenter / x64 | OK | OK | WARNINGS | OK | |||||||||
merida1 | macOS 12.7.1 Monterey / x86_64 | OK | OK | WARNINGS | OK | |||||||||
kunpeng2 | Linux (openEuler 22.03 LTS-SP1) / aarch64 | OK | OK | WARNINGS | ||||||||||
To the developers/maintainers of the genefu package: - Allow up to 24 hours (and sometimes 48 hours) for your latest push to git@git.bioconductor.org:packages/genefu.git to reflect on this report. See Troubleshooting Build Report for more information. - Use the following Renviron settings to reproduce errors and warnings. - If 'R CMD check' started to fail recently on the Linux builder(s) over a missing dependency, add the missing dependency to 'Suggests:' in your DESCRIPTION file. See Renviron.bioc for more information. |
Package: genefu |
Version: 2.35.0 |
Command: /Library/Frameworks/R.framework/Resources/bin/R CMD check --install=check:genefu.install-out.txt --library=/Library/Frameworks/R.framework/Resources/library --no-vignettes --timings genefu_2.35.0.tar.gz |
StartedAt: 2024-03-02 04:22:35 -0500 (Sat, 02 Mar 2024) |
EndedAt: 2024-03-02 04:27:50 -0500 (Sat, 02 Mar 2024) |
EllapsedTime: 314.8 seconds |
RetCode: 0 |
Status: WARNINGS |
CheckDir: genefu.Rcheck |
Warnings: 1 |
############################################################################## ############################################################################## ### ### Running command: ### ### /Library/Frameworks/R.framework/Resources/bin/R CMD check --install=check:genefu.install-out.txt --library=/Library/Frameworks/R.framework/Resources/library --no-vignettes --timings genefu_2.35.0.tar.gz ### ############################################################################## ############################################################################## * using log directory ‘/Users/biocbuild/bbs-3.19-bioc/meat/genefu.Rcheck’ * using R Under development (unstable) (2024-01-16 r85808) * using platform: x86_64-apple-darwin20 * R was compiled by Apple clang version 14.0.0 (clang-1400.0.29.202) GNU Fortran (GCC) 12.2.0 * running under: macOS Monterey 12.7.1 * using session charset: UTF-8 * using option ‘--no-vignettes’ * checking for file ‘genefu/DESCRIPTION’ ... OK * checking extension type ... Package * this is package ‘genefu’ version ‘2.35.0’ * package encoding: UTF-8 * checking package namespace information ... OK * checking package dependencies ... OK * checking if this is a source package ... OK * checking if there is a namespace ... OK * checking for hidden files and directories ... OK * checking for portable file names ... OK * checking for sufficient/correct file permissions ... OK * checking whether package ‘genefu’ can be installed ... WARNING Found the following significant warnings: Warning: replacing previous import ‘limma::logsumexp’ by ‘mclust::logsumexp’ when loading ‘genefu’ See ‘/Users/biocbuild/bbs-3.19-bioc/meat/genefu.Rcheck/00install.out’ for details. * checking installed package size ... NOTE installed size is 5.2Mb sub-directories of 1Mb or more: data 4.0Mb * checking package directory ... OK * checking ‘build’ directory ... OK * checking DESCRIPTION meta-information ... OK * checking top-level files ... OK * checking for left-over files ... OK * checking index information ... OK * checking package subdirectories ... OK * checking R files for non-ASCII characters ... OK * checking R files for syntax errors ... OK * checking whether the package can be loaded ... OK * checking whether the package can be loaded with stated dependencies ... OK * checking whether the package can be unloaded cleanly ... OK * checking whether the namespace can be loaded with stated dependencies ... OK * checking whether the namespace can be unloaded cleanly ... OK * checking dependencies in R code ... NOTE Packages in Depends field not imported from: ‘AIMS’ ‘biomaRt’ ‘iC10’ These packages need to be imported from (in the NAMESPACE file) for when this namespace is loaded but not attached. Unexported objects imported by ':::' calls: ‘mclust:::grid1’ ‘mclust:::grid2’ See the note in ?`:::` about the use of this operator. * checking S3 generic/method consistency ... OK * checking replacement functions ... OK * checking foreign function calls ... OK * checking R code for possible problems ... OK * checking Rd files ... OK * checking Rd metadata ... OK * checking Rd cross-references ... OK * checking for missing documentation entries ... OK * checking for code/documentation mismatches ... OK * checking Rd \usage sections ... OK * checking Rd contents ... OK * checking for unstated dependencies in examples ... OK * checking contents of ‘data’ directory ... OK * checking data for non-ASCII characters ... OK * checking data for ASCII and uncompressed saves ... OK * checking files in ‘vignettes’ ... OK * checking examples ... OK Examples with CPU (user + system) or elapsed time > 5s user system elapsed molecular.subtyping 4.155 0.189 5.346 * checking for unstated dependencies in vignettes ... OK * checking package vignettes ... OK * checking running R code from vignettes ... SKIPPED * checking re-building of vignette outputs ... SKIPPED * checking PDF version of manual ... OK * DONE Status: 1 WARNING, 2 NOTEs See ‘/Users/biocbuild/bbs-3.19-bioc/meat/genefu.Rcheck/00check.log’ for details.
genefu.Rcheck/00install.out
############################################################################## ############################################################################## ### ### Running command: ### ### /Library/Frameworks/R.framework/Resources/bin/R CMD INSTALL genefu ### ############################################################################## ############################################################################## * installing to library ‘/Library/Frameworks/R.framework/Versions/4.4-x86_64/Resources/library’ * installing *source* package ‘genefu’ ... ** using staged installation ** R ** data ** inst ** byte-compile and prepare package for lazy loading Warning: replacing previous import ‘limma::logsumexp’ by ‘mclust::logsumexp’ when loading ‘genefu’ ** help *** installing help indices ** building package indices ** installing vignettes ** testing if installed package can be loaded from temporary location Warning: replacing previous import ‘limma::logsumexp’ by ‘mclust::logsumexp’ when loading ‘genefu’ ** testing if installed package can be loaded from final location Warning: replacing previous import ‘limma::logsumexp’ by ‘mclust::logsumexp’ when loading ‘genefu’ ** testing if installed package keeps a record of temporary installation path * DONE (genefu)
genefu.Rcheck/genefu-Ex.timings
name | user | system | elapsed | |
bimod | 0.341 | 0.025 | 0.421 | |
boxplotplus2 | 0.058 | 0.003 | 0.070 | |
claudinLow | 2.010 | 0.074 | 2.502 | |
compareProtoCor | 1.622 | 0.037 | 1.956 | |
compute.pairw.cor.meta | 2.228 | 0.096 | 2.726 | |
compute.proto.cor.meta | 1.512 | 0.029 | 1.750 | |
cordiff.dep | 0.189 | 0.007 | 0.235 | |
endoPredict | 0.194 | 0.011 | 0.228 | |
fuzzy.ttest | 0.281 | 0.023 | 0.358 | |
gene70 | 0.483 | 0.027 | 0.582 | |
gene76 | 0.223 | 0.014 | 0.271 | |
geneid.map | 0.248 | 0.029 | 0.334 | |
genius | 0.384 | 0.036 | 0.484 | |
ggi | 0.237 | 0.018 | 0.307 | |
ihc4 | 0.183 | 0.017 | 0.245 | |
intrinsic.cluster | 0.735 | 0.031 | 0.902 | |
intrinsic.cluster.predict | 0.366 | 0.016 | 0.471 | |
map.datasets | 1.404 | 0.035 | 1.623 | |
molecular.subtyping | 4.155 | 0.189 | 5.346 | |
npi | 0.187 | 0.016 | 0.218 | |
oncotypedx | 0.215 | 0.012 | 0.259 | |
ovcAngiogenic | 0.221 | 0.017 | 0.277 | |
ovcCrijns | 0.246 | 0.013 | 0.314 | |
ovcTCGA | 0.493 | 0.015 | 0.633 | |
ovcYoshihara | 0.214 | 0.011 | 0.279 | |
pik3cags | 0.210 | 0.011 | 0.269 | |
power.cor | 0.001 | 0.000 | 0.002 | |
ps.cluster | 1.330 | 0.039 | 1.614 | |
read.m.file | 0.041 | 0.006 | 0.059 | |
rename.duplicate | 0.003 | 0.001 | 0.003 | |
rescale | 0.404 | 0.015 | 0.480 | |
rorS | 0.350 | 0.013 | 0.409 | |
setcolclass.df | 0.003 | 0.001 | 0.003 | |
sig.score | 0.218 | 0.013 | 0.260 | |
spearmanCI | 0.001 | 0.001 | 0.002 | |
st.gallen | 0.180 | 0.012 | 0.218 | |
stab.fs | 0.253 | 0.014 | 0.303 | |
stab.fs.ranking | 1.763 | 0.129 | 2.058 | |
strescR | 0.001 | 0.000 | 0.002 | |
subtype.cluster | 1.082 | 0.077 | 1.333 | |
subtype.cluster.predict | 0.463 | 0.025 | 0.514 | |
tamr13 | 0.230 | 0.014 | 0.263 | |
tbrm | 0.001 | 0.000 | 0.002 | |
weighted.meanvar | 0.000 | 0.000 | 0.001 | |
write.m.file | 0.005 | 0.004 | 0.010 | |