Back to Multiple platform build/check report for BioC 3.15
ABCDEF[G]HIJKLMNOPQRSTUVWXYZ

This page was generated on 2022-01-19 11:06:08 -0500 (Wed, 19 Jan 2022).

HostnameOSArch (*)R versionInstalled pkgs
nebbiolo1Linux (Ubuntu 20.04.4 LTS)x86_64R Under development (unstable) (2022-01-05 r81451) -- "Unsuffered Consequences" 4161
riesling1Windows Server 2019 Standardx64R Under development (unstable) (2021-11-21 r81221) -- "Unsuffered Consequences" 4056
palomino3Windows Server 2022 Datacenterx64R Under development (unstable) (2021-12-21 r81400 ucrt) -- "Unsuffered Consequences" 3998
merida1macOS 10.14.6 Mojavex86_64R Under development (unstable) (2022-01-05 r81451) -- "Unsuffered Consequences" 4115
Click on any hostname to see more info about the system (e.g. compilers)      (*) as reported by 'uname -p', except on Windows and Mac OS X

CHECK results for geneXtendeR on nebbiolo1


To the developers/maintainers of the geneXtendeR package:
- Please allow up to 24 hours (and sometimes 48 hours) for your latest push to git@git.bioconductor.org:packages/geneXtendeR.git to
reflect on this report. See How and When does the builder pull? When will my changes propagate? here for more information.
- Make sure to use the following settings in order to reproduce any error or warning you see on this page.

raw results

Package 737/2074HostnameOS / ArchINSTALLBUILDCHECKBUILD BIN
geneXtendeR 1.21.0  (landing page)
Bohdan Khomtchouk
Snapshot Date: 2022-01-18 13:55:18 -0500 (Tue, 18 Jan 2022)
git_url: https://git.bioconductor.org/packages/geneXtendeR
git_branch: master
git_last_commit: 63b6b7a
git_last_commit_date: 2021-10-26 12:30:30 -0500 (Tue, 26 Oct 2021)
nebbiolo1Linux (Ubuntu 20.04.4 LTS) / x86_64  OK    OK    WARNINGS  UNNEEDED, same version is already published
riesling1Windows Server 2019 Standard / x64  OK    OK    WARNINGS    OK  
palomino3Windows Server 2022 Datacenter / x64  OK    OK    WARNINGS    OK  NO, package depends on 'rtracklayer' which is not available
merida1macOS 10.14.6 Mojave / x86_64  OK    OK    WARNINGS    OK  UNNEEDED, same version is already published

Summary

Package: geneXtendeR
Version: 1.21.0
Command: /home/biocbuild/bbs-3.15-bioc/R/bin/R CMD check --install=check:geneXtendeR.install-out.txt --library=/home/biocbuild/bbs-3.15-bioc/R/library --no-vignettes --timings geneXtendeR_1.21.0.tar.gz
StartedAt: 2022-01-18 19:19:24 -0500 (Tue, 18 Jan 2022)
EndedAt: 2022-01-18 19:29:40 -0500 (Tue, 18 Jan 2022)
EllapsedTime: 616.6 seconds
RetCode: 0
Status:   WARNINGS  
CheckDir: geneXtendeR.Rcheck
Warnings: 2

Command output

##############################################################################
##############################################################################
###
### Running command:
###
###   /home/biocbuild/bbs-3.15-bioc/R/bin/R CMD check --install=check:geneXtendeR.install-out.txt --library=/home/biocbuild/bbs-3.15-bioc/R/library --no-vignettes --timings geneXtendeR_1.21.0.tar.gz
###
##############################################################################
##############################################################################


* using log directory ‘/home/biocbuild/bbs-3.15-bioc/meat/geneXtendeR.Rcheck’
* using R Under development (unstable) (2022-01-05 r81451)
* using platform: x86_64-pc-linux-gnu (64-bit)
* using session charset: UTF-8
* using option ‘--no-vignettes’
* checking for file ‘geneXtendeR/DESCRIPTION’ ... OK
* checking extension type ... Package
* this is package ‘geneXtendeR’ version ‘1.21.0’
* package encoding: UTF-8
* checking package namespace information ... OK
* checking package dependencies ... OK
* checking if this is a source package ... OK
* checking if there is a namespace ... OK
* checking for hidden files and directories ... OK
* checking for portable file names ... OK
* checking for sufficient/correct file permissions ... OK
* checking whether package ‘geneXtendeR’ can be installed ... WARNING
Found the following significant warnings:
  annotate.c:106:5: warning: ignoring return value of ‘fgets’, declared with attribute warn_unused_result [-Wunused-result]
  annotate.c:116:5: warning: ignoring return value of ‘fgets’, declared with attribute warn_unused_result [-Wunused-result]
  extract_number.c:98:5: warning: ignoring return value of ‘fgets’, declared with attribute warn_unused_result [-Wunused-result]
  extract_number.c:108:5: warning: ignoring return value of ‘fgets’, declared with attribute warn_unused_result [-Wunused-result]
  extract_peaks.c:107:5: warning: ignoring return value of ‘fgets’, declared with attribute warn_unused_result [-Wunused-result]
  extract_peaks.c:117:5: warning: ignoring return value of ‘fgets’, declared with attribute warn_unused_result [-Wunused-result]
See ‘/home/biocbuild/bbs-3.15-bioc/meat/geneXtendeR.Rcheck/00install.out’ for details.
* checking installed package size ... NOTE
  installed size is  9.9Mb
  sub-directories of 1Mb or more:
    data      5.8Mb
    doc       1.8Mb
    extdata   2.1Mb
* checking package directory ... OK
* checking DESCRIPTION meta-information ... NOTE
Package listed in more than one of Depends, Imports, Suggests, Enhances:
  ‘rtracklayer’
A package should be listed in only one of these fields.
* checking top-level files ... OK
* checking for left-over files ... OK
* checking index information ... OK
* checking package subdirectories ... OK
* checking R files for non-ASCII characters ... OK
* checking R files for syntax errors ... OK
* checking whether the package can be loaded ... OK
* checking whether the package can be loaded with stated dependencies ... OK
* checking whether the package can be unloaded cleanly ... OK
* checking whether the namespace can be loaded with stated dependencies ... OK
* checking whether the namespace can be unloaded cleanly ... OK
* checking dependencies in R code ... NOTE
Namespaces in Imports field not imported from:
  ‘BiocStyle’ ‘SnowballC’ ‘org.Rn.eg.db’
  All declared Imports should be used.
* checking S3 generic/method consistency ... OK
* checking replacement functions ... OK
* checking foreign function calls ... OK
* checking R code for possible problems ... NOTE
.geneXtender: no visible binding for global variable ‘type’
.geneXtender: no visible binding for global variable ‘seqid’
.geneXtender: no visible binding for global variable ‘gene_id’
.geneXtender: no visible binding for global variable ‘gene_name’
annotate_n: no visible binding for global variable ‘..I’
annotate_n: no visible binding for global variable ‘seqid’
diffGO: no visible binding for global variable ‘rat’
gene_annotate: no visible global function definition for ‘.’
gene_annotate: no visible binding for global variable
  ‘Distance-of-Gene-to-Nearest-Peak’
gene_annotate: no visible global function definition for ‘sd’
gene_annotate: no visible binding for global variable ‘Chromosome’
gene_annotate: no visible binding for global variable ‘Gene-Start’
gene_annotate: no visible binding for global variable ‘Gene-End’
gene_annotate: no visible binding for global variable ‘Gene-ID’
gene_annotate: no visible binding for global variable ‘Gene-Name’
gene_annotate: no visible binding for global variable
  ‘Peaks-on-Gene-Body’
gene_annotate: no visible binding for global variable
  ‘Number-of-Peaks-Associated-with-Gene’
gene_lookup: no visible binding for global variable ‘gene_name_id’
gene_lookup: no visible binding for global variable ‘gene_id’
gene_lookup : internal_find: no visible binding for global variable
  ‘Chromosome’
gene_lookup : internal_find: no visible binding for global variable
  ‘distance’
gene_lookup : internal_find: no visible global function definition for
  ‘na.omit’
gene_lookup: no visible binding for global variable ‘..I’
gene_lookup: no visible binding for global variable ‘distance’
makeWordCloud: no visible binding for global variable ‘rat’
meanPeakLength: no visible binding for global variable ‘rat’
peaksInput: no visible binding for global variable ‘chr’
peaksInput: no visible global function definition for ‘na.omit’
peaksMerge: no visible binding for global variable ‘chr’
peaksMerge: no visible binding for global variable ‘g’
peaksMerge: no visible global function definition for ‘.’
plotWordFreq : geneXtender: no visible binding for global variable
  ‘type’
plotWordFreq : geneXtender: no visible binding for global variable
  ‘seqid’
plotWordFreq : geneXtender: no visible binding for global variable
  ‘gene_id’
plotWordFreq : geneXtender: no visible binding for global variable
  ‘gene_name’
Undefined global functions or variables:
  . ..I Chromosome Distance-of-Gene-to-Nearest-Peak Gene-End Gene-ID
  Gene-Name Gene-Start Number-of-Peaks-Associated-with-Gene
  Peaks-on-Gene-Body chr distance g gene_id gene_name gene_name_id
  na.omit rat sd seqid type
Consider adding
  importFrom("stats", "na.omit", "sd")
to your NAMESPACE file.
* checking Rd files ... OK
* checking Rd metadata ... OK
* checking Rd cross-references ... OK
* checking for missing documentation entries ... OK
* checking for code/documentation mismatches ... OK
* checking Rd \usage sections ... OK
* checking Rd contents ... OK
* checking for unstated dependencies in examples ... OK
* checking contents of ‘data’ directory ... OK
* checking data for non-ASCII characters ... OK
* checking LazyData ... WARNING
  LazyData DB of 5.8 MB without LazyDataCompression set
  See §1.1.6 of 'Writing R Extensions'
* checking data for ASCII and uncompressed saves ... OK
* checking line endings in C/C++/Fortran sources/headers ... OK
* checking compiled code ... NOTE
Note: information on .o files is not available
* checking installed files from ‘inst/doc’ ... OK
* checking files in ‘vignettes’ ... NOTE
Files named as vignettes but with no recognized vignette engine:
   ‘vignettes/geneXtendeR.Rnw’
(Is a VignetteBuilder field missing?)
* checking examples ... OK
Examples with CPU (user + system) or elapsed time > 5s
                     user system elapsed
meanPeakLengthPlot 34.054  0.744  37.204
hotspotPlot        19.341  1.192  22.902
annotate           14.359  0.509  17.364
cumlinePlot        13.511  0.349  16.219
barChart           13.250  0.576  16.088
linePlot           12.989  0.468  15.886
makeWordCloud      12.814  0.392  15.706
distinct           11.218  0.661  14.286
diffGO             10.741  0.786  13.952
makeNetwork        10.574  0.487  13.388
plotWordFreq       10.472  0.297  13.087
gene_annotate      10.185  0.580  13.144
peakLengthBoxplot  10.309  0.192  12.946
meanPeakLength      9.297  0.323  11.913
gene_lookup         8.595  0.405  11.437
* checking for unstated dependencies in ‘tests’ ... OK
* checking tests ...
  Running ‘testthat.R’
 OK
* checking PDF version of manual ... OK
* DONE

Status: 2 WARNINGs, 6 NOTEs
See
  ‘/home/biocbuild/bbs-3.15-bioc/meat/geneXtendeR.Rcheck/00check.log’
for details.



Installation output

geneXtendeR.Rcheck/00install.out

##############################################################################
##############################################################################
###
### Running command:
###
###   /home/biocbuild/bbs-3.15-bioc/R/bin/R CMD INSTALL geneXtendeR
###
##############################################################################
##############################################################################


* installing to library ‘/home/biocbuild/bbs-3.15-bioc/R/library’
* installing *source* package ‘geneXtendeR’ ...
** using staged installation
** libs
gcc -I"/home/biocbuild/bbs-3.15-bioc/R/include" -DNDEBUG   -I/usr/local/include   -fpic  -g -O2  -Wall -c annotate.c -o annotate.o
annotate.c: In function ‘annotate’:
annotate.c:106:5: warning: ignoring return value of ‘fgets’, declared with attribute warn_unused_result [-Wunused-result]
  106 |     fgets(varstr, 50000, varfp);
      |     ^~~~~~~~~~~~~~~~~~~~~~~~~~~
annotate.c:116:5: warning: ignoring return value of ‘fgets’, declared with attribute warn_unused_result [-Wunused-result]
  116 |     fgets(vcfstr, 10000, vcffp);
      |     ^~~~~~~~~~~~~~~~~~~~~~~~~~~
gcc -I"/home/biocbuild/bbs-3.15-bioc/R/include" -DNDEBUG   -I/usr/local/include   -fpic  -g -O2  -Wall -c extract_number.c -o extract_number.o
extract_number.c: In function ‘extractnumber’:
extract_number.c:72:10: warning: variable ‘n_1’ set but not used [-Wunused-but-set-variable]
   72 |     long n_1;
      |          ^~~
extract_number.c:66:10: warning: variable ‘j_1’ set but not used [-Wunused-but-set-variable]
   66 |     long j_1;
      |          ^~~
extract_number.c:54:12: warning: variable ‘pvcfcol5_5’ set but not used [-Wunused-but-set-variable]
   54 |     char * pvcfcol5_5;
      |            ^~~~~~~~~~
extract_number.c:53:12: warning: variable ‘pvcfcol4_4’ set but not used [-Wunused-but-set-variable]
   53 |     char * pvcfcol4_4;
      |            ^~~~~~~~~~
extract_number.c:52:12: warning: variable ‘pvcfcol3_3’ set but not used [-Wunused-but-set-variable]
   52 |     char * pvcfcol3_3;
      |            ^~~~~~~~~~
extract_number.c:51:12: warning: variable ‘pvcfcol2_2’ set but not used [-Wunused-but-set-variable]
   51 |     char * pvcfcol2_2;
      |            ^~~~~~~~~~
extract_number.c:50:12: warning: variable ‘pvcfcol1_1’ set but not used [-Wunused-but-set-variable]
   50 |     char * pvcfcol1_1;
      |            ^~~~~~~~~~
extract_number.c:98:5: warning: ignoring return value of ‘fgets’, declared with attribute warn_unused_result [-Wunused-result]
   98 |     fgets(varstr, 50000, varfp);
      |     ^~~~~~~~~~~~~~~~~~~~~~~~~~~
extract_number.c:108:5: warning: ignoring return value of ‘fgets’, declared with attribute warn_unused_result [-Wunused-result]
  108 |     fgets(vcfstr, 10000, vcffp);
      |     ^~~~~~~~~~~~~~~~~~~~~~~~~~~
gcc -I"/home/biocbuild/bbs-3.15-bioc/R/include" -DNDEBUG   -I/usr/local/include   -fpic  -g -O2  -Wall -c extract_peaks.c -o extract_peaks.o
extract_peaks.c: In function ‘extractpeaks’:
extract_peaks.c:107:5: warning: ignoring return value of ‘fgets’, declared with attribute warn_unused_result [-Wunused-result]
  107 |     fgets(varstr, 50000, varfp);
      |     ^~~~~~~~~~~~~~~~~~~~~~~~~~~
extract_peaks.c:117:5: warning: ignoring return value of ‘fgets’, declared with attribute warn_unused_result [-Wunused-result]
  117 |     fgets(vcfstr, 10000, vcffp);
      |     ^~~~~~~~~~~~~~~~~~~~~~~~~~~
gcc -shared -L/home/biocbuild/bbs-3.15-bioc/R/lib -L/usr/local/lib -o geneXtendeR.so annotate.o extract_number.o extract_peaks.o -L/home/biocbuild/bbs-3.15-bioc/R/lib -lR
installing to /home/biocbuild/bbs-3.15-bioc/R/library/00LOCK-geneXtendeR/00new/geneXtendeR/libs
** R
** data
*** moving datasets to lazyload DB
** inst
** byte-compile and prepare package for lazy loading
** help
*** installing help indices
** building package indices
** installing vignettes
** testing if installed package can be loaded from temporary location
** checking absolute paths in shared objects and dynamic libraries
** testing if installed package can be loaded from final location
** testing if installed package keeps a record of temporary installation path
* DONE (geneXtendeR)

Tests output

geneXtendeR.Rcheck/tests/testthat.Rout


R Under development (unstable) (2022-01-05 r81451) -- "Unsuffered Consequences"
Copyright (C) 2022 The R Foundation for Statistical Computing
Platform: x86_64-pc-linux-gnu (64-bit)

R is free software and comes with ABSOLUTELY NO WARRANTY.
You are welcome to redistribute it under certain conditions.
Type 'license()' or 'licence()' for distribution details.

R is a collaborative project with many contributors.
Type 'contributors()' for more information and
'citation()' on how to cite R or R packages in publications.

Type 'demo()' for some demos, 'help()' for on-line help, or
'help.start()' for an HTML browser interface to help.
Type 'q()' to quit R.

> library(testthat)
> library(geneXtendeR)
Loading required package: rtracklayer
Loading required package: GenomicRanges
Loading required package: stats4
Loading required package: BiocGenerics

Attaching package: 'BiocGenerics'

The following objects are masked from 'package:stats':

    IQR, mad, sd, var, xtabs

The following objects are masked from 'package:base':

    Filter, Find, Map, Position, Reduce, anyDuplicated, append,
    as.data.frame, basename, cbind, colnames, dirname, do.call,
    duplicated, eval, evalq, get, grep, grepl, intersect, is.unsorted,
    lapply, mapply, match, mget, order, paste, pmax, pmax.int, pmin,
    pmin.int, rank, rbind, rownames, sapply, setdiff, sort, table,
    tapply, union, unique, unsplit, which.max, which.min

Loading required package: S4Vectors

Attaching package: 'S4Vectors'

The following objects are masked from 'package:base':

    I, expand.grid, unname

Loading required package: IRanges
Loading required package: GenomeInfoDb
Loading required package: GO.db
Loading required package: AnnotationDbi
Loading required package: Biobase
Welcome to Bioconductor

    Vignettes contain introductory material; view with
    'browseVignettes()'. To cite Bioconductor, see
    'citation("Biobase")', and for packages 'citation("pkgname")'.


> 
> test_check("geneXtendeR")
[ FAIL 0 | WARN 0 | SKIP 0 | PASS 86 ]
> 
> proc.time()
   user  system elapsed 
134.635   3.857 137.910 

Example timings

geneXtendeR.Rcheck/geneXtendeR-Ex.timings

nameusersystemelapsed
allPeakLengths0.0490.0000.051
annotate14.359 0.50917.364
annotate_n000
barChart13.250 0.57616.088
cumlinePlot13.511 0.34916.219
diffGO10.741 0.78613.952
distinct11.218 0.66114.286
gene_annotate10.185 0.58013.144
gene_lookup 8.595 0.40511.437
hotspotPlot19.341 1.19222.902
linePlot12.989 0.46815.886
makeNetwork10.574 0.48713.388
makeWordCloud12.814 0.39215.706
meanPeakLength 9.297 0.32311.913
meanPeakLengthPlot34.054 0.74437.204
peakLengthBoxplot10.309 0.19212.946
peaksInput0.2010.0180.211
peaksMerge0.1360.0000.114
plotWordFreq10.472 0.29713.087
rat2.8270.2443.071
samplepeaksinput0.0070.0000.007