Back to Multiple platform build/check report for BioC 3.15
ABCD[E]FGHIJKLMNOPQRSTUVWXYZ

This page was generated on 2022-01-26 11:11:27 -0500 (Wed, 26 Jan 2022).

HostnameOSArch (*)R versionInstalled pkgs
nebbiolo1Linux (Ubuntu 20.04.4 LTS)x86_64R Under development (unstable) (2022-01-05 r81451) -- "Unsuffered Consequences" 4164
riesling1Windows Server 2019 Standardx64R Under development (unstable) (2021-11-21 r81221) -- "Unsuffered Consequences" 4059
palomino3Windows Server 2022 Datacenterx64R Under development (unstable) (2021-12-21 r81400 ucrt) -- "Unsuffered Consequences" 4001
merida1macOS 10.14.6 Mojavex86_64R Under development (unstable) (2022-01-05 r81451) -- "Unsuffered Consequences" 4118
Click on any hostname to see more info about the system (e.g. compilers)      (*) as reported by 'uname -p', except on Windows and Mac OS X

CHECK results for exomePeak2 on merida1


To the developers/maintainers of the exomePeak2 package:
- Please allow up to 24 hours (and sometimes 48 hours) for your latest push to git@git.bioconductor.org:packages/exomePeak2.git to
reflect on this report. See How and When does the builder pull? When will my changes propagate? here for more information.
- Make sure to use the following settings in order to reproduce any error or warning you see on this page.

raw results

Package 612/2075HostnameOS / ArchINSTALLBUILDCHECKBUILD BIN
exomePeak2 1.7.1  (landing page)
Zhen Wei
Snapshot Date: 2022-01-25 13:55:17 -0500 (Tue, 25 Jan 2022)
git_url: https://git.bioconductor.org/packages/exomePeak2
git_branch: master
git_last_commit: 5d8ded6
git_last_commit_date: 2021-11-20 04:00:53 -0500 (Sat, 20 Nov 2021)
nebbiolo1Linux (Ubuntu 20.04.4 LTS) / x86_64  OK    OK    WARNINGS  UNNEEDED, same version is already published
riesling1Windows Server 2019 Standard / x64  OK    OK    WARNINGS    OK  
palomino3Windows Server 2022 Datacenter / x64  OK    OK    WARNINGS    OK  NO, package depends on 'SummarizedExperiment' which is not available
merida1macOS 10.14.6 Mojave / x86_64  OK    OK    WARNINGS    OK  UNNEEDED, same version is already published

Summary

Package: exomePeak2
Version: 1.7.1
Command: /Library/Frameworks/R.framework/Resources/bin/R CMD check --install=check:exomePeak2.install-out.txt --library=/Library/Frameworks/R.framework/Resources/library --no-vignettes --timings exomePeak2_1.7.1.tar.gz
StartedAt: 2022-01-26 00:46:51 -0500 (Wed, 26 Jan 2022)
EndedAt: 2022-01-26 00:58:03 -0500 (Wed, 26 Jan 2022)
EllapsedTime: 671.9 seconds
RetCode: 0
Status:   WARNINGS  
CheckDir: exomePeak2.Rcheck
Warnings: 2

Command output

##############################################################################
##############################################################################
###
### Running command:
###
###   /Library/Frameworks/R.framework/Resources/bin/R CMD check --install=check:exomePeak2.install-out.txt --library=/Library/Frameworks/R.framework/Resources/library --no-vignettes --timings exomePeak2_1.7.1.tar.gz
###
##############################################################################
##############################################################################


* using log directory ‘/Users/biocbuild/bbs-3.15-bioc/meat/exomePeak2.Rcheck’
* using R Under development (unstable) (2022-01-05 r81451)
* using platform: x86_64-apple-darwin17.0 (64-bit)
* using session charset: UTF-8
* using option ‘--no-vignettes’
* checking for file ‘exomePeak2/DESCRIPTION’ ... OK
* checking extension type ... Package
* this is package ‘exomePeak2’ version ‘1.7.1’
* package encoding: UTF-8
* checking package namespace information ... OK
* checking package dependencies ... OK
* checking if this is a source package ... OK
* checking if there is a namespace ... OK
* checking for hidden files and directories ... NOTE
Found the following hidden files and directories:
  .git_fetch_output.txt
  .git_merge_output.txt
These were most likely included in error. See section ‘Package
structure’ in the ‘Writing R Extensions’ manual.
* checking for portable file names ... OK
* checking for sufficient/correct file permissions ... OK
* checking whether package ‘exomePeak2’ can be installed ... OK
* checking installed package size ... OK
* checking package directory ... OK
* checking ‘build’ directory ... OK
* checking DESCRIPTION meta-information ... OK
* checking top-level files ... OK
* checking for left-over files ... OK
* checking index information ... OK
* checking package subdirectories ... OK
* checking R files for non-ASCII characters ... OK
* checking R files for syntax errors ... OK
* checking whether the package can be loaded ... OK
* checking whether the package can be loaded with stated dependencies ... OK
* checking whether the package can be unloaded cleanly ... OK
* checking whether the namespace can be loaded with stated dependencies ... OK
* checking whether the namespace can be unloaded cleanly ... OK
* checking dependencies in R code ... OK
* checking S3 generic/method consistency ... OK
* checking replacement functions ... OK
* checking foreign function calls ... OK
* checking R code for possible problems ... NOTE
Results,SummarizedExomePeak: no visible global function definition for
  ‘glm_M’
exomePeakCalling,MeripBamFileList: no visible global function
  definition for ‘metadata’
exomePeakCalling,MeripBamFileList: no visible global function
  definition for ‘%over%’
plotLfcGC,SummarizedExomePeak: no visible binding for global variable
  ‘GC_idx’
plotLfcGC,SummarizedExomePeak: no visible binding for global variable
  ‘Log2FC’
plotLfcGC,SummarizedExomePeak: no visible binding for global variable
  ‘Label’
plotReadsGC,SummarizedExomePeak: no visible binding for global variable
  ‘GC_cont’
plotReadsGC,SummarizedExomePeak: no visible binding for global variable
  ‘value’
plotSizeFactors,SummarizedExomePeak: no visible binding for global
  variable ‘samples’
plotSizeFactors,SummarizedExomePeak: no visible binding for global
  variable ‘size_factors’
plotSizeFactors,SummarizedExomePeak: no visible binding for global
  variable ‘Estimation_Methods’
Undefined global functions or variables:
  %over% Estimation_Methods GC_cont GC_idx Label Log2FC glm_M metadata
  samples size_factors value
* checking Rd files ... OK
* checking Rd metadata ... OK
* checking Rd cross-references ... OK
* checking for missing documentation entries ... OK
* checking for code/documentation mismatches ... WARNING
Codoc mismatches from documentation object 'exomePeak2':
exomePeak2
  Code: function(bam_ip = NULL, bam_input = NULL, bam_treated_ip =
                 NULL, bam_treated_input = NULL, txdb = NULL, bsgenome
                 = NULL, genome = NA, gff_dir = NULL, mod_annot = NULL,
                 paired_end = FALSE, library_type = c("unstranded",
                 "1st_strand", "2nd_strand"), fragment_length = 100,
                 binding_length = 25, step_length = binding_length,
                 min_peak_width = fragment_length/2, max_peak_width =
                 fragment_length * 100, pc_count_cutoff = 5,
                 bg_count_cutoff = 50, p_cutoff = 1e-05, p_adj_cutoff =
                 NULL, log2FC_cutoff = 0, parallel = 1,
                 background_method = c("all", "Gaussian_mixture",
                 "m6Aseq_prior", "manual"), manual_background = NULL,
                 correct_GC_bg = TRUE, qtnorm = FALSE, glm_type =
                 c("DESeq2", "Poisson", "NB"), LFC_shrinkage =
                 c("apeglm", "ashr", "Gaussian", "none"),
                 export_results = TRUE, export_format = c("CSV", "BED",
                 "RDS"), table_style = c("bed", "granges"),
                 save_plot_GC = TRUE, save_plot_analysis = FALSE,
                 save_plot_name = "", save_dir = "exomePeak2_output",
                 peak_calling_mode = c("exon", "full_tx",
                 "whole_genome"))
  Docs: function(bam_ip = NULL, bam_input = NULL, bam_treated_ip =
                 NULL, bam_treated_input = NULL, txdb = NULL, bsgenome
                 = NULL, genome = NA, gff_dir = NULL, mod_annot = NULL,
                 paired_end = FALSE, library_type = c("unstranded",
                 "1st_strand", "2nd_strand"), fragment_length = 100,
                 binding_length = 25, step_length = binding_length,
                 min_peak_width = fragment_length/2, max_peak_width =
                 fragment_length * 10, pc_count_cutoff = 5,
                 bg_count_cutoff = 50, p_cutoff = 1e-05, p_adj_cutoff =
                 NULL, log2FC_cutoff = 0, parallel = 1,
                 background_method = c("all", "Gaussian_mixture",
                 "m6Aseq_prior", "manual"), manual_background = NULL,
                 correct_GC_bg = TRUE, qtnorm = FALSE, glm_type =
                 c("DESeq2", "Poisson", "NB"), LFC_shrinkage =
                 c("apeglm", "ashr", "Gaussian", "none"),
                 export_results = TRUE, export_format = c("CSV", "BED",
                 "RDS"), table_style = c("bed", "granges"),
                 save_plot_GC = TRUE, save_plot_analysis = FALSE,
                 save_plot_name = "", save_dir = "exomePeak2_output",
                 peak_calling_mode = c("exon", "full_tx",
                 "whole_genome"))
  Mismatches in argument default values:
    Name: 'max_peak_width' Code: fragment_length * 100 Docs: fragment_length * 10

Codoc mismatches from documentation object 'exomePeakCalling-methods':
exomePeakCalling
  Code: function(merip_bams = NULL, txdb = NULL, bsgenome = NULL,
                 genome = NA, mod_annot = NULL, glm_type = c("DESeq2",
                 "NB", "Poisson"), background_method =
                 c("Gaussian_mixture", "m6Aseq_prior", "manual",
                 "all"), manual_background = NULL, correct_GC_bg =
                 TRUE, qtnorm = FALSE, gff_dir = NULL, fragment_length
                 = 100, binding_length = 25, step_length =
                 binding_length, min_peak_width = fragment_length/2,
                 max_peak_width = fragment_length * 100,
                 pc_count_cutoff = 5, bg_count_cutoff = 50, p_cutoff =
                 1e-05, p_adj_cutoff = NULL, log2FC_cutoff = 0,
                 parallel = 3, bp_param = NULL)
  Docs: function(merip_bams = NULL, txdb = NULL, bsgenome = NULL,
                 genome = NA, mod_annot = NULL, glm_type = c("DESeq2",
                 "NB", "Poisson"), background_method =
                 c("Gaussian_mixture", "m6Aseq_prior", "manual",
                 "all"), manual_background = NULL, correct_GC_bg =
                 TRUE, qtnorm = FALSE, gff_dir = NULL, fragment_length
                 = 100, binding_length = 25, step_length =
                 binding_length, min_peak_width = fragment_length/2,
                 max_peak_width = fragment_length * 10, pc_count_cutoff
                 = 5, bg_count_cutoff = 50, p_cutoff = 1e-05,
                 p_adj_cutoff = NULL, log2FC_cutoff = 0, parallel = 3,
                 bp_param = NULL)
  Mismatches in argument default values:
    Name: 'max_peak_width' Code: fragment_length * 100 Docs: fragment_length * 10
\S4method{exomePeakCalling}{MeripBamFileList}
  Code: function(merip_bams = NULL, txdb = NULL, bsgenome = NULL,
                 genome = NA, mod_annot = NULL, glm_type = c("DESeq2",
                 "NB", "Poisson"), background_method = c("all",
                 "Gaussian_mixture", "m6Aseq_prior", "manual"),
                 manual_background = NULL, correct_GC_bg = TRUE, qtnorm
                 = FALSE, gff_dir = NULL, fragment_length = 100,
                 binding_length = 25, step_length = binding_length,
                 min_peak_width = fragment_length/2, max_peak_width =
                 fragment_length * 100, pc_count_cutoff = 5,
                 bg_count_cutoff = 50, p_cutoff = 1e-05, p_adj_cutoff =
                 NULL, log2FC_cutoff = 0, parallel = 1, bp_param =
                 NULL)
  Docs: function(merip_bams = NULL, txdb = NULL, bsgenome = NULL,
                 genome = NA, mod_annot = NULL, glm_type = c("DESeq2",
                 "NB", "Poisson"), background_method = c("all",
                 "Gaussian_mixture", "m6Aseq_prior", "manual"),
                 manual_background = NULL, correct_GC_bg = TRUE, qtnorm
                 = FALSE, gff_dir = NULL, fragment_length = 100,
                 binding_length = 25, step_length = binding_length,
                 min_peak_width = fragment_length/2, max_peak_width =
                 fragment_length * 10, pc_count_cutoff = 5,
                 bg_count_cutoff = 50, p_cutoff = 1e-05, p_adj_cutoff =
                 NULL, log2FC_cutoff = 0, parallel = 1, bp_param =
                 NULL)
  Mismatches in argument default values:
    Name: 'max_peak_width' Code: fragment_length * 100 Docs: fragment_length * 10

Codoc mismatches from documentation object 'glmM-methods':
glmM
  Code: function(sep, glm_type = c("DESeq2", "NB", "Poisson"),
                 LFC_shrinkage = c("apeglm", "Gaussian", "ashr",
                 "none"), ...)
  Docs: function(sep, glm_type = c("DESeq2", "NB", "Poisson"),
                 LFC_shrinkage = c("apeglm", "Gaussian", "ashr"), ...)
  Mismatches in argument default values:
    Name: 'LFC_shrinkage' Code: c("apeglm", "Gaussian", "ashr", "none") Docs: c("apeglm", "Gaussian", "ashr")
\S4method{glmM}{SummarizedExomePeak}
  Code: function(sep, glm_type = c("DESeq2", "NB", "Poisson"),
                 LFC_shrinkage = c("apeglm", "Gaussian", "ashr",
                 "none"), ...)
  Docs: function(sep, glm_type = c("DESeq2", "NB", "Poisson"),
                 LFC_shrinkage = c("apeglm", "Gaussian", "ashr"), ...)
  Mismatches in argument default values:
    Name: 'LFC_shrinkage' Code: c("apeglm", "Gaussian", "ashr", "none") Docs: c("apeglm", "Gaussian", "ashr")

* checking Rd \usage sections ... WARNING
Undocumented arguments in documentation object 'exomePeakCalling-methods'
  ‘max_peak_width’

Functions with \usage entries need to have the appropriate \alias
entries, and all their arguments documented.
The \usage entries must correspond to syntactically valid R code.
See chapter ‘Writing R documentation files’ in the ‘Writing R
Extensions’ manual.
* checking Rd contents ... OK
* checking for unstated dependencies in examples ... OK
* checking files in ‘vignettes’ ... OK
* checking examples ... OK
Examples with CPU (user + system) or elapsed time > 5s
                            user system elapsed
exomePeak2                93.434  0.551  94.444
exomePeakCalling-methods  53.889  0.281  54.520
SummarizedExomePeak-class 33.585  0.809  34.454
glmM-methods               5.992  0.016   6.080
glmDM-methods              5.593  0.023   5.627
* checking for unstated dependencies in vignettes ... OK
* checking package vignettes in ‘inst/doc’ ... OK
* checking running R code from vignettes ... SKIPPED
* checking re-building of vignette outputs ... SKIPPED
* checking PDF version of manual ... OK
* DONE

Status: 2 WARNINGs, 2 NOTEs
See
  ‘/Users/biocbuild/bbs-3.15-bioc/meat/exomePeak2.Rcheck/00check.log’
for details.



Installation output

exomePeak2.Rcheck/00install.out

##############################################################################
##############################################################################
###
### Running command:
###
###   /Library/Frameworks/R.framework/Resources/bin/R CMD INSTALL exomePeak2
###
##############################################################################
##############################################################################


* installing to library ‘/Library/Frameworks/R.framework/Versions/4.2/Resources/library’
* installing *source* package ‘exomePeak2’ ...
** using staged installation
** R
** inst
** byte-compile and prepare package for lazy loading
** help
*** installing help indices
** building package indices
** installing vignettes
** testing if installed package can be loaded from temporary location
** testing if installed package can be loaded from final location
** testing if installed package keeps a record of temporary installation path
* DONE (exomePeak2)

Tests output


Example timings

exomePeak2.Rcheck/exomePeak2-Ex.timings

nameusersystemelapsed
GCsizeFactors-methods0.0790.0080.086
LibraryType-methods0.3750.0430.419
MeripBamFileList-class0.4900.0570.549
Parameter-methods0.2100.0260.237
Results-methods1.3380.0111.351
SummarizedExomePeak-class33.585 0.80934.454
estimateSeqDepth-methods0.1270.0010.128
exomePeak293.434 0.55194.444
exomePeak2Results-methods0.0100.0010.010
exomePeakCalling-methods53.889 0.28154.520
exportResults-methods1.5460.0061.556
glmDM-methods5.5930.0235.627
glmM-methods5.9920.0166.080
normalizeGC-methods0.1680.0020.169
plotExonLength-methods1.8150.0101.827
plotLfcGC-methods0.3420.0020.345
plotReadsGC-methods2.1050.0112.201
plotSizeFactors-methods0.6670.0030.671
scanMeripBAM0.4180.0050.424