Back to Multiple platform build/check report for BioC 3.15
ABCD[E]FGHIJKLMNOPQRSTUVWXYZ

This page was generated on 2022-01-20 11:07:13 -0500 (Thu, 20 Jan 2022).

HostnameOSArch (*)R versionInstalled pkgs
nebbiolo1Linux (Ubuntu 20.04.4 LTS)x86_64R Under development (unstable) (2022-01-05 r81451) -- "Unsuffered Consequences" 4162
riesling1Windows Server 2019 Standardx64R Under development (unstable) (2021-11-21 r81221) -- "Unsuffered Consequences" 4057
palomino3Windows Server 2022 Datacenterx64R Under development (unstable) (2021-12-21 r81400 ucrt) -- "Unsuffered Consequences" 3999
merida1macOS 10.14.6 Mojavex86_64R Under development (unstable) (2022-01-05 r81451) -- "Unsuffered Consequences" 4116
Click on any hostname to see more info about the system (e.g. compilers)      (*) as reported by 'uname -p', except on Windows and Mac OS X

CHECK results for epialleleR on riesling1


To the developers/maintainers of the epialleleR package:
- Please allow up to 24 hours (and sometimes 48 hours) for your latest push to git@git.bioconductor.org:packages/epialleleR.git to
reflect on this report. See How and When does the builder pull? When will my changes propagate? here for more information.
- Make sure to use the following settings in order to reproduce any error or warning you see on this page.

raw results

Package 585/2074HostnameOS / ArchINSTALLBUILDCHECKBUILD BIN
epialleleR 1.3.4  (landing page)
Oleksii Nikolaienko
Snapshot Date: 2022-01-19 13:55:26 -0500 (Wed, 19 Jan 2022)
git_url: https://git.bioconductor.org/packages/epialleleR
git_branch: master
git_last_commit: b40ff92
git_last_commit_date: 2022-01-11 06:34:50 -0500 (Tue, 11 Jan 2022)
nebbiolo1Linux (Ubuntu 20.04.4 LTS) / x86_64  OK    OK    OK  UNNEEDED, same version is already published
riesling1Windows Server 2019 Standard / x64  OK    OK    WARNINGS    OK  
palomino3Windows Server 2022 Datacenter / x64  OK    OK    WARNINGS    OK  NO, package depends on 'GenomicRanges' which is not available
merida1macOS 10.14.6 Mojave / x86_64  OK    OK    OK    OK  UNNEEDED, same version is already published

Summary

Package: epialleleR
Version: 1.3.4
Command: D:\biocbuild\bbs-3.15-bioc\R\bin\R.exe CMD check --no-multiarch --install=check:epialleleR.install-out.txt --library=D:\biocbuild\bbs-3.15-bioc\R\library --no-vignettes --timings epialleleR_1.3.4.tar.gz
StartedAt: 2022-01-19 18:49:12 -0500 (Wed, 19 Jan 2022)
EndedAt: 2022-01-19 18:53:19 -0500 (Wed, 19 Jan 2022)
EllapsedTime: 247.3 seconds
RetCode: 0
Status:   WARNINGS  
CheckDir: epialleleR.Rcheck
Warnings: 1

Command output

##############################################################################
##############################################################################
###
### Running command:
###
###   D:\biocbuild\bbs-3.15-bioc\R\bin\R.exe CMD check --no-multiarch --install=check:epialleleR.install-out.txt --library=D:\biocbuild\bbs-3.15-bioc\R\library --no-vignettes --timings epialleleR_1.3.4.tar.gz
###
##############################################################################
##############################################################################


* using log directory 'D:/biocbuild/bbs-3.15-bioc/meat/epialleleR.Rcheck'
* using R Under development (unstable) (2021-11-21 r81221)
* using platform: x86_64-w64-mingw32 (64-bit)
* using session charset: ISO8859-1
* using option '--no-vignettes'
* checking for file 'epialleleR/DESCRIPTION' ... OK
* this is package 'epialleleR' version '1.3.4'
* package encoding: UTF-8
* checking package namespace information ... OK
* checking package dependencies ... OK
* checking if this is a source package ... OK
* checking if there is a namespace ... OK
* checking for hidden files and directories ... OK
* checking for portable file names ... OK
* checking whether package 'epialleleR' can be installed ... WARNING
Found the following significant warnings:
  D:/biocbuild/bbs-3.15-bioc/R/library/BH/include/boost/container/detail/copy_move_algo.hpp:912:19: warning: 'void* memmove(void*, const void*, size_t)' writing to an object of type 'boost::movelib::detail::iterator_to_element_ptr<boost::container::dtl::pair<long long unsigned int, std::array<int, 16> >*>::element_type' {aka 'struct boost::container::dtl::pair<long long unsigned int, std::array<int, 16> >'} with no trivial copy-assignment; use copy-assignment or copy-initialization instead [-Wclass-memaccess]
  D:/biocbuild/bbs-3.15-bioc/R/library/BH/include/boost/container/detail/copy_move_algo.hpp:184:19: warning: 'void* memmove(void*, const void*, size_t)' writing to an object of type 'value_type' {aka 'struct boost::container::dtl::pair<long long unsigned int, std::array<int, 16> >'} with no trivial copy-assignment; use copy-assignment or copy-initialization instead [-Wclass-memaccess]
  D:/biocbuild/bbs-3.15-bioc/R/library/BH/include/boost/container/detail/copy_move_algo.hpp:214:19: warning: 'void* memmove(void*, const void*, size_t)' writing to an object of type 'boost::movelib::detail::iterator_to_element_ptr<boost::container::dtl::pair<long long unsigned int, std::array<int, 16> >*>::element_type' {aka 'struct boost::container::dtl::pair<long long unsigned int, std::array<int, 16> >'} with no trivial copy-assignment; use copy-assignment or copy-initialization instead [-Wclass-memaccess]
See 'D:/biocbuild/bbs-3.15-bioc/meat/epialleleR.Rcheck/00install.out' for details.
* checking installed package size ... NOTE
  installed size is  5.3Mb
  sub-directories of 1Mb or more:
    extdata   1.7Mb
    libs      3.4Mb
* checking package directory ... OK
* checking 'build' directory ... OK
* checking DESCRIPTION meta-information ... OK
* checking top-level files ... OK
* checking for left-over files ... OK
* checking index information ... OK
* checking package subdirectories ... OK
* checking R files for non-ASCII characters ... OK
* checking R files for syntax errors ... OK
* checking whether the package can be loaded ... OK
* checking whether the package can be loaded with stated dependencies ... OK
* checking whether the package can be unloaded cleanly ... OK
* checking whether the namespace can be loaded with stated dependencies ... OK
* checking whether the namespace can be unloaded cleanly ... OK
* checking dependencies in R code ... OK
* checking S3 generic/method consistency ... OK
* checking replacement functions ... OK
* checking foreign function calls ... OK
* checking R code for possible problems ... OK
* checking Rd files ... OK
* checking Rd metadata ... OK
* checking Rd cross-references ... OK
* checking for missing documentation entries ... OK
* checking for code/documentation mismatches ... OK
* checking Rd \usage sections ... OK
* checking Rd contents ... OK
* checking for unstated dependencies in examples ... OK
* checking line endings in C/C++/Fortran sources/headers ... OK
* checking line endings in Makefiles ... OK
* checking compilation flags in Makevars ... OK
* checking for GNU extensions in Makefiles ... NOTE
GNU make is a SystemRequirements.
* checking for portable use of $(BLAS_LIBS) and $(LAPACK_LIBS) ... OK
* checking use of PKG_*FLAGS in Makefiles ... OK
* checking compiled code ... NOTE
Note: information on .o files for x64 is not available
File 'D:/biocbuild/bbs-3.15-bioc/R/library/epialleleR/libs/x64/epialleleR.dll':
  Found '_exit', possibly from '_exit' (C)
  Found 'abort', possibly from 'abort' (C), 'runtime' (Fortran)
  Found 'exit', possibly from 'exit' (C), 'stop' (Fortran)
  Found 'printf', possibly from 'printf' (C)
  Found 'putchar', possibly from 'putchar' (C)
  Found 'puts', possibly from 'printf' (C), 'puts' (C)
  Found 'rand', possibly from 'rand' (C)

Compiled code should not call entry points which might terminate R nor
write to stdout/stderr instead of to the console, nor use Fortran I/O
nor system RNGs. The detected symbols are linked into the code but
might come from libraries and not actually be called.

See 'Writing portable packages' in the 'Writing R Extensions' manual.
* checking files in 'vignettes' ... OK
* checking examples ... OK
Examples with CPU (user + system) or elapsed time > 5s
                  user system elapsed
generateVcfReport 7.81   0.36    8.57
* checking for unstated dependencies in 'tests' ... OK
* checking tests ...
  Running 'runTests.R'
 OK
* checking for unstated dependencies in vignettes ... OK
* checking package vignettes in 'inst/doc' ... OK
* checking running R code from vignettes ... SKIPPED
* checking re-building of vignette outputs ... SKIPPED
* checking PDF version of manual ... OK
* DONE

Status: 1 WARNING, 3 NOTEs
See
  'D:/biocbuild/bbs-3.15-bioc/meat/epialleleR.Rcheck/00check.log'
for details.



Installation output

epialleleR.Rcheck/00install.out

##############################################################################
##############################################################################
###
### Running command:
###
###   D:\biocbuild\bbs-3.15-bioc\R\bin\R.exe CMD INSTALL epialleleR
###
##############################################################################
##############################################################################


* installing to library 'D:/biocbuild/bbs-3.15-bioc/R/library'
* installing *source* package 'epialleleR' ...
** using staged installation
** libs
"C:/rtools40/mingw64/bin/"g++  -std=gnu++17 -I"D:/biocbuild/bbs-3.15-bioc/R/include" -DNDEBUG -D_FILE_OFFSET_BITS=64 -I'D:/biocbuild/bbs-3.15-bioc/R/library/Rcpp/include' -I'D:/biocbuild/bbs-3.15-bioc/R/library/BH/include' -I'D:/biocbuild/bbs-3.15-bioc/R/library/Rhtslib/include' -I'D:/biocbuild/bbs-3.15-bioc/R/library/zlibbioc/include'   -I"C:/extsoft/include"     -O2 -Wall  -mfpmath=sse -msse2 -mstackrealign -fno-reorder-blocks-and-partition  -c RcppExports.cpp -o RcppExports.o
"C:/rtools40/mingw64/bin/"g++  -std=gnu++17 -I"D:/biocbuild/bbs-3.15-bioc/R/include" -DNDEBUG -D_FILE_OFFSET_BITS=64 -I'D:/biocbuild/bbs-3.15-bioc/R/library/Rcpp/include' -I'D:/biocbuild/bbs-3.15-bioc/R/library/BH/include' -I'D:/biocbuild/bbs-3.15-bioc/R/library/Rhtslib/include' -I'D:/biocbuild/bbs-3.15-bioc/R/library/zlibbioc/include'   -I"C:/extsoft/include"     -O2 -Wall  -mfpmath=sse -msse2 -mstackrealign -fno-reorder-blocks-and-partition  -c rcpp_char_to_context.cpp -o rcpp_char_to_context.o
"C:/rtools40/mingw64/bin/"g++  -std=gnu++17 -I"D:/biocbuild/bbs-3.15-bioc/R/include" -DNDEBUG -D_FILE_OFFSET_BITS=64 -I'D:/biocbuild/bbs-3.15-bioc/R/library/Rcpp/include' -I'D:/biocbuild/bbs-3.15-bioc/R/library/BH/include' -I'D:/biocbuild/bbs-3.15-bioc/R/library/Rhtslib/include' -I'D:/biocbuild/bbs-3.15-bioc/R/library/zlibbioc/include'   -I"C:/extsoft/include"     -O2 -Wall  -mfpmath=sse -msse2 -mstackrealign -fno-reorder-blocks-and-partition  -c rcpp_cx_report.cpp -o rcpp_cx_report.o
rcpp_cx_report.cpp: In function 'Rcpp::DataFrame rcpp_cx_report(Rcpp::DataFrame&, Rcpp::LogicalVector&, std::__cxx11::string)':
rcpp_cx_report.cpp:117:18: warning: comparison of integer expressions of different signedness: 'Rcpp::traits::storage_type<13>::type' {aka 'int'} and 'unsigned int' [-Wsign-compare]
     if ((start[x]>max_pos) || (rname[x]!=map_val[0])) {                         // if current position is further downstream or another reference
rcpp_cx_report.cpp:133:20: warning: comparison of integer expressions of different signedness: 'unsigned int' and 'std::array<int, 16>::value_type' {aka 'int'} [-Wsign-compare]
     max_pos=max_pos<map_val[1]?map_val[1]:max_pos;                              // last position of C in cx_map
In file included from D:/biocbuild/bbs-3.15-bioc/R/library/BH/include/boost/container/detail/advanced_insert_int.hpp:28,
                 from D:/biocbuild/bbs-3.15-bioc/R/library/BH/include/boost/container/vector.hpp:32,
                 from D:/biocbuild/bbs-3.15-bioc/R/library/BH/include/boost/container/detail/flat_tree.hpp:30,
                 from D:/biocbuild/bbs-3.15-bioc/R/library/BH/include/boost/container/flat_map.hpp:29,
                 from rcpp_cx_report.cpp:3:
D:/biocbuild/bbs-3.15-bioc/R/library/BH/include/boost/container/detail/copy_move_algo.hpp: In instantiation of 'typename boost::container::dtl::enable_if_memtransfer_copy_assignable<I, F, F>::type boost::container::move_backward(I, I, F) [with I = boost::container::dtl::pair<long long unsigned int, std::array<int, 16> >*; F = boost::container::dtl::pair<long long unsigned int, std::array<int, 16> >*; typename boost::container::dtl::enable_if_memtransfer_copy_assignable<I, F, F>::type = boost::container::dtl::pair<long long unsigned int, std::array<int, 16> >*]':
D:/biocbuild/bbs-3.15-bioc/R/library/BH/include/boost/container/vector.hpp:2983:41:   required from 'void boost::container::vector<T, Allocator, Options>::priv_insert_forward_range_expand_forward(T*, boost::container::vector<T, Allocator, Options>::size_type, InsertionProxy, boost::move_detail::true_type) [with InsertionProxy = boost::container::dtl::insert_emplace_proxy<boost::container::new_allocator<boost::container::dtl::pair<long long unsigned int, std::array<int, 16> > >, boost::container::dtl::pair<long long unsigned int, std::array<int, 16> >*, boost::container::try_emplace_t, const long long unsigned int&, std::array<int, 16>&>; T = boost::container::dtl::pair<long long unsigned int, std::array<int, 16> >; A = boost::container::new_allocator<boost::container::dtl::pair<long long unsigned int, std::array<int, 16> > >; Options = void; boost::container::vector<T, Allocator, Options>::size_type = long long unsigned int; boost::move_detail::true_type = boost::move_detail::integral_constant<bool, true>]'
D:/biocbuild/bbs-3.15-bioc/R/library/BH/include/boost/container/vector.hpp:2826:10:   required from 'boost::container::vector<T, Allocator, Options>::iterator boost::container::vector<T, Allocator, Options>::priv_insert_forward_range(const pointer&, boost::container::vector<T, Allocator, Options>::size_type, InsertionProxy) [with InsertionProxy = boost::container::dtl::insert_emplace_proxy<boost::container::new_allocator<boost::container::dtl::pair<long long unsigned int, std::array<int, 16> > >, boost::container::dtl::pair<long long unsigned int, std::array<int, 16> >*, boost::container::try_emplace_t, const long long unsigned int&, std::array<int, 16>&>; T = boost::container::dtl::pair<long long unsigned int, std::array<int, 16> >; A = boost::container::new_allocator<boost::container::dtl::pair<long long unsigned int, std::array<int, 16> > >; Options = void; boost::container::vector<T, Allocator, Options>::iterator = boost::container::vec_iterator<boost::container::dtl::pair<long long unsigned int, std::array<int, 16> >*, false>; typename boost::container::allocator_traits<typename boost::container::real_allocator<T, A>::type>::pointer = boost::container::dtl::pair<long long unsigned int, std::array<int, 16> >*; boost::container::vector<T, Allocator, Options>::pointer = boost::container::dtl::pair<long long unsigned int, std::array<int, 16> >*; boost::container::vector<T, Allocator, Options>::size_type = long long unsigned int]'
D:/biocbuild/bbs-3.15-bioc/R/library/BH/include/boost/container/vector.hpp:1866:87:   required from 'boost::container::vector<T, Allocator, Options>::iterator boost::container::vector<T, Allocator, Options>::emplace(boost::container::vector<T, Allocator, Options>::const_iterator, Args&& ...) [with Args = {boost::container::try_emplace_t, const long long unsigned int&, std::array<int, 16>&}; T = boost::container::dtl::pair<long long unsigned int, std::array<int, 16> >; A = boost::container::new_allocator<boost::container::dtl::pair<long long unsigned int, std::array<int, 16> > >; Options = void; boost::container::vector<T, Allocator, Options>::iterator = boost::container::vec_iterator<boost::container::dtl::pair<long long unsigned int, std::array<int, 16> >*, false>; typename boost::container::allocator_traits<typename boost::container::real_allocator<T, A>::type>::pointer = boost::container::dtl::pair<long long unsigned int, std::array<int, 16> >*; boost::container::vector<T, Allocator, Options>::const_iterator = boost::container::vec_iterator<boost::container::dtl::pair<long long unsigned int, std::array<int, 16> >*, true>]'
D:/biocbuild/bbs-3.15-bioc/R/library/BH/include/boost/container/detail/flat_tree.hpp:1020:20:   required from 'std::pair<typename boost::container::dtl::select_container_type<Value, AllocatorOrContainer>::type::iterator, bool> boost::container::dtl::flat_tree<Value, KeyOfValue, Compare, AllocatorOrContainer>::try_emplace(boost::container::dtl::flat_tree<Value, KeyOfValue, Compare, AllocatorOrContainer>::const_iterator, KeyType&&, Args&& ...) [with KeyType = const long long unsigned int&; Args = {std::array<int, 16>&}; Value = boost::container::dtl::pair<long long unsigned int, std::array<int, 16> >; KeyOfValue = boost::container::dtl::select1st<long long unsigned int>; Compare = std::less<long long unsigned int>; AllocatorOrContainer = boost::container::new_allocator<boost::container::dtl::pair<long long unsigned int, std::array<int, 16> > >; typename boost::container::dtl::select_container_type<Value, AllocatorOrContainer>::type::iterator = boost::container::vec_iterator<boost::container::dtl::pair<long long unsigned int, std::array<int, 16> >*, false>; boost::container::dtl::flat_tree<Value, KeyOfValue, Compare, AllocatorOrContainer>::const_iterator = boost::container::vec_iterator<boost::container::dtl::pair<long long unsigned int, std::array<int, 16> >*, true>]'
D:/biocbuild/bbs-3.15-bioc/R/library/BH/include/boost/container/flat_map.hpp:968:89:   required from 'boost::container::flat_map<Key, T, Compare, Allocator>::iterator boost::container::flat_map<Key, T, Compare, Allocator>::try_emplace(boost::container::flat_map<Key, T, Compare, Allocator>::const_iterator, const key_type&, Args&& ...) [with Args = {std::array<int, 16>&}; Key = long long unsigned int; T = std::array<int, 16>; Compare = std::less<long long unsigned int>; AllocatorOrContainer = void; boost::container::flat_map<Key, T, Compare, Allocator>::iterator = boost::container::vec_iterator<std::pair<long long unsigned int, std::array<int, 16> >*, false>; boost::container::flat_map<Key, T, Compare, Allocator>::const_iterator = boost::container::vec_iterator<std::pair<long long unsigned int, std::array<int, 16> >*, true>; boost::container::flat_map<Key, T, Compare, Allocator>::key_type = long long unsigned int]'
rcpp_cx_report.cpp:129:55:   required from here
D:/biocbuild/bbs-3.15-bioc/R/library/BH/include/boost/container/detail/copy_move_algo.hpp:912:19: warning: 'void* memmove(void*, const void*, size_t)' writing to an object of type 'boost::movelib::detail::iterator_to_element_ptr<boost::container::dtl::pair<long long unsigned int, std::array<int, 16> >*>::element_type' {aka 'struct boost::container::dtl::pair<long long unsigned int, std::array<int, 16> >'} with no trivial copy-assignment; use copy-assignment or copy-initialization instead [-Wclass-memaccess]
       std::memmove((boost::movelib::iterator_to_raw_pointer)(r), (boost::movelib::iterator_to_raw_pointer)(f), sizeof(value_type)*n);
       ~~~~~~~~~~~~^~~~~~~~~~~~~~~~~~~~~~~~~~~~~~~~~~~~~~~~~~~~~~~~~~~~~~~~~~~~~~~~~~~~~~~~~~~~~~~~~~~~~~~~~~~~~~~~~~~~~~~~~~~~~~~~~~
In file included from D:/biocbuild/bbs-3.15-bioc/R/library/BH/include/boost/container/detail/flat_tree.hpp:29,
                 from D:/biocbuild/bbs-3.15-bioc/R/library/BH/include/boost/container/flat_map.hpp:29,
                 from rcpp_cx_report.cpp:3:
D:/biocbuild/bbs-3.15-bioc/R/library/BH/include/boost/container/detail/pair.hpp:218:8: note: 'boost::movelib::detail::iterator_to_element_ptr<boost::container::dtl::pair<long long unsigned int, std::array<int, 16> >*>::element_type' {aka 'struct boost::container::dtl::pair<long long unsigned int, std::array<int, 16> >'} declared here
 struct pair
        ^~~~
In file included from D:/biocbuild/bbs-3.15-bioc/R/library/BH/include/boost/container/detail/advanced_insert_int.hpp:28,
                 from D:/biocbuild/bbs-3.15-bioc/R/library/BH/include/boost/container/vector.hpp:32,
                 from D:/biocbuild/bbs-3.15-bioc/R/library/BH/include/boost/container/detail/flat_tree.hpp:30,
                 from D:/biocbuild/bbs-3.15-bioc/R/library/BH/include/boost/container/flat_map.hpp:29,
                 from rcpp_cx_report.cpp:3:
D:/biocbuild/bbs-3.15-bioc/R/library/BH/include/boost/container/detail/copy_move_algo.hpp: In instantiation of 'F boost::container::dtl::memmove(I, I, F) [with I = boost::container::dtl::pair<long long unsigned int, std::array<int, 16> >*; F = boost::container::dtl::pair<long long unsigned int, std::array<int, 16> >*]':
D:/biocbuild/bbs-3.15-bioc/R/library/BH/include/boost/container/detail/copy_move_algo.hpp:325:23:   required from 'typename boost::container::dtl::enable_if_memtransfer_copy_constructible<I, F, F>::type boost::container::uninitialized_move_alloc(Allocator&, I, I, F) [with Allocator = boost::container::new_allocator<boost::container::dtl::pair<long long unsigned int, std::array<int, 16> > >; I = boost::container::dtl::pair<long long unsigned int, std::array<int, 16> >*; F = boost::container::dtl::pair<long long unsigned int, std::array<int, 16> >*; typename boost::container::dtl::enable_if_memtransfer_copy_constructible<I, F, F>::type = boost::container::dtl::pair<long long unsigned int, std::array<int, 16> >*]'
D:/biocbuild/bbs-3.15-bioc/R/library/BH/include/boost/container/detail/copy_move_algo.hpp:1205:59:   required from 'void boost::container::uninitialized_move_and_insert_alloc(Allocator&, F, F, F, O, std::size_t, InsertionProxy) [with Allocator = boost::container::new_allocator<boost::container::dtl::pair<long long unsigned int, std::array<int, 16> > >; F = boost::container::dtl::pair<long long unsigned int, std::array<int, 16> >*; O = boost::container::dtl::pair<long long unsigned int, std::array<int, 16> >*; InsertionProxy = boost::container::dtl::insert_range_proxy<boost::container::new_allocator<boost::container::dtl::pair<long long unsigned int, std::array<int, 16> > >, boost::move_iterator<boost::container::dtl::pair<long long unsigned int, std::array<int, 16> >*>, boost::container::dtl::pair<long long unsigned int, std::array<int, 16> >*>; std::size_t = long long unsigned int]'
D:/biocbuild/bbs-3.15-bioc/R/library/BH/include/boost/container/vector.hpp:3008:10:   required from 'void boost::container::vector<T, Allocator, Options>::priv_insert_forward_range_new_allocation(T*, boost::container::vector<T, Allocator, Options>::size_type, T*, boost::container::vector<T, Allocator, Options>::size_type, InsertionProxy) [with InsertionProxy = boost::container::dtl::insert_range_proxy<boost::container::new_allocator<boost::container::dtl::pair<long long unsigned int, std::array<int, 16> > >, boost::move_iterator<boost::container::dtl::pair<long long unsigned int, std::array<int, 16> >*>, boost::container::dtl::pair<long long unsigned int, std::array<int, 16> >*>; T = boost::container::dtl::pair<long long unsigned int, std::array<int, 16> >; A = boost::container::new_allocator<boost::container::dtl::pair<long long unsigned int, std::array<int, 16> > >; Options = void; boost::container::vector<T, Allocator, Options>::size_type = long long unsigned int]'
D:/biocbuild/bbs-3.15-bioc/R/library/BH/include/boost/container/vector.hpp:2610:7:   required from 'void boost::container::vector<T, Allocator, Options>::priv_move_to_new_buffer(boost::container::vector<T, Allocator, Options>::size_type, boost::container::version_1) [with T = boost::container::dtl::pair<long long unsigned int, std::array<int, 16> >; A = boost::container::new_allocator<boost::container::dtl::pair<long long unsigned int, std::array<int, 16> > >; Options = void; boost::container::vector<T, Allocator, Options>::size_type = long long unsigned int; boost::container::version_1 = boost::move_detail::integral_constant<unsigned int, 1>]'
D:/biocbuild/bbs-3.15-bioc/R/library/BH/include/boost/container/vector.hpp:1570:10:   required from 'void boost::container::vector<T, Allocator, Options>::reserve(boost::container::vector<T, Allocator, Options>::size_type) [with T = boost::container::dtl::pair<long long unsigned int, std::array<int, 16> >; A = boost::container::new_allocator<boost::container::dtl::pair<long long unsigned int, std::array<int, 16> > >; Options = void; boost::container::vector<T, Allocator, Options>::size_type = long long unsigned int]'
D:/biocbuild/bbs-3.15-bioc/R/library/BH/include/boost/container/detail/flat_tree.hpp:380:4:   required from 'void boost::container::dtl::flat_tree_reserve(SequenceContainer&, typename SequenceContainer::size_type, boost::move_detail::true_) [with SequenceContainer = boost::container::vector<boost::container::dtl::pair<long long unsigned int, std::array<int, 16> >, boost::container::new_allocator<boost::container::dtl::pair<long long unsigned int, std::array<int, 16> > >, void>; typename SequenceContainer::size_type = long long unsigned int; boost::move_detail::true_ = boost::move_detail::bool_<true>]'
D:/biocbuild/bbs-3.15-bioc/R/library/BH/include/boost/container/detail/flat_tree.hpp:1393:26:   required from 'void boost::container::dtl::flat_tree<Value, KeyOfValue, Compare, AllocatorOrContainer>::reserve(boost::container::dtl::flat_tree<Value, KeyOfValue, Compare, AllocatorOrContainer>::size_type) [with Value = boost::container::dtl::pair<long long unsigned int, std::array<int, 16> >; KeyOfValue = boost::container::dtl::select1st<long long unsigned int>; Compare = std::less<long long unsigned int>; AllocatorOrContainer = boost::container::new_allocator<boost::container::dtl::pair<long long unsigned int, std::array<int, 16> > >; boost::container::dtl::flat_tree<Value, KeyOfValue, Compare, AllocatorOrContainer>::size_type = long long unsigned int]'
D:/biocbuild/bbs-3.15-bioc/R/library/BH/include/boost/container/flat_map.hpp:712:9:   required from 'void boost::container::flat_map<Key, T, Compare, Allocator>::reserve(boost::container::flat_map<Key, T, Compare, Allocator>::size_type) [with Key = long long unsigned int; T = std::array<int, 16>; Compare = std::less<long long unsigned int>; AllocatorOrContainer = void; boost::container::flat_map<Key, T, Compare, Allocator>::size_type = long long unsigned int]'
rcpp_cx_report.cpp:111:24:   required from here
D:/biocbuild/bbs-3.15-bioc/R/library/BH/include/boost/container/detail/copy_move_algo.hpp:184:19: warning: 'void* memmove(void*, const void*, size_t)' writing to an object of type 'value_type' {aka 'struct boost::container::dtl::pair<long long unsigned int, std::array<int, 16> >'} with no trivial copy-assignment; use copy-assignment or copy-initialization instead [-Wclass-memaccess]
       std::memmove(dest_raw, beg_raw, sizeof(value_type)*n);
       ~~~~~~~~~~~~^~~~~~~~~~~~~~~~~~~~~~~~~~~~~~~~~~~~~~~~~
In file included from D:/biocbuild/bbs-3.15-bioc/R/library/BH/include/boost/container/detail/flat_tree.hpp:29,
                 from D:/biocbuild/bbs-3.15-bioc/R/library/BH/include/boost/container/flat_map.hpp:29,
                 from rcpp_cx_report.cpp:3:
D:/biocbuild/bbs-3.15-bioc/R/library/BH/include/boost/container/detail/pair.hpp:218:8: note: 'value_type' {aka 'struct boost::container::dtl::pair<long long unsigned int, std::array<int, 16> >'} declared here
 struct pair
        ^~~~
In file included from D:/biocbuild/bbs-3.15-bioc/R/library/BH/include/boost/container/detail/advanced_insert_int.hpp:28,
                 from D:/biocbuild/bbs-3.15-bioc/R/library/BH/include/boost/container/vector.hpp:32,
                 from D:/biocbuild/bbs-3.15-bioc/R/library/BH/include/boost/container/detail/flat_tree.hpp:30,
                 from D:/biocbuild/bbs-3.15-bioc/R/library/BH/include/boost/container/flat_map.hpp:29,
                 from rcpp_cx_report.cpp:3:
D:/biocbuild/bbs-3.15-bioc/R/library/BH/include/boost/container/detail/copy_move_algo.hpp: In instantiation of 'I boost::container::dtl::memmove_n_source(I, std::size_t, F) [with I = boost::move_iterator<boost::container::dtl::pair<long long unsigned int, std::array<int, 16> >*>; F = boost::container::dtl::pair<long long unsigned int, std::array<int, 16> >*; std::size_t = long long unsigned int]':
D:/biocbuild/bbs-3.15-bioc/R/library/BH/include/boost/container/detail/copy_move_algo.hpp:553:32:   required from 'typename boost::container::dtl::enable_if_memtransfer_copy_constructible<I, F, I>::type boost::container::uninitialized_copy_alloc_n_source(Allocator&, I, std::size_t, F) [with Allocator = boost::container::new_allocator<boost::container::dtl::pair<long long unsigned int, std::array<int, 16> > >; I = boost::move_iterator<boost::container::dtl::pair<long long unsigned int, std::array<int, 16> >*>; F = boost::container::dtl::pair<long long unsigned int, std::array<int, 16> >*; typename boost::container::dtl::enable_if_memtransfer_copy_constructible<I, F, I>::type = boost::move_iterator<boost::container::dtl::pair<long long unsigned int, std::array<int, 16> >*>; std::size_t = long long unsigned int]'
D:/biocbuild/bbs-3.15-bioc/R/library/BH/include/boost/container/detail/advanced_insert_int.hpp:81:75:   required from 'void boost::container::dtl::insert_range_proxy<Allocator, FwdIt, Iterator>::uninitialized_copy_n_and_update(Allocator&, Iterator, std::size_t) [with Allocator = boost::container::new_allocator<boost::container::dtl::pair<long long unsigned int, std::array<int, 16> > >; FwdIt = boost::move_iterator<boost::container::dtl::pair<long long unsigned int, std::array<int, 16> >*>; Iterator = boost::container::dtl::pair<long long unsigned int, std::array<int, 16> >*; std::size_t = long long unsigned int]'
D:/biocbuild/bbs-3.15-bioc/R/library/BH/include/boost/container/detail/copy_move_algo.hpp:1208:4:   required from 'void boost::container::uninitialized_move_and_insert_alloc(Allocator&, F, F, F, O, std::size_t, InsertionProxy) [with Allocator = boost::container::new_allocator<boost::container::dtl::pair<long long unsigned int, std::array<int, 16> > >; F = boost::container::dtl::pair<long long unsigned int, std::array<int, 16> >*; O = boost::container::dtl::pair<long long unsigned int, std::array<int, 16> >*; InsertionProxy = boost::container::dtl::insert_range_proxy<boost::container::new_allocator<boost::container::dtl::pair<long long unsigned int, std::array<int, 16> > >, boost::move_iterator<boost::container::dtl::pair<long long unsigned int, std::array<int, 16> >*>, boost::container::dtl::pair<long long unsigned int, std::array<int, 16> >*>; std::size_t = long long unsigned int]'
D:/biocbuild/bbs-3.15-bioc/R/library/BH/include/boost/container/vector.hpp:3008:10:   required from 'void boost::container::vector<T, Allocator, Options>::priv_insert_forward_range_new_allocation(T*, boost::container::vector<T, Allocator, Options>::size_type, T*, boost::container::vector<T, Allocator, Options>::size_type, InsertionProxy) [with InsertionProxy = boost::container::dtl::insert_range_proxy<boost::container::new_allocator<boost::container::dtl::pair<long long unsigned int, std::array<int, 16> > >, boost::move_iterator<boost::container::dtl::pair<long long unsigned int, std::array<int, 16> >*>, boost::container::dtl::pair<long long unsigned int, std::array<int, 16> >*>; T = boost::container::dtl::pair<long long unsigned int, std::array<int, 16> >; A = boost::container::new_allocator<boost::container::dtl::pair<long long unsigned int, std::array<int, 16> > >; Options = void; boost::container::vector<T, Allocator, Options>::size_type = long long unsigned int]'
D:/biocbuild/bbs-3.15-bioc/R/library/BH/include/boost/container/vector.hpp:2610:7:   required from 'void boost::container::vector<T, Allocator, Options>::priv_move_to_new_buffer(boost::container::vector<T, Allocator, Options>::size_type, boost::container::version_1) [with T = boost::container::dtl::pair<long long unsigned int, std::array<int, 16> >; A = boost::container::new_allocator<boost::container::dtl::pair<long long unsigned int, std::array<int, 16> > >; Options = void; boost::container::vector<T, Allocator, Options>::size_type = long long unsigned int; boost::container::version_1 = boost::move_detail::integral_constant<unsigned int, 1>]'
D:/biocbuild/bbs-3.15-bioc/R/library/BH/include/boost/container/vector.hpp:1570:10:   required from 'void boost::container::vector<T, Allocator, Options>::reserve(boost::container::vector<T, Allocator, Options>::size_type) [with T = boost::container::dtl::pair<long long unsigned int, std::array<int, 16> >; A = boost::container::new_allocator<boost::container::dtl::pair<long long unsigned int, std::array<int, 16> > >; Options = void; boost::container::vector<T, Allocator, Options>::size_type = long long unsigned int]'
D:/biocbuild/bbs-3.15-bioc/R/library/BH/include/boost/container/detail/flat_tree.hpp:380:4:   required from 'void boost::container::dtl::flat_tree_reserve(SequenceContainer&, typename SequenceContainer::size_type, boost::move_detail::true_) [with SequenceContainer = boost::container::vector<boost::container::dtl::pair<long long unsigned int, std::array<int, 16> >, boost::container::new_allocator<boost::container::dtl::pair<long long unsigned int, std::array<int, 16> > >, void>; typename SequenceContainer::size_type = long long unsigned int; boost::move_detail::true_ = boost::move_detail::bool_<true>]'
D:/biocbuild/bbs-3.15-bioc/R/library/BH/include/boost/container/detail/flat_tree.hpp:1393:26:   required from 'void boost::container::dtl::flat_tree<Value, KeyOfValue, Compare, AllocatorOrContainer>::reserve(boost::container::dtl::flat_tree<Value, KeyOfValue, Compare, AllocatorOrContainer>::size_type) [with Value = boost::container::dtl::pair<long long unsigned int, std::array<int, 16> >; KeyOfValue = boost::container::dtl::select1st<long long unsigned int>; Compare = std::less<long long unsigned int>; AllocatorOrContainer = boost::container::new_allocator<boost::container::dtl::pair<long long unsigned int, std::array<int, 16> > >; boost::container::dtl::flat_tree<Value, KeyOfValue, Compare, AllocatorOrContainer>::size_type = long long unsigned int]'
D:/biocbuild/bbs-3.15-bioc/R/library/BH/include/boost/container/flat_map.hpp:712:9:   required from 'void boost::container::flat_map<Key, T, Compare, Allocator>::reserve(boost::container::flat_map<Key, T, Compare, Allocator>::size_type) [with Key = long long unsigned int; T = std::array<int, 16>; Compare = std::less<long long unsigned int>; AllocatorOrContainer = void; boost::container::flat_map<Key, T, Compare, Allocator>::size_type = long long unsigned int]'
rcpp_cx_report.cpp:111:24:   required from here
D:/biocbuild/bbs-3.15-bioc/R/library/BH/include/boost/container/detail/copy_move_algo.hpp:214:19: warning: 'void* memmove(void*, const void*, size_t)' writing to an object of type 'boost::movelib::detail::iterator_to_element_ptr<boost::container::dtl::pair<long long unsigned int, std::array<int, 16> >*>::element_type' {aka 'struct boost::container::dtl::pair<long long unsigned int, std::array<int, 16> >'} with no trivial copy-assignment; use copy-assignment or copy-initialization instead [-Wclass-memaccess]
       std::memmove(boost::movelib::iterator_to_raw_pointer(r), boost::movelib::iterator_to_raw_pointer(f), sizeof(value_type)*n);
       ~~~~~~~~~~~~^~~~~~~~~~~~~~~~~~~~~~~~~~~~~~~~~~~~~~~~~~~~~~~~~~~~~~~~~~~~~~~~~~~~~~~~~~~~~~~~~~~~~~~~~~~~~~~~~~~~~~~~~~~~~~
In file included from D:/biocbuild/bbs-3.15-bioc/R/library/BH/include/boost/container/detail/flat_tree.hpp:29,
                 from D:/biocbuild/bbs-3.15-bioc/R/library/BH/include/boost/container/flat_map.hpp:29,
                 from rcpp_cx_report.cpp:3:
D:/biocbuild/bbs-3.15-bioc/R/library/BH/include/boost/container/detail/pair.hpp:218:8: note: 'boost::movelib::detail::iterator_to_element_ptr<boost::container::dtl::pair<long long unsigned int, std::array<int, 16> >*>::element_type' {aka 'struct boost::container::dtl::pair<long long unsigned int, std::array<int, 16> >'} declared here
 struct pair
        ^~~~
rcpp_cx_report.cpp:109:16: warning: 'max_pos' may be used uninitialized in this function [-Wmaybe-uninitialized]
   unsigned int max_pos, idx_to_increase, max_freq_ctx, max_freq_idx, pass_x;
                ^~~~~~~
"C:/rtools40/mingw64/bin/"g++  -std=gnu++17 -I"D:/biocbuild/bbs-3.15-bioc/R/include" -DNDEBUG -D_FILE_OFFSET_BITS=64 -I'D:/biocbuild/bbs-3.15-bioc/R/library/Rcpp/include' -I'D:/biocbuild/bbs-3.15-bioc/R/library/BH/include' -I'D:/biocbuild/bbs-3.15-bioc/R/library/Rhtslib/include' -I'D:/biocbuild/bbs-3.15-bioc/R/library/zlibbioc/include'   -I"C:/extsoft/include"     -O2 -Wall  -mfpmath=sse -msse2 -mstackrealign -fno-reorder-blocks-and-partition  -c rcpp_fep.cpp -o rcpp_fep.o
"C:/rtools40/mingw64/bin/"g++  -std=gnu++17 -I"D:/biocbuild/bbs-3.15-bioc/R/include" -DNDEBUG -D_FILE_OFFSET_BITS=64 -I'D:/biocbuild/bbs-3.15-bioc/R/library/Rcpp/include' -I'D:/biocbuild/bbs-3.15-bioc/R/library/BH/include' -I'D:/biocbuild/bbs-3.15-bioc/R/library/Rhtslib/include' -I'D:/biocbuild/bbs-3.15-bioc/R/library/zlibbioc/include'   -I"C:/extsoft/include"     -O2 -Wall  -mfpmath=sse -msse2 -mstackrealign -fno-reorder-blocks-and-partition  -c rcpp_get_base_freqs.cpp -o rcpp_get_base_freqs.o
"C:/rtools40/mingw64/bin/"g++  -std=gnu++17 -I"D:/biocbuild/bbs-3.15-bioc/R/include" -DNDEBUG -D_FILE_OFFSET_BITS=64 -I'D:/biocbuild/bbs-3.15-bioc/R/library/Rcpp/include' -I'D:/biocbuild/bbs-3.15-bioc/R/library/BH/include' -I'D:/biocbuild/bbs-3.15-bioc/R/library/Rhtslib/include' -I'D:/biocbuild/bbs-3.15-bioc/R/library/zlibbioc/include'   -I"C:/extsoft/include"     -O2 -Wall  -mfpmath=sse -msse2 -mstackrealign -fno-reorder-blocks-and-partition  -c rcpp_get_xm_beta.cpp -o rcpp_get_xm_beta.o
"C:/rtools40/mingw64/bin/"g++  -std=gnu++17 -I"D:/biocbuild/bbs-3.15-bioc/R/include" -DNDEBUG -D_FILE_OFFSET_BITS=64 -I'D:/biocbuild/bbs-3.15-bioc/R/library/Rcpp/include' -I'D:/biocbuild/bbs-3.15-bioc/R/library/BH/include' -I'D:/biocbuild/bbs-3.15-bioc/R/library/Rhtslib/include' -I'D:/biocbuild/bbs-3.15-bioc/R/library/zlibbioc/include'   -I"C:/extsoft/include"     -O2 -Wall  -mfpmath=sse -msse2 -mstackrealign -fno-reorder-blocks-and-partition  -c rcpp_match_target.cpp -o rcpp_match_target.o
"C:/rtools40/mingw64/bin/"g++  -std=gnu++17 -I"D:/biocbuild/bbs-3.15-bioc/R/include" -DNDEBUG -D_FILE_OFFSET_BITS=64 -I'D:/biocbuild/bbs-3.15-bioc/R/library/Rcpp/include' -I'D:/biocbuild/bbs-3.15-bioc/R/library/BH/include' -I'D:/biocbuild/bbs-3.15-bioc/R/library/Rhtslib/include' -I'D:/biocbuild/bbs-3.15-bioc/R/library/zlibbioc/include'   -I"C:/extsoft/include"     -O2 -Wall  -mfpmath=sse -msse2 -mstackrealign -fno-reorder-blocks-and-partition  -c rcpp_read_bam.cpp -o rcpp_read_bam.o
"C:/rtools40/mingw64/bin/"g++  -std=gnu++17 -I"D:/biocbuild/bbs-3.15-bioc/R/include" -DNDEBUG -D_FILE_OFFSET_BITS=64 -I'D:/biocbuild/bbs-3.15-bioc/R/library/Rcpp/include' -I'D:/biocbuild/bbs-3.15-bioc/R/library/BH/include' -I'D:/biocbuild/bbs-3.15-bioc/R/library/Rhtslib/include' -I'D:/biocbuild/bbs-3.15-bioc/R/library/zlibbioc/include'   -I"C:/extsoft/include"     -O2 -Wall  -mfpmath=sse -msse2 -mstackrealign -fno-reorder-blocks-and-partition  -c rcpp_threshold_reads.cpp -o rcpp_threshold_reads.o
C:/rtools40/mingw64/bin/g++ -shared -s -static-libgcc -o epialleleR.dll tmp.def RcppExports.o rcpp_char_to_context.o rcpp_cx_report.o rcpp_fep.o rcpp_get_base_freqs.o rcpp_get_xm_beta.o rcpp_match_target.o rcpp_read_bam.o rcpp_threshold_reads.o D:/biocbuild/bbs-3.15-bioc/R/library/Rhtslib/usrlib/x64/libhts.a -LC:/extsoft/lib/x64 -lcurl -lrtmp -lssl -lssh2 -lcrypto -lgdi32 -lz -lws2_32 -lwldap32 -lwinmm -LC:/extsoft/lib/x64 -LC:/extsoft/lib -LD:/biocbuild/bbs-3.15-bioc/R/bin/x64 -lR
installing to D:/biocbuild/bbs-3.15-bioc/R/library/00LOCK-epialleleR/00new/epialleleR/libs/x64
** R
** inst
** byte-compile and prepare package for lazy loading
** help
*** installing help indices
  converting help for package 'epialleleR'
    finding HTML links ... done
    generateBedEcdf                         html  
    finding level-2 HTML links ... done

    generateBedReport                       html  
    generateCytosineReport                  html  
    generateVcfReport                       html  
    preprocessBam                           html  
** building package indices
** installing vignettes
** testing if installed package can be loaded from temporary location
** testing if installed package can be loaded from final location
** testing if installed package keeps a record of temporary installation path
* DONE (epialleleR)
Making 'packages.html' ...Warning in packageDescription(i, lib.loc = lib, fields = "Title", encoding = "UTF-8") :
  DESCRIPTION file of package 'PAST' is missing or broken
 done

Tests output

epialleleR.Rcheck/tests/runTests.Rout


R Under development (unstable) (2021-11-21 r81221) -- "Unsuffered Consequences"
Copyright (C) 2021 The R Foundation for Statistical Computing
Platform: x86_64-w64-mingw32/x64 (64-bit)

R is free software and comes with ABSOLUTELY NO WARRANTY.
You are welcome to redistribute it under certain conditions.
Type 'license()' or 'licence()' for distribution details.

R is a collaborative project with many contributors.
Type 'contributors()' for more information and
'citation()' on how to cite R or R packages in publications.

Type 'demo()' for some demos, 'help()' for on-line help, or
'help.start()' for an HTML browser interface to help.
Type 'q()' to quit R.

> BiocGenerics:::testPackage("epialleleR")
Reading BED file [0.050s]
Reading BAM file [0.020s]
Computing ECDFs for within- and out-of-context per-read beta values [0.040s]
Reading BED file [0.020s]
Reading BAM file [0.020s]
Computing ECDFs for within- and out-of-context per-read beta values [0.030s]
Reading BED file [0.020s]
Reading BAM file [0.000s]
Preparing amplicon report [0.050s]
Reading BED file [0.000s]
Reading BAM file [0.020s]
Thresholding reads [0.000s]
Preparing amplicon report [0.010s]
Writing the report [0.000s]
Reading BED file [0.000s]
Reading BAM file [0.020s]
Thresholding reads [0.000s]
Preparing amplicon report [0.020s]
Reading BAM file [0.040s]
Thresholding reads [0.000s]
Preparing cytosine report [0.020s]
Reading BAM file [0.020s]
Thresholding reads [0.000s]
Preparing cytosine report [0.030s]
Writing the report [0.000s]
Reading BAM file [0.010s]
Thresholding reads [0.000s]
Preparing cytosine report [0.020s]
Reading BED file [0.000s]
Reading VCF file [0.750s]
Reading BAM file [0.010s]
Extracting base frequences [0.030s]
Reading VCF file [0.140s]
Reading BAM file [0.000s]
Extracting base frequencesAlready preprocessed VCF supplied as an input. Options 'bed' and 'zero.based.bed' will have no effect.
Reading BAM file [0.020s]
Thresholding reads [0.000s]
Extracting base frequences [0.130s]
Writing the report [0.000s]
Reading BED file [0.010s]
Reading VCF file [0.740s]
Reading BAM file [0.030s]
Extracting base frequences [0.040s]
Already preprocessed BAM supplied as an input. Options 'min.mapq', 'min.baseq', 'skip.duplicates' and 'nthreads' will have no effect.

Attaching package: 'Biostrings'

The following object is masked from 'package:base':

    strsplit



RUNIT TEST PROTOCOL -- Wed Jan 19 18:53:09 2022 
*********************************************** 
Number of test functions: 6 
Number of errors: 0 
Number of failures: 0 

 
1 Test Suite : 
epialleleR RUnit Tests - 6 test functions, 0 errors, 0 failures
Number of test functions: 6 
Number of errors: 0 
Number of failures: 0 
> 
> proc.time()
   user  system elapsed 
  13.43    1.03   15.56 

Example timings

epialleleR.Rcheck/epialleleR-Ex.timings

nameusersystemelapsed
generateBedEcdf0.200.020.21
generateBedReport0.200.080.27
generateCytosineReport0.110.030.13
generateVcfReport7.810.368.57
preprocessBam0.030.000.04