Back to Multiple platform build/check report for BioC 3.14
ABCD[E]FGHIJKLMNOPQRSTUVWXYZ

This page was generated on 2021-10-20 12:04:41 -0400 (Wed, 20 Oct 2021).

CHECK results for eegc on nebbiolo2

To the developers/maintainers of the eegc package:
- Please allow up to 24 hours (and sometimes 48 hours) for your latest push to git@git.bioconductor.org:packages/eegc.git to
reflect on this report. See How and When does the builder pull? When will my changes propagate? here for more information.
- Make sure to use the following settings in order to reproduce any error or warning you see on this page.

raw results

Package 563/2072HostnameOS / ArchINSTALLBUILDCHECKBUILD BIN
eegc 1.19.0  (landing page)
Xiaoyuan Zhou
Snapshot Date: 2021-10-19 14:50:04 -0400 (Tue, 19 Oct 2021)
git_url: https://git.bioconductor.org/packages/eegc
git_branch: master
git_last_commit: fa07de3
git_last_commit_date: 2021-05-19 12:22:39 -0400 (Wed, 19 May 2021)
nebbiolo2Linux (Ubuntu 20.04.2 LTS) / x86_64  OK    OK    WARNINGS  UNNEEDED, same version is already published
riesling1Windows Server 2019 Standard / x64  OK    OK    WARNINGS    OK  UNNEEDED, same version is already published
merida1macOS 10.14.6 Mojave / x86_64  OK    OK    WARNINGS    OK  UNNEEDED, same version is already published

Summary

Package: eegc
Version: 1.19.0
Command: /home/biocbuild/bbs-3.14-bioc/R/bin/R CMD check --install=check:eegc.install-out.txt --library=/home/biocbuild/bbs-3.14-bioc/R/library --no-vignettes --timings eegc_1.19.0.tar.gz
StartedAt: 2021-10-19 19:55:24 -0400 (Tue, 19 Oct 2021)
EndedAt: 2021-10-19 20:02:42 -0400 (Tue, 19 Oct 2021)
EllapsedTime: 438.0 seconds
RetCode: 0
Status:   WARNINGS  
CheckDir: eegc.Rcheck
Warnings: 2

Command output

##############################################################################
##############################################################################
###
### Running command:
###
###   /home/biocbuild/bbs-3.14-bioc/R/bin/R CMD check --install=check:eegc.install-out.txt --library=/home/biocbuild/bbs-3.14-bioc/R/library --no-vignettes --timings eegc_1.19.0.tar.gz
###
##############################################################################
##############################################################################


* using log directory ‘/home/biocbuild/bbs-3.14-bioc/meat/eegc.Rcheck’
* using R version 4.1.1 (2021-08-10)
* using platform: x86_64-pc-linux-gnu (64-bit)
* using session charset: UTF-8
* using option ‘--no-vignettes’
* checking for file ‘eegc/DESCRIPTION’ ... OK
* checking extension type ... Package
* this is package ‘eegc’ version ‘1.19.0’
* checking package namespace information ... OK
* checking package dependencies ... OK
* checking if this is a source package ... OK
* checking if there is a namespace ... OK
* checking for hidden files and directories ... OK
* checking for portable file names ... OK
* checking for sufficient/correct file permissions ... OK
* checking whether package ‘eegc’ can be installed ... OK
* checking installed package size ... NOTE
  installed size is 11.1Mb
  sub-directories of 1Mb or more:
    data  10.5Mb
* checking package directory ... OK
* checking ‘build’ directory ... OK
* checking DESCRIPTION meta-information ... OK
* checking top-level files ... OK
* checking for left-over files ... OK
* checking index information ... OK
* checking package subdirectories ... OK
* checking R files for non-ASCII characters ... OK
* checking R files for syntax errors ... OK
* checking whether the package can be loaded ... OK
* checking whether the package can be loaded with stated dependencies ... OK
* checking whether the package can be unloaded cleanly ... OK
* checking whether the namespace can be loaded with stated dependencies ... OK
* checking whether the namespace can be unloaded cleanly ... OK
* checking dependencies in R code ... OK
* checking S3 generic/method consistency ... OK
* checking replacement functions ... OK
* checking foreign function calls ... OK
* checking R code for possible problems ... NOTE
categorizeGene : <anonymous>: no visible global function definition for
  ‘quantile’
densityPlot: no visible binding for global variable ‘density’
densityPlot: no visible global function definition for ‘lines’
densityPlot: no visible global function definition for ‘axis’
densityPlot: no visible global function definition for ‘adjustcolor’
densityPlot: no visible global function definition for ‘legend’
densityPlot : <anonymous>: no visible global function definition for
  ‘quantile’
densityPlot: no visible global function definition for ‘text’
densityPlot: no visible global function definition for ‘dev.copy2pdf’
diffGene: no visible global function definition for ‘model.matrix’
diffGene: no visible binding for global variable ‘treat’
diffGene: no visible binding for global variable ‘control’
diffGene: no visible global function definition for ‘results’
diffGene: no visible global function definition for ‘p.adjust’
dotPercentage: no visible global function definition for ‘lines’
dotPercentage: no visible global function definition for ‘axis’
dotPercentage: no visible global function definition for ‘text’
dotPercentage: no visible global function definition for ‘par’
enrichment : enrichment : <anonymous>: no visible global function
  definition for ‘phyper’
enrichment : enrichment: no visible global function definition for
  ‘p.adjust’
grnPlot: no visible global function definition for ‘title’
grnPlot: no visible global function definition for ‘legend’
markerScatter: no visible global function definition for
  ‘colorRampPalette’
markerScatter: no visible global function definition for ‘points’
markerScatter: no visible global function definition for ‘lm’
markerScatter: no visible global function definition for ‘abline’
markerScatter: no visible global function definition for ‘text’
markerScatter: no visible global function definition for ‘legend’
Undefined global functions or variables:
  abline adjustcolor axis colorRampPalette control density dev.copy2pdf
  legend lines lm model.matrix p.adjust par phyper points quantile
  results text title treat
Consider adding
  importFrom("grDevices", "adjustcolor", "colorRampPalette",
             "dev.copy2pdf")
  importFrom("graphics", "abline", "axis", "legend", "lines", "par",
             "points", "text", "title")
  importFrom("stats", "density", "lm", "model.matrix", "p.adjust",
             "phyper", "quantile")
to your NAMESPACE file.
* checking Rd files ... OK
* checking Rd metadata ... OK
* checking Rd cross-references ... WARNING
Missing link or links in documentation object 'barplotEnrich.Rd':
  ‘[DOSE]{barplot.enrichResult}’

See section 'Cross-references' in the 'Writing R Extensions' manual.
* checking for missing documentation entries ... OK
* checking for code/documentation mismatches ... OK
* checking Rd \usage sections ... OK
* checking Rd contents ... OK
* checking for unstated dependencies in examples ... OK
* checking contents of ‘data’ directory ... OK
* checking data for non-ASCII characters ... OK
* checking LazyData ... WARNING
  LazyData DB of 10.5 MB without LazyDataCompression set
  See §1.1.6 of 'Writing R Extensions'
* checking data for ASCII and uncompressed saves ... OK
* checking installed files from ‘inst/doc’ ... OK
* checking files in ‘vignettes’ ... OK
* checking examples ... OK
Examples with CPU (user + system) or elapsed time > 5s
                  user system elapsed
functionEnrich 216.826  3.675 225.919
* checking for unstated dependencies in vignettes ... NOTE
'::' or ':::' import not declared from: ‘BiocStyle’
* checking package vignettes in ‘inst/doc’ ... OK
* checking running R code from vignettes ... SKIPPED
* checking re-building of vignette outputs ... SKIPPED
* checking PDF version of manual ... OK
* DONE

Status: 2 WARNINGs, 3 NOTEs
See
  ‘/home/biocbuild/bbs-3.14-bioc/meat/eegc.Rcheck/00check.log’
for details.



Installation output

eegc.Rcheck/00install.out

##############################################################################
##############################################################################
###
### Running command:
###
###   /home/biocbuild/bbs-3.14-bioc/R/bin/R CMD INSTALL eegc
###
##############################################################################
##############################################################################


* installing to library ‘/home/biocbuild/bbs-3.14-bioc/R/library’
* installing *source* package ‘eegc’ ...
** using staged installation
** R
** data
*** moving datasets to lazyload DB
** inst
** byte-compile and prepare package for lazy loading
** help
*** installing help indices
** building package indices
** installing vignettes
   ‘eegc.Rnw’ 
** testing if installed package can be loaded from temporary location
** testing if installed package can be loaded from final location
** testing if installed package keeps a record of temporary installation path
* DONE (eegc)

Tests output


Example timings

eegc.Rcheck/eegc-Ex.timings

nameusersystemelapsed
barplotEnrich0.0010.0010.001
categorizeGene0.0480.0000.048
densityPlot0.0030.0000.003
diffGene0.2960.0190.316
dotPercentage0.0010.0000.001
enrichment2.6000.1042.704
functionEnrich216.826 3.675225.919
grnPlot0.0000.0000.001
heatmapPlot0.3230.0000.322
markerScatter0.2280.0000.227
networkAnalyze0.1170.0080.125