Back to Multiple platform build/check report for BioC 3.15
ABCD[E]FGHIJKLMNOPQRSTUVWXYZ

This page was generated on 2021-11-30 13:54:51 -0500 (Tue, 30 Nov 2021).

CHECK results for edge on riesling1

To the developers/maintainers of the edge package:
- Please allow up to 24 hours (and sometimes 48 hours) for your latest push to git@git.bioconductor.org:packages/edge.git to
reflect on this report. See How and When does the builder pull? When will my changes propagate? here for more information.
- Make sure to use the following settings in order to reproduce any error or warning you see on this page.

raw results

Package 561/2068HostnameOS / ArchINSTALLBUILDCHECKBUILD BIN
edge 2.27.0  (landing page)
John D. Storey , Andrew J. Bass
Snapshot Date: 2021-11-29 14:50:17 -0500 (Mon, 29 Nov 2021)
git_url: https://git.bioconductor.org/packages/edge
git_branch: master
git_last_commit: 64ba7eb
git_last_commit_date: 2021-10-26 12:20:40 -0500 (Tue, 26 Oct 2021)
nebbiolo1Linux (Ubuntu 20.04.3 LTS) / x86_64  OK    OK    WARNINGS  UNNEEDED, same version is already published
riesling1Windows Server 2019 Standard / x64  OK    OK    WARNINGS    OK  
merida1macOS 10.14.6 Mojave / x86_64  OK    OK    WARNINGS    OK  UNNEEDED, same version is already published

Summary

Package: edge
Version: 2.27.0
Command: D:\biocbuild\bbs-3.15-bioc\R\bin\R.exe CMD check --force-multiarch --install=check:edge.install-out.txt --library=D:\biocbuild\bbs-3.15-bioc\R\library --no-vignettes --timings edge_2.27.0.tar.gz
StartedAt: 2021-11-30 01:36:20 -0500 (Tue, 30 Nov 2021)
EndedAt: 2021-11-30 01:40:34 -0500 (Tue, 30 Nov 2021)
EllapsedTime: 254.2 seconds
RetCode: 0
Status:   WARNINGS  
CheckDir: edge.Rcheck
Warnings: 1

Command output

##############################################################################
##############################################################################
###
### Running command:
###
###   D:\biocbuild\bbs-3.15-bioc\R\bin\R.exe CMD check --force-multiarch --install=check:edge.install-out.txt --library=D:\biocbuild\bbs-3.15-bioc\R\library --no-vignettes --timings edge_2.27.0.tar.gz
###
##############################################################################
##############################################################################


* using log directory 'D:/biocbuild/bbs-3.15-bioc/meat/edge.Rcheck'
* using R Under development (unstable) (2021-11-21 r81221)
* using platform: x86_64-w64-mingw32 (64-bit)
* using session charset: ISO8859-1
* using option '--no-vignettes'
* checking for file 'edge/DESCRIPTION' ... OK
* checking extension type ... Package
* this is package 'edge' version '2.27.0'
* checking package namespace information ... OK
* checking package dependencies ... OK
* checking if this is a source package ... OK
* checking if there is a namespace ... OK
* checking for hidden files and directories ... OK
* checking for portable file names ... OK
* checking whether package 'edge' can be installed ... OK
* checking installed package size ... OK
* checking package directory ... OK
* checking 'build' directory ... OK
* checking DESCRIPTION meta-information ... OK
* checking top-level files ... OK
* checking for left-over files ... OK
* checking index information ... OK
* checking package subdirectories ... OK
* checking R files for non-ASCII characters ... OK
* checking R files for syntax errors ... OK
* checking whether the package can be loaded ... OK
* checking whether the package can be loaded with stated dependencies ... OK
* checking whether the package can be unloaded cleanly ... OK
* checking whether the namespace can be loaded with stated dependencies ... OK
* checking whether the namespace can be unloaded cleanly ... OK
* checking dependencies in R code ... OK
* checking S3 generic/method consistency ... OK
* checking replacement functions ... OK
* checking foreign function calls ... OK
* checking R code for possible problems ... NOTE
build_study: no visible global function definition for 'as.formula'
createSet: no visible global function definition for 'model.matrix'
deSetCheck: no visible global function definition for 'model.matrix'
fitFDist: no visible global function definition for 'median'
fitFDist: no visible global function definition for 'lm.fit'
fitFDist: no visible global function definition for 'predict'
fit_wmodels: no visible global function definition for 'model.matrix'
fit_wmodels: no visible global function definition for 'lm.wfit'
null: no visible global function definition for 'model.matrix'
apply_sva,deSet: no visible global function definition for 'as.formula'
apply_sva,deSet: no visible global function definition for 'terms'
fit_models,deSet: no visible global function definition for
  'model.matrix'
fullModel<-,deSet: no visible global function definition for
  'model.matrix'
lrt,deSet-deFit: no visible global function definition for 'pf'
nullModel<-,deSet: no visible global function definition for
  'model.matrix'
Undefined global functions or variables:
  as.formula lm.fit lm.wfit median model.matrix pf predict terms
Consider adding
  importFrom("stats", "as.formula", "lm.fit", "lm.wfit", "median",
             "model.matrix", "pf", "predict", "terms")
to your NAMESPACE file.
* checking Rd files ... OK
* checking Rd metadata ... OK
* checking Rd cross-references ... OK
* checking for missing documentation entries ... OK
* checking for code/documentation mismatches ... OK
* checking Rd \usage sections ... WARNING
Documented arguments not in \usage in documentation object 'show':
  '...'

Functions with \usage entries need to have the appropriate \alias
entries, and all their arguments documented.
The \usage entries must correspond to syntactically valid R code.
See chapter 'Writing R documentation files' in the 'Writing R
Extensions' manual.
* checking Rd contents ... OK
* checking for unstated dependencies in examples ... OK
* checking contents of 'data' directory ... OK
* checking data for non-ASCII characters ... OK
* checking LazyData ... OK
* checking data for ASCII and uncompressed saves ... OK
* checking line endings in C/C++/Fortran sources/headers ... OK
* checking compiled code ... NOTE
Note: information on .o files for x64 is not available
File 'D:/biocbuild/bbs-3.15-bioc/R/library/edge/libs/x64/edge.dll':
  Found 'abort', possibly from 'abort' (C), 'runtime' (Fortran)

Compiled code should not call entry points which might terminate R nor
write to stdout/stderr instead of to the console, nor use Fortran I/O
nor system RNGs. The detected symbols are linked into the code but
might come from libraries and not actually be called.

See 'Writing portable packages' in the 'Writing R Extensions' manual.
* checking files in 'vignettes' ... OK
* checking examples ... OK
Examples with CPU (user + system) or elapsed time > 5s
          user system elapsed
apply_snm 8.03    1.2    9.23
* checking for unstated dependencies in 'tests' ... OK
* checking tests ...
  Running 'testthat.R'
 OK
* checking for unstated dependencies in vignettes ... OK
* checking package vignettes in 'inst/doc' ... OK
* checking running R code from vignettes ... SKIPPED
* checking re-building of vignette outputs ... SKIPPED
* checking PDF version of manual ... OK
* DONE

Status: 1 WARNING, 2 NOTEs
See
  'D:/biocbuild/bbs-3.15-bioc/meat/edge.Rcheck/00check.log'
for details.



Installation output

edge.Rcheck/00install.out

##############################################################################
##############################################################################
###
### Running command:
###
###   C:\cygwin\bin\curl.exe -O http://155.52.207.165/BBS/3.15/bioc/src/contrib/edge_2.27.0.tar.gz && rm -rf edge.buildbin-libdir && mkdir edge.buildbin-libdir && D:\biocbuild\bbs-3.15-bioc\R\bin\R.exe CMD INSTALL --merge-multiarch --build --library=edge.buildbin-libdir edge_2.27.0.tar.gz && D:\biocbuild\bbs-3.15-bioc\R\bin\R.exe CMD INSTALL edge_2.27.0.zip && rm edge_2.27.0.tar.gz edge_2.27.0.zip
###
##############################################################################
##############################################################################


  % Total    % Received % Xferd  Average Speed   Time    Time     Time  Current
                                 Dload  Upload   Total   Spent    Left  Speed

  0     0    0     0    0     0      0      0 --:--:-- --:--:-- --:--:--     0
  6  658k    6 41639    0     0   267k      0  0:00:02 --:--:--  0:00:02  265k
100  658k  100  658k    0     0  2194k      0 --:--:-- --:--:-- --:--:-- 2187k
only one architecture so ignoring '--merge-multiarch'
* installing *source* package 'edge' ...
** using staged installation
** libs
"C:/rtools40/mingw64/bin/"gcc  -I"D:/biocbuild/bbs-3.15-bioc/R/include" -DNDEBUG     -I"C:/extsoft/include"     -O2 -Wall  -std=gnu99 -mfpmath=sse -msse2 -mstackrealign -fno-reorder-blocks-and-partition  -c edge-init.c -o edge-init.o
"C:/rtools40/mingw64/bin/"gcc  -I"D:/biocbuild/bbs-3.15-bioc/R/include" -DNDEBUG     -I"C:/extsoft/include"     -O2 -Wall  -std=gnu99 -mfpmath=sse -msse2 -mstackrealign -fno-reorder-blocks-and-partition  -c edgeKLODP.c -o edgeKLODP.o
edgeKLODP.c: In function 'odpScoreCluster':
edgeKLODP.c:194:27: warning: 'middle' may be used uninitialized in this function [-Wmaybe-uninitialized]
   free((FREE_ARG) (v + nl - NR_END));
                   ~~~~~~~~^~~~~~~~~
edgeKLODP.c:11:19: note: 'middle' was declared here
   double *first, *middle;
                   ^~~~~~
C:/rtools40/mingw64/bin/gcc -shared -s -static-libgcc -o edge.dll tmp.def edge-init.o edgeKLODP.o -LC:/extsoft/lib/x64 -LC:/extsoft/lib -LD:/biocbuild/bbs-3.15-bioc/R/bin/x64 -lR
installing to D:/biocbuild/bbs-3.15-bioc/meat/edge.buildbin-libdir/00LOCK-edge/00new/edge/libs/x64
** R
** data
*** moving datasets to lazyload DB
** inst
** byte-compile and prepare package for lazy loading
** help
*** installing help indices
  converting help for package 'edge'
    finding HTML links ... done
    apply_jackstraw                         html  
    finding level-2 HTML links ... done

    apply_qvalue                            html  
    apply_snm                               html  
    apply_sva                               html  
    betaCoef                                html  
    build_models                            html  
    build_study                             html  
    deFit-class                             html  
    deSet-class                             html  
    deSet                                   html  
    edge                                    html  
    endotoxin                               html  
    fitFull                                 html  
    fitNull                                 html  
    fit_models                              html  
    fullMatrix                              html  
    fullModel                               html  
    gibson                                  html  
    individual                              html  
    kidney                                  html  
    kl_clust                                html  
    lrt                                     html  
    nullMatrix                              html  
    nullModel                               html  
    odp                                     html  
    qvalueObj                               html  
    resFull                                 html  
    resNull                                 html  
    sType                                   html  
    show                                    html  
    summary                                 html  
** building package indices
** installing vignettes
** testing if installed package can be loaded from temporary location
** testing if installed package can be loaded from final location
** testing if installed package keeps a record of temporary installation path
* MD5 sums
packaged installation of 'edge' as edge_2.27.0.zip
* DONE (edge)
* installing to library 'D:/biocbuild/bbs-3.15-bioc/R/library'
package 'edge' successfully unpacked and MD5 sums checked

Tests output

edge.Rcheck/tests/testthat.Rout


R Under development (unstable) (2021-11-21 r81221) -- "Unsuffered Consequences"
Copyright (C) 2021 The R Foundation for Statistical Computing
Platform: x86_64-w64-mingw32/x64 (64-bit)

R is free software and comes with ABSOLUTELY NO WARRANTY.
You are welcome to redistribute it under certain conditions.
Type 'license()' or 'licence()' for distribution details.

R is a collaborative project with many contributors.
Type 'contributors()' for more information and
'citation()' on how to cite R or R packages in publications.

Type 'demo()' for some demos, 'help()' for on-line help, or
'help.start()' for an HTML browser interface to help.
Type 'q()' to quit R.

> library(testthat)
> library(edge)
Loading required package: Biobase
Loading required package: BiocGenerics

Attaching package: 'BiocGenerics'

The following objects are masked from 'package:stats':

    IQR, mad, sd, var, xtabs

The following objects are masked from 'package:base':

    Filter, Find, Map, Position, Reduce, anyDuplicated, append,
    as.data.frame, basename, cbind, colnames, dirname, do.call,
    duplicated, eval, evalq, get, grep, grepl, intersect, is.unsorted,
    lapply, mapply, match, mget, order, paste, pmax, pmax.int, pmin,
    pmin.int, rank, rbind, rownames, sapply, setdiff, sort, table,
    tapply, union, unique, unsplit, which.max, which.min

Welcome to Bioconductor

    Vignettes contain introductory material; view with
    'browseVignettes()'. To cite Bioconductor, see
    'citation("Biobase")', and for packages 'citation("pkgname")'.

> 
> test_check("edge")
[ FAIL 0 | WARN 0 | SKIP 0 | PASS 29 ]
> 
> proc.time()
   user  system elapsed 
   6.62    0.39    7.07 

Example timings

edge.Rcheck/edge-Ex.timings

nameusersystemelapsed
apply_jackstraw1.130.081.20
apply_qvalue0.400.000.41
apply_snm8.031.209.23
apply_sva1.490.141.62
betaCoef0.230.010.25
build_models0.220.020.24
build_study0.170.010.19
deSet0.380.000.37
edge000
endotoxin0.560.070.63
fitFull0.240.000.23
fitNull0.180.010.20
fit_models0.190.020.21
fullMatrix0.190.010.20
fullModel0.290.000.30
gibson0.500.030.53
individual0.220.020.23
kidney0.550.080.63
kl_clust0.280.030.31
lrt0.600.120.72
nullMatrix0.170.020.19
nullModel0.450.020.46
odp1.020.171.19
qvalueObj0.640.060.71
resFull0.230.000.23
resNull0.190.020.20
sType0.170.010.19
show0.560.090.66
summary0.580.050.62