Back to Multiple platform build/check report for BioC 3.17:   simplified   long
ABC[D]EFGHIJKLMNOPQRSTUVWXYZ

This page was generated on 2023-02-06 11:05:05 -0500 (Mon, 06 Feb 2023).

HostnameOSArch (*)R versionInstalled pkgs
nebbiolo1Linux (Ubuntu 22.04.1 LTS)x86_64R Under development (unstable) (2023-01-10 r83596) -- "Unsuffered Consequences" 4483
palomino3Windows Server 2022 Datacenterx64R Under development (unstable) (2023-01-10 r83596 ucrt) -- "Unsuffered Consequences" 4249
merida1macOS 10.14.6 Mojavex86_64R Under development (unstable) (2023-01-10 r83596) -- "Unsuffered Consequences" 4272
Click on any hostname to see more info about the system (e.g. compilers)      (*) as reported by 'uname -p', except on Windows and Mac OS X

CHECK results for deepSNV on nebbiolo1


To the developers/maintainers of the deepSNV package:
- Please allow up to 24 hours (and sometimes 48 hours) for your latest push to git@git.bioconductor.org:packages/deepSNV.git to
reflect on this report. See How and When does the builder pull? When will my changes propagate? for more information.
- Make sure to use the following settings in order to reproduce any error or warning you see on this page.

raw results

Package 488/2164HostnameOS / ArchINSTALLBUILDCHECKBUILD BIN
deepSNV 1.45.0  (landing page)
Moritz Gerstung
Snapshot Date: 2023-02-05 14:00:11 -0500 (Sun, 05 Feb 2023)
git_url: https://git.bioconductor.org/packages/deepSNV
git_branch: master
git_last_commit: 4241cbc
git_last_commit_date: 2022-11-01 11:06:40 -0500 (Tue, 01 Nov 2022)
nebbiolo1Linux (Ubuntu 22.04.1 LTS) / x86_64  OK    OK    WARNINGS  UNNEEDED, same version is already published
palomino3Windows Server 2022 Datacenter / x64  OK    OK    OK    OK  UNNEEDED, same version is already published
merida1macOS 10.14.6 Mojave / x86_64  OK    OK    WARNINGS    OK  UNNEEDED, same version is already published

Summary

Package: deepSNV
Version: 1.45.0
Command: /home/biocbuild/bbs-3.17-bioc/R/bin/R CMD check --install=check:deepSNV.install-out.txt --library=/home/biocbuild/bbs-3.17-bioc/R/library --timings deepSNV_1.45.0.tar.gz
StartedAt: 2023-02-05 20:04:51 -0500 (Sun, 05 Feb 2023)
EndedAt: 2023-02-05 20:10:39 -0500 (Sun, 05 Feb 2023)
EllapsedTime: 348.3 seconds
RetCode: 0
Status:   WARNINGS  
CheckDir: deepSNV.Rcheck
Warnings: 1

Command output

##############################################################################
##############################################################################
###
### Running command:
###
###   /home/biocbuild/bbs-3.17-bioc/R/bin/R CMD check --install=check:deepSNV.install-out.txt --library=/home/biocbuild/bbs-3.17-bioc/R/library --timings deepSNV_1.45.0.tar.gz
###
##############################################################################
##############################################################################


* using log directory ‘/home/biocbuild/bbs-3.17-bioc/meat/deepSNV.Rcheck’
* using R Under development (unstable) (2023-01-10 r83596)
* using platform: x86_64-pc-linux-gnu (64-bit)
* R was compiled by
    gcc (Ubuntu 11.3.0-1ubuntu1~22.04) 11.3.0
    GNU Fortran (Ubuntu 11.3.0-1ubuntu1~22.04) 11.3.0
* running under: Ubuntu 22.04.1 LTS
* using session charset: UTF-8
* checking for file ‘deepSNV/DESCRIPTION’ ... OK
* checking extension type ... Package
* this is package ‘deepSNV’ version ‘1.45.0’
* checking package namespace information ... OK
* checking package dependencies ... NOTE
Depends: includes the non-default packages:
  'parallel', 'IRanges', 'GenomicRanges', 'SummarizedExperiment',
  'Biostrings', 'VGAM', 'VariantAnnotation'
Adding so many packages to the search path is excessive and importing
selectively is preferable.
* checking if this is a source package ... OK
* checking if there is a namespace ... OK
* checking for hidden files and directories ... OK
* checking for portable file names ... OK
* checking for sufficient/correct file permissions ... OK
* checking whether package ‘deepSNV’ can be installed ... OK
* used C compiler: ‘gcc (Ubuntu 11.3.0-1ubuntu1~22.04) 11.3.0’
* used C++ compiler: ‘g++ (Ubuntu 11.3.0-1ubuntu1~22.04) 11.3.0’
* checking installed package size ... OK
* checking package directory ... OK
* checking ‘build’ directory ... OK
* checking DESCRIPTION meta-information ... NOTE
Malformed Title field: should not end in a period.
Versioned 'LinkingTo' value for ‘Rhtslib’ is only usable in R >= 3.0.2
* checking top-level files ... OK
* checking for left-over files ... OK
* checking index information ... OK
* checking package subdirectories ... OK
* checking R files for non-ASCII characters ... OK
* checking R files for syntax errors ... OK
* checking whether the package can be loaded ... OK
* checking whether the package can be loaded with stated dependencies ... OK
* checking whether the package can be unloaded cleanly ... OK
* checking whether the namespace can be loaded with stated dependencies ... OK
* checking whether the namespace can be unloaded cleanly ... OK
* checking dependencies in R code ... NOTE
Packages in Depends field not imported from:
  ‘GenomicRanges’ ‘SummarizedExperiment’ ‘VariantAnnotation’ ‘parallel’
  These packages need to be imported from (in the NAMESPACE file)
  for when this namespace is loaded but not attached.
There are ::: calls to the package's namespace in its code. A package
  almost never needs to use ::: for its own objects:
  ‘estimateRho’ ‘logbb’
* checking S3 generic/method consistency ... OK
* checking replacement functions ... OK
* checking foreign function calls ... OK
* checking R code for possible problems ... NOTE
.deepSNVsingle: no visible global function definition for ‘pchisq’
.estimateDispersion: no visible global function definition for
  ‘optimize’
.makeVCFheader: no visible global function definition for ‘splitAsList’
.makeVCFheader: no visible global function definition for ‘DataFrame’
.significantSNV: no visible global function definition for ‘p.adjust’
.significantSNV: no visible global function definition for
  ‘scanVcfHeader’
.significantSNV: no visible global function definition for ‘VCF’
.significantSNV: no visible global function definition for ‘GRanges’
.significantSNV: no visible global function definition for ‘IRanges’
.significantSNV: no visible global function definition for ‘DataFrame’
.significantSNV: no visible global function definition for ‘SimpleList’
.significantSNV: no visible global function definition for ‘VCFHeader’
.significantSNV: no visible global function definition for ‘reference’
.significantSNV: no visible global function definition for ‘header’
bbb: no visible global function definition for ‘na.omit’
betabinLRT: no visible global function definition for ‘pchisq’
betabinLRT: no visible global function definition for ‘p.adjust’
bf2Vcf: no visible global function definition for ‘scanVcfHeader’
bf2Vcf: no visible global function definition for ‘VCF’
bf2Vcf: no visible global function definition for ‘GRanges’
bf2Vcf: no visible global function definition for ‘IRanges’
bf2Vcf: no visible global function definition for ‘DataFrame’
bf2Vcf: no visible global function definition for ‘VCFHeader’
bf2Vcf: no visible global function definition for ‘reference’
bf2Vcf: no visible global function definition for ‘header’
bf2Vcf: no visible global function definition for ‘SimpleList’
loadAllData: no visible global function definition for ‘mclapply’
makePrior: no visible global function definition for ‘info’
manhattanPlot: no visible global function definition for ‘legend’
mcChunk: no visible global function definition for ‘mclapply’
mutID: no visible global function definition for ‘seqnames’
p.combine: no visible global function definition for ‘pgamma’
plot.deepSNV: no visible global function definition for ‘legend’
plot.deepSNV: no visible global function definition for ‘par’
plot.deepSNV: no visible global function definition for ‘abline’
qvals2Vcf: no visible global function definition for ‘scanVcfHeader’
qvals2Vcf: no visible global function definition for ‘VCF’
qvals2Vcf: no visible global function definition for ‘GRanges’
qvals2Vcf: no visible global function definition for ‘IRanges’
qvals2Vcf: no visible global function definition for ‘DataFrame’
qvals2Vcf: no visible global function definition for ‘VCFHeader’
qvals2Vcf: no visible global function definition for ‘reference’
qvals2Vcf: no visible global function definition for ‘header’
qvals2Vcf: no visible global function definition for ‘SimpleList’
PCRTest,matrix-matrix: no visible global function definition for
  ‘pnorm’
estimateDirichlet,matrix: no visible binding for global variable
  ‘dirichlet’
estimateDirichlet,matrix: no visible global function definition for
  ‘coefficients’
normalize,matrix-matrix : <anonymous>: no visible global function
  definition for ‘loess’
overDispersion,matrix-matrix: no visible global function definition for
  ‘optimize’
overDispersion,matrix-matrix : <anonymous>: no visible global function
  definition for ‘na.omit’
Undefined global functions or variables:
  DataFrame GRanges IRanges SimpleList VCF VCFHeader abline
  coefficients dirichlet header info legend loess mclapply na.omit
  optimize p.adjust par pchisq pgamma pnorm reference scanVcfHeader
  seqnames splitAsList
Consider adding
  importFrom("graphics", "abline", "legend", "par")
  importFrom("stats", "coefficients", "loess", "na.omit", "optimize",
             "p.adjust", "pchisq", "pgamma", "pnorm")
to your NAMESPACE file.
* checking Rd files ... OK
* checking Rd metadata ... OK
* checking Rd cross-references ... OK
* checking for missing documentation entries ... OK
* checking for code/documentation mismatches ... OK
* checking Rd \usage sections ... OK
* checking Rd contents ... OK
* checking for unstated dependencies in examples ... OK
* checking contents of ‘data’ directory ... OK
* checking data for non-ASCII characters ... OK
* checking data for ASCII and uncompressed saves ... OK
* checking line endings in C/C++/Fortran sources/headers ... OK
* checking line endings in Makefiles ... OK
* checking compilation flags in Makevars ... OK
* checking for GNU extensions in Makefiles ... NOTE
GNU make is a SystemRequirements.
* checking for portable use of $(BLAS_LIBS) and $(LAPACK_LIBS) ... OK
* checking use of PKG_*FLAGS in Makefiles ... OK
* checking compiled code ... WARNING
Note: information on .o files is not available
File ‘/home/biocbuild/bbs-3.17-bioc/R/library/deepSNV/libs/deepSNV.so’:
  Found ‘__sprintf_chk’, possibly from ‘sprintf’ (C)
  Found ‘abort’, possibly from ‘abort’ (C)
  Found ‘exit’, possibly from ‘exit’ (C)
  Found ‘stderr’, possibly from ‘stderr’ (C)
  Found ‘stdout’, possibly from ‘stdout’ (C)

Compiled code should not call entry points which might terminate R nor
write to stdout/stderr instead of to the console, nor use Fortran I/O
nor system RNGs nor [v]sprintf. The detected symbols are linked into
the code but might come from libraries and not actually be called.

See ‘Writing portable packages’ in the ‘Writing R Extensions’ manual.
* checking files in ‘vignettes’ ... OK
* checking examples ... OK
Examples with CPU (user + system) or elapsed time > 5s
     user system elapsed
RCC 5.974  0.108   6.082
* checking for unstated dependencies in vignettes ... OK
* checking package vignettes in ‘inst/doc’ ... OK
* checking running R code from vignettes ...
  ‘shearwaterML.Rmd’... OK
  ‘deepSNV.Rnw’... OK
  ‘shearwater.Rnw’... OK
 NONE
* checking re-building of vignette outputs ... OK
* checking PDF version of manual ... OK
* DONE

Status: 1 WARNING, 5 NOTEs
See
  ‘/home/biocbuild/bbs-3.17-bioc/meat/deepSNV.Rcheck/00check.log’
for details.



Installation output

deepSNV.Rcheck/00install.out

##############################################################################
##############################################################################
###
### Running command:
###
###   /home/biocbuild/bbs-3.17-bioc/R/bin/R CMD INSTALL deepSNV
###
##############################################################################
##############################################################################


* installing to library ‘/home/biocbuild/bbs-3.17-bioc/R/library’
* installing *source* package ‘deepSNV’ ...
** using staged installation
** libs
using C compiler: ‘gcc (Ubuntu 11.3.0-1ubuntu1~22.04) 11.3.0’
using C++ compiler: ‘g++ (Ubuntu 11.3.0-1ubuntu1~22.04) 11.3.0’
g++ -std=gnu++14 -I"/home/biocbuild/bbs-3.17-bioc/R/include" -DNDEBUG -D_FILE_OFFSET_BITS=64 -I'/home/biocbuild/bbs-3.17-bioc/R/library/Rhtslib/include' -I/usr/local/include    -fpic  -g -O2  -Wall -c bam2R.cpp -o bam2R.o
gcc -I"/home/biocbuild/bbs-3.17-bioc/R/include" -DNDEBUG -D_FILE_OFFSET_BITS=64 -I'/home/biocbuild/bbs-3.17-bioc/R/library/Rhtslib/include' -I/usr/local/include    -fpic  -g -O2  -Wall -c betabinom.c -o betabinom.o
betabinom.c: In function ‘pbb’:
betabinom.c:27:16: warning: unused variable ‘log’ [-Wunused-variable]
   27 |         int i, log=0;
      |                ^~~
g++ -std=gnu++14 -shared -L/home/biocbuild/bbs-3.17-bioc/R/lib -L/usr/local/lib -o deepSNV.so bam2R.o betabinom.o /home/biocbuild/bbs-3.17-bioc/R/library/Rhtslib/usrlib/libhts.a -lcurl -L/home/biocbuild/bbs-3.17-bioc/R/lib -lR
installing to /home/biocbuild/bbs-3.17-bioc/R/library/00LOCK-deepSNV/00new/deepSNV/libs
** R
** data
** inst
** byte-compile and prepare package for lazy loading
** help
*** installing help indices
** building package indices
** installing vignettes
** testing if installed package can be loaded from temporary location
** checking absolute paths in shared objects and dynamic libraries
** testing if installed package can be loaded from final location
** testing if installed package keeps a record of temporary installation path
* DONE (deepSNV)

Tests output


Example timings

deepSNV.Rcheck/deepSNV-Ex.timings

nameusersystemelapsed
Extract-methods0.0100.0000.009
RCC5.9740.1086.082
RF0.0030.0010.005
bam2R0.0160.0090.027
betabinLRT000
consensusSequence-methods0.0180.0000.018
control-methods0.0050.0000.005
coordinates-methods0.0040.0000.004
counts0.020.000.02
deepSNV-class1.4050.0191.426
deepSNV-methods0.3460.0040.350
deepSNV-package0.2940.0080.302
estimateDirichlet-methods2.7610.0562.820
estimateDispersion-methods2.8090.0252.834
makePrior000
manhattanPlot1.3090.0111.321
normalize-methods2.3220.0122.334
p.combine0.7510.0120.763
p.val-methods0.0040.0000.004
phiX2.6440.0212.664
pi0.4660.0080.475
plot.deepSNV0.1740.0160.191
repeatMask-methods0.8210.0920.914
shearwater0.5800.0520.631
show-deepSNV-method0.1800.0240.205
summary-methods0.3060.0040.311
test-methods0.0030.0010.004
trueSNVs0.0090.0060.014