Back to Multiple platform build/check report for BioC 3.15
AB[C]DEFGHIJKLMNOPQRSTUVWXYZ

This page was generated on 2022-01-26 11:07:23 -0500 (Wed, 26 Jan 2022).

HostnameOSArch (*)R versionInstalled pkgs
nebbiolo1Linux (Ubuntu 20.04.4 LTS)x86_64R Under development (unstable) (2022-01-05 r81451) -- "Unsuffered Consequences" 4164
riesling1Windows Server 2019 Standardx64R Under development (unstable) (2021-11-21 r81221) -- "Unsuffered Consequences" 4059
palomino3Windows Server 2022 Datacenterx64R Under development (unstable) (2021-12-21 r81400 ucrt) -- "Unsuffered Consequences" 4001
merida1macOS 10.14.6 Mojavex86_64R Under development (unstable) (2022-01-05 r81451) -- "Unsuffered Consequences" 4118
Click on any hostname to see more info about the system (e.g. compilers)      (*) as reported by 'uname -p', except on Windows and Mac OS X

CHECK results for compEpiTools on riesling1


To the developers/maintainers of the compEpiTools package:
- Please allow up to 24 hours (and sometimes 48 hours) for your latest push to git@git.bioconductor.org:packages/compEpiTools.git to
reflect on this report. See How and When does the builder pull? When will my changes propagate? here for more information.
- Make sure to use the following settings in order to reproduce any error or warning you see on this page.

raw results

Package 379/2075HostnameOS / ArchINSTALLBUILDCHECKBUILD BIN
compEpiTools 1.29.2  (landing page)
Kamal Kishore
Snapshot Date: 2022-01-25 13:55:17 -0500 (Tue, 25 Jan 2022)
git_url: https://git.bioconductor.org/packages/compEpiTools
git_branch: master
git_last_commit: 20988a4
git_last_commit_date: 2021-11-20 23:28:21 -0500 (Sat, 20 Nov 2021)
nebbiolo1Linux (Ubuntu 20.04.4 LTS) / x86_64  OK    OK    ERROR  
riesling1Windows Server 2019 Standard / x64  OK    OK    ERROR    OK  
palomino3Windows Server 2022 Datacenter / x64  OK    OK    ERROR    OK  
merida1macOS 10.14.6 Mojave / x86_64  OK    OK    ERROR    OK  

Summary

Package: compEpiTools
Version: 1.29.2
Command: D:\biocbuild\bbs-3.15-bioc\R\bin\R.exe CMD check --no-multiarch --install=check:compEpiTools.install-out.txt --library=D:\biocbuild\bbs-3.15-bioc\R\library --no-vignettes --timings compEpiTools_1.29.2.tar.gz
StartedAt: 2022-01-25 18:39:40 -0500 (Tue, 25 Jan 2022)
EndedAt: 2022-01-25 18:44:39 -0500 (Tue, 25 Jan 2022)
EllapsedTime: 299.4 seconds
RetCode: 1
Status:   ERROR  
CheckDir: compEpiTools.Rcheck
Warnings: NA

Command output

##############################################################################
##############################################################################
###
### Running command:
###
###   D:\biocbuild\bbs-3.15-bioc\R\bin\R.exe CMD check --no-multiarch --install=check:compEpiTools.install-out.txt --library=D:\biocbuild\bbs-3.15-bioc\R\library --no-vignettes --timings compEpiTools_1.29.2.tar.gz
###
##############################################################################
##############################################################################


* using log directory 'D:/biocbuild/bbs-3.15-bioc/meat/compEpiTools.Rcheck'
* using R Under development (unstable) (2021-11-21 r81221)
* using platform: x86_64-w64-mingw32 (64-bit)
* using session charset: ISO8859-1
* using option '--no-vignettes'
* checking for file 'compEpiTools/DESCRIPTION' ... OK
* checking extension type ... Package
* this is package 'compEpiTools' version '1.29.2'
* checking package namespace information ... OK
* checking package dependencies ... OK
* checking if this is a source package ... OK
* checking if there is a namespace ... OK
* checking for hidden files and directories ... OK
* checking for portable file names ... OK
* checking whether package 'compEpiTools' can be installed ... WARNING
Found the following significant warnings:
  Warning: Package 'compEpiTools' is deprecated and will be removed from
See 'D:/biocbuild/bbs-3.15-bioc/meat/compEpiTools.Rcheck/00install.out' for details.
* checking installed package size ... OK
* checking package directory ... OK
* checking 'build' directory ... OK
* checking DESCRIPTION meta-information ... OK
* checking top-level files ... OK
* checking for left-over files ... OK
* checking index information ... OK
* checking package subdirectories ... OK
* checking R files for non-ASCII characters ... OK
* checking R files for syntax errors ... OK
* checking whether the package can be loaded ... OK
* checking whether the package can be loaded with stated dependencies ... OK
* checking whether the package can be unloaded cleanly ... OK
* checking whether the namespace can be loaded with stated dependencies ... OK
* checking whether the namespace can be unloaded cleanly ... OK
* checking dependencies in R code ... OK
* checking S3 generic/method consistency ... OK
* checking replacement functions ... OK
* checking foreign function calls ... OK
* checking R code for possible problems ... NOTE
TSS: no visible global function definition for 'end<-'
TSS: no visible global function definition for 'start<-'
findLncRNA: no visible global function definition for 'start<-'
findLncRNA: no visible global function definition for 'end<-'
findLncRNA: no visible global function definition for 'IRanges'
stallingIndex : getBound: no visible global function definition for
  'start<-'
stallingIndex : getBound: no visible global function definition for
  'end<-'
stallingIndex: no visible global function definition for 'IRanges'
topGOres : <anonymous>: no visible global function definition for
  'ggplot'
topGOres : <anonymous>: no visible global function definition for 'aes'
topGOres : <anonymous>: no visible binding for global variable
  'Significant'
topGOres : <anonymous>: no visible binding for global variable 'P_val'
topGOres : <anonymous>: no visible global function definition for
  'geom_bar'
topGOres : <anonymous>: no visible global function definition for
  'coord_flip'
topGOres : <anonymous>: no visible global function definition for
  'ylab'
ucsc2GRanges: no visible global function definition for 'IRanges'
GR2fasta,GRanges: no visible global function definition for
  'seqlengths'
GR2fasta,GRanges: no visible global function definition for
  'seqlengths<-'
GR2fasta,GRanges: no visible global function definition for 'trim'
GRangesInPromoters,GRanges: no visible global function definition for
  'start<-'
GRannotate,GRanges: no visible global function definition for 'start<-'
GRannotate,GRanges: no visible global function definition for 'end<-'
GRcoverageSummit,GRanges: no visible global function definition for
  'start<-'
GRcoverageSummit,GRanges: no visible global function definition for
  'end<-'
GRmidpoint,GRanges: no visible global function definition for 'start<-'
GRmidpoint,GRanges: no visible global function definition for 'end<-'
GRsetwidth,GRanges: no visible global function definition for 'start<-'
GRsetwidth,GRanges: no visible global function definition for 'end<-'
countOverlapsInBins,GRanges: no visible global function definition for
  'IRanges'
featuresLength,TxDb: no visible global function definition for 'reduce'
getPromoterClass,TxDb: no visible binding for global variable 'txdb'
getPromoterClass,TxDb: no visible global function definition for
  'start<-'
getPromoterClass,TxDb: no visible global function definition for
  'clusterApplyLB'
getPromoterClass,TxDb: no visible global function definition for
  'stopCluster'
makeGtfFromDb,TxDb: no visible global function definition for 'reduce'
matchEnhancers,GRanges: no visible global function definition for
  'distanceToNearest'
matchEnhancers,GRanges: no visible global function definition for
  'IRanges'
Undefined global functions or variables:
  IRanges P_val Significant aes clusterApplyLB coord_flip
  distanceToNearest end<- geom_bar ggplot reduce seqlengths
  seqlengths<- start<- stopCluster trim txdb ylab
* checking Rd files ... OK
* checking Rd metadata ... OK
* checking Rd cross-references ... OK
* checking for missing documentation entries ... OK
* checking for code/documentation mismatches ... OK
* checking Rd \usage sections ... OK
* checking Rd contents ... OK
* checking for unstated dependencies in examples ... OK
* checking files in 'vignettes' ... OK
* checking examples ... ERROR
Running examples in 'compEpiTools-Ex.R' failed
The error most likely occurred in:

> base::assign(".ptime", proc.time(), pos = "CheckExEnv")
> ### Name: getPromoterClass
> ### Title: Determining the CpG promoter class and the average CpG content
> ### Aliases: getPromoterClass getPromoterClass-methods
> ###   getPromoterClass,TxDb-method
> ### Keywords: methods
> 
> ### ** Examples
> 
> require(BSgenome.Mmusculus.UCSC.mm9)
Loading required package: BSgenome.Mmusculus.UCSC.mm9
Loading required package: BSgenome
Loading required package: Biostrings
Loading required package: XVector

Attaching package: 'Biostrings'

The following object is masked from 'package:graph':

    complement

The following object is masked from 'package:base':

    strsplit

Loading required package: rtracklayer
> require(TxDb.Mmusculus.UCSC.mm9.knownGene)
Loading required package: TxDb.Mmusculus.UCSC.mm9.knownGene
Loading required package: GenomicFeatures

Attaching package: 'GenomicFeatures'

The following object is masked from 'package:topGO':

    genes

> txdb <- TxDb.Mmusculus.UCSC.mm9.knownGene
> isActiveSeq(txdb) <- c(rep(FALSE,20), TRUE, rep(FALSE, 14))
> allpromoter <- getPromoterClass(txdb, Nproc=1, org=Mmusculus)
Error in clusterApplyLB(cl, chrs, pcChr, tssGR = tssGR, ORG = org) : 
  could not find function "clusterApplyLB"
Calls: getPromoterClass -> getPromoterClass
Execution halted
* checking for unstated dependencies in vignettes ... OK
* checking package vignettes in 'inst/doc' ... OK
* checking running R code from vignettes ... SKIPPED
* checking re-building of vignette outputs ... SKIPPED
* checking PDF version of manual ... OK
* DONE

Status: 1 ERROR, 1 WARNING, 1 NOTE
See
  'D:/biocbuild/bbs-3.15-bioc/meat/compEpiTools.Rcheck/00check.log'
for details.


Installation output

compEpiTools.Rcheck/00install.out

##############################################################################
##############################################################################
###
### Running command:
###
###   D:\biocbuild\bbs-3.15-bioc\R\bin\R.exe CMD INSTALL compEpiTools
###
##############################################################################
##############################################################################


* installing to library 'D:/biocbuild/bbs-3.15-bioc/R/library'
* installing *source* package 'compEpiTools' ...
** using staged installation
** R
** inst
** byte-compile and prepare package for lazy loading

groupGOTerms: 	GOBPTerm, GOMFTerm, GOCCTerm environments built.
No methods found in package 'BiocGenerics' for requests: 'clusterApplyLB', 'clusterEvalQ' when loading 'methylPipe'
No methods found in package 'BiocGenerics' for requests: 'clusterApplyLB', 'clusterEvalQ' when loading 'compEpiTools'
** help
*** installing help indices
  converting help for package 'compEpiTools'
    finding HTML links ... done
    GR2fasta-methods                        html  
    GRanges2ucsc-methods                    html  
    GRangesInPromoters-methods              html  
    GRannotate-methods                      html  
    GRannotateSimple                        html  
    GRbaseCoverage-methods                  html  
    GRcoverage-methods                      html  
    GRcoverageSummit-methods                html  
    GRenrichment-methods                    html  
    GRmidpoint-methods                      html  
    GRsetwidth                              html  
    TSS                                     html  
    compEpiTools-package                    html  
    countOverlapsInBins-methods             html  
    distanceFromTSS-methods                 html  
    enhancers                               html  
    findLncRNA                              html  
    getPromoterClass-methods                html  
    finding level-2 HTML links ... done

    heatmapData                             html  
    heatmapPlot                             html  
    makeGtfFromDb                           html  
    matchEnhancers                          html  
    overlapOfGRanges-methods                html  
    palette2d                               html  
    plotStallingIndex                       html  
    simplifyGOterms                         html  
    stallingIndex                           html  
    topGOres                                html  
    ucsc2GRanges                            html  
    unionMaxScore-methods                   html  
** building package indices
** installing vignettes
** testing if installed package can be loaded from temporary location

groupGOTerms: 	GOBPTerm, GOMFTerm, GOCCTerm environments built.
No methods found in package 'BiocGenerics' for requests: 'clusterApplyLB', 'clusterEvalQ' when loading 'methylPipe'
No methods found in package 'BiocGenerics' for requests: 'clusterApplyLB', 'clusterEvalQ' when loading 'compEpiTools'
Warning: Package 'compEpiTools' is deprecated and will be removed from
  Bioconductor version 3.16
** testing if installed package can be loaded from final location

groupGOTerms: 	GOBPTerm, GOMFTerm, GOCCTerm environments built.
No methods found in package 'BiocGenerics' for requests: 'clusterApplyLB', 'clusterEvalQ' when loading 'methylPipe'
No methods found in package 'BiocGenerics' for requests: 'clusterApplyLB', 'clusterEvalQ' when loading 'compEpiTools'
Warning: Package 'compEpiTools' is deprecated and will be removed from
  Bioconductor version 3.16
** testing if installed package keeps a record of temporary installation path
* DONE (compEpiTools)
Making 'packages.html' ...Warning in packageDescription(i, lib.loc = lib, fields = "Title", encoding = "UTF-8") :
  DESCRIPTION file of package 'MEAL' is missing or broken
Warning in packageDescription(i, lib.loc = lib, fields = "Title", encoding = "UTF-8") :
  DESCRIPTION file of package 'methylGSA' is missing or broken
 done

Tests output


Example timings

compEpiTools.Rcheck/compEpiTools-Ex.timings

nameusersystemelapsed
GR2fasta-methods0.530.050.57
GRanges2ucsc-methods000
GRangesInPromoters-methods2.820.102.92
GRannotate-methods3.450.023.47
GRannotateSimple0.670.040.71
GRbaseCoverage-methods0.110.000.11
GRcoverage-methods0.130.000.13
GRcoverageSummit-methods0.060.000.07
GRenrichment-methods0.100.000.09
GRmidpoint-methods0.010.000.02
GRsetwidth0.050.000.04
TSS1.560.051.61
countOverlapsInBins-methods0.140.000.14
distanceFromTSS-methods3.110.033.14
enhancers0.310.080.39
findLncRNA0.800.110.91