Back to Multiple platform build/check report for BioC 3.15
AB[C]DEFGHIJKLMNOPQRSTUVWXYZ

This page was generated on 2022-01-18 11:06:58 -0500 (Tue, 18 Jan 2022).

HostnameOSArch (*)R versionInstalled pkgs
nebbiolo1Linux (Ubuntu 20.04.4 LTS)x86_64R Under development (unstable) (2022-01-05 r81451) -- "Unsuffered Consequences" 4161
riesling1Windows Server 2019 Standardx64R Under development (unstable) (2021-11-21 r81221) -- "Unsuffered Consequences" 4056
palomino3Windows Server 2022 Datacenterx64R Under development (unstable) (2021-12-21 r81400 ucrt) -- "Unsuffered Consequences" 3998
merida1macOS 10.14.6 Mojavex86_64R Under development (unstable) (2022-01-05 r81451) -- "Unsuffered Consequences" 4115
Click on any hostname to see more info about the system (e.g. compilers)      (*) as reported by 'uname -p', except on Windows and Mac OS X

CHECK results for chromPlot on riesling1


To the developers/maintainers of the chromPlot package:
- Please allow up to 24 hours (and sometimes 48 hours) for your latest push to git@git.bioconductor.org:packages/chromPlot.git to
reflect on this report. See How and When does the builder pull? When will my changes propagate? here for more information.
- Make sure to use the following settings in order to reproduce any error or warning you see on this page.

raw results

Package 309/2074HostnameOS / ArchINSTALLBUILDCHECKBUILD BIN
chromPlot 1.23.0  (landing page)
Karen Y. Orostica
Snapshot Date: 2022-01-17 13:55:17 -0500 (Mon, 17 Jan 2022)
git_url: https://git.bioconductor.org/packages/chromPlot
git_branch: master
git_last_commit: 472b15f
git_last_commit_date: 2021-10-26 12:25:40 -0500 (Tue, 26 Oct 2021)
nebbiolo1Linux (Ubuntu 20.04.4 LTS) / x86_64  OK    OK    OK  UNNEEDED, same version is already published
riesling1Windows Server 2019 Standard / x64  OK    OK    WARNINGS    OK  
palomino3Windows Server 2022 Datacenter / x64  OK    OK    WARNINGS    OK  NO, package depends on 'biomaRt' which is not available
merida1macOS 10.14.6 Mojave / x86_64  OK    OK    OK    OK  UNNEEDED, same version is already published

Summary

Package: chromPlot
Version: 1.23.0
Command: D:\biocbuild\bbs-3.15-bioc\R\bin\R.exe CMD check --no-multiarch --install=check:chromPlot.install-out.txt --library=D:\biocbuild\bbs-3.15-bioc\R\library --no-vignettes --timings chromPlot_1.23.0.tar.gz
StartedAt: 2022-01-17 18:34:05 -0500 (Mon, 17 Jan 2022)
EndedAt: 2022-01-17 18:35:54 -0500 (Mon, 17 Jan 2022)
EllapsedTime: 108.5 seconds
RetCode: 0
Status:   WARNINGS  
CheckDir: chromPlot.Rcheck
Warnings: 1

Command output

##############################################################################
##############################################################################
###
### Running command:
###
###   D:\biocbuild\bbs-3.15-bioc\R\bin\R.exe CMD check --no-multiarch --install=check:chromPlot.install-out.txt --library=D:\biocbuild\bbs-3.15-bioc\R\library --no-vignettes --timings chromPlot_1.23.0.tar.gz
###
##############################################################################
##############################################################################


* using log directory 'D:/biocbuild/bbs-3.15-bioc/meat/chromPlot.Rcheck'
* using R Under development (unstable) (2021-11-21 r81221)
* using platform: x86_64-w64-mingw32 (64-bit)
* using session charset: ISO8859-1
* using option '--no-vignettes'
* checking for file 'chromPlot/DESCRIPTION' ... OK
* checking extension type ... Package
* this is package 'chromPlot' version '1.23.0'
* checking package namespace information ... OK
* checking package dependencies ... OK
* checking if this is a source package ... OK
* checking if there is a namespace ... OK
* checking for hidden files and directories ... OK
* checking for portable file names ... OK
* checking whether package 'chromPlot' can be installed ... WARNING
Found the following significant warnings:
  Warning: replacing previous import 'grDevices::windows' by 'GenomicRanges::windows' when loading 'chromPlot'
See 'D:/biocbuild/bbs-3.15-bioc/meat/chromPlot.Rcheck/00install.out' for details.
* checking installed package size ... OK
* checking package directory ... OK
* checking 'build' directory ... OK
* checking DESCRIPTION meta-information ... OK
* checking top-level files ... OK
* checking for left-over files ... OK
* checking index information ... OK
* checking package subdirectories ... OK
* checking R files for non-ASCII characters ... OK
* checking R files for syntax errors ... OK
* checking whether the package can be loaded ... OK
* checking whether the package can be loaded with stated dependencies ... OK
* checking whether the package can be unloaded cleanly ... OK
* checking whether the namespace can be loaded with stated dependencies ... OK
* checking whether the namespace can be unloaded cleanly ... OK
* checking dependencies in R code ... OK
* checking S3 generic/method consistency ... OK
* checking replacement functions ... OK
* checking foreign function calls ... OK
* checking R code for possible problems ... OK
* checking Rd files ... OK
* checking Rd metadata ... OK
* checking Rd cross-references ... OK
* checking for missing documentation entries ... OK
* checking for code/documentation mismatches ... OK
* checking Rd \usage sections ... OK
* checking Rd contents ... OK
* checking for unstated dependencies in examples ... OK
* checking contents of 'data' directory ... OK
* checking data for non-ASCII characters ... OK
* checking LazyData ... OK
* checking data for ASCII and uncompressed saves ... OK
* checking files in 'vignettes' ... OK
* checking examples ... OK
* checking for unstated dependencies in vignettes ... OK
* checking package vignettes in 'inst/doc' ... OK
* checking running R code from vignettes ... SKIPPED
* checking re-building of vignette outputs ... SKIPPED
* checking PDF version of manual ... OK
* DONE

Status: 1 WARNING
See
  'D:/biocbuild/bbs-3.15-bioc/meat/chromPlot.Rcheck/00check.log'
for details.



Installation output

chromPlot.Rcheck/00install.out

##############################################################################
##############################################################################
###
### Running command:
###
###   D:\biocbuild\bbs-3.15-bioc\R\bin\R.exe CMD INSTALL chromPlot
###
##############################################################################
##############################################################################


* installing to library 'D:/biocbuild/bbs-3.15-bioc/R/library'
* installing *source* package 'chromPlot' ...
** using staged installation
** R
** data
*** moving datasets to lazyload DB
** inst
** byte-compile and prepare package for lazy loading
Warning: replacing previous import 'grDevices::windows' by 'GenomicRanges::windows' when loading 'chromPlot'
** help
*** installing help indices
  converting help for package 'chromPlot'
    finding HTML links ... done
    chromPlot-package                       html  
    chromPlot                               html  
    hg_cytoBandIdeo                         html  
    hg_gap                                  html  
    mm10_cytoBandIdeo                       html  
    mm10_gap                                html  
** building package indices
** installing vignettes
** testing if installed package can be loaded from temporary location
Warning: replacing previous import 'grDevices::windows' by 'GenomicRanges::windows' when loading 'chromPlot'
** testing if installed package can be loaded from final location
Warning: replacing previous import 'grDevices::windows' by 'GenomicRanges::windows' when loading 'chromPlot'
** testing if installed package keeps a record of temporary installation path
* DONE (chromPlot)
Making 'packages.html' ... done

Tests output


Example timings

chromPlot.Rcheck/chromPlot-Ex.timings

nameusersystemelapsed
chromPlot0.20.00.2
hg_cytoBandIdeo000
hg_gap000
mm10_cytoBandIdeo0.000.010.01
mm10_gap000