Back to Multiple platform build/check report for BioC 3.17:   simplified   long
AB[C]DEFGHIJKLMNOPQRSTUVWXYZ

This page was generated on 2023-02-06 11:05:02 -0500 (Mon, 06 Feb 2023).

HostnameOSArch (*)R versionInstalled pkgs
nebbiolo1Linux (Ubuntu 22.04.1 LTS)x86_64R Under development (unstable) (2023-01-10 r83596) -- "Unsuffered Consequences" 4483
palomino3Windows Server 2022 Datacenterx64R Under development (unstable) (2023-01-10 r83596 ucrt) -- "Unsuffered Consequences" 4249
merida1macOS 10.14.6 Mojavex86_64R Under development (unstable) (2023-01-10 r83596) -- "Unsuffered Consequences" 4272
Click on any hostname to see more info about the system (e.g. compilers)      (*) as reported by 'uname -p', except on Windows and Mac OS X

CHECK results for chromDraw on nebbiolo1


To the developers/maintainers of the chromDraw package:
- Please allow up to 24 hours (and sometimes 48 hours) for your latest push to git@git.bioconductor.org:packages/chromDraw.git to
reflect on this report. See How and When does the builder pull? When will my changes propagate? for more information.
- Make sure to use the following settings in order to reproduce any error or warning you see on this page.

raw results

Package 316/2164HostnameOS / ArchINSTALLBUILDCHECKBUILD BIN
chromDraw 2.29.0  (landing page)
Jan Janecka
Snapshot Date: 2023-02-05 14:00:11 -0500 (Sun, 05 Feb 2023)
git_url: https://git.bioconductor.org/packages/chromDraw
git_branch: master
git_last_commit: 607aea8
git_last_commit_date: 2022-11-01 11:10:54 -0500 (Tue, 01 Nov 2022)
nebbiolo1Linux (Ubuntu 22.04.1 LTS) / x86_64  OK    OK    WARNINGS  UNNEEDED, same version is already published
palomino3Windows Server 2022 Datacenter / x64  OK    OK    WARNINGS    OK  UNNEEDED, same version is already published
merida1macOS 10.14.6 Mojave / x86_64  OK    OK    WARNINGS    OK  UNNEEDED, same version is already published

Summary

Package: chromDraw
Version: 2.29.0
Command: /home/biocbuild/bbs-3.17-bioc/R/bin/R CMD check --install=check:chromDraw.install-out.txt --library=/home/biocbuild/bbs-3.17-bioc/R/library --timings chromDraw_2.29.0.tar.gz
StartedAt: 2023-02-05 19:37:38 -0500 (Sun, 05 Feb 2023)
EndedAt: 2023-02-05 19:39:00 -0500 (Sun, 05 Feb 2023)
EllapsedTime: 82.2 seconds
RetCode: 0
Status:   WARNINGS  
CheckDir: chromDraw.Rcheck
Warnings: 3

Command output

##############################################################################
##############################################################################
###
### Running command:
###
###   /home/biocbuild/bbs-3.17-bioc/R/bin/R CMD check --install=check:chromDraw.install-out.txt --library=/home/biocbuild/bbs-3.17-bioc/R/library --timings chromDraw_2.29.0.tar.gz
###
##############################################################################
##############################################################################


* using log directory ‘/home/biocbuild/bbs-3.17-bioc/meat/chromDraw.Rcheck’
* using R Under development (unstable) (2023-01-10 r83596)
* using platform: x86_64-pc-linux-gnu (64-bit)
* R was compiled by
    gcc (Ubuntu 11.3.0-1ubuntu1~22.04) 11.3.0
    GNU Fortran (Ubuntu 11.3.0-1ubuntu1~22.04) 11.3.0
* running under: Ubuntu 22.04.1 LTS
* using session charset: UTF-8
* checking for file ‘chromDraw/DESCRIPTION’ ... OK
* checking extension type ... Package
* this is package ‘chromDraw’ version ‘2.29.0’
* checking package namespace information ... OK
* checking package dependencies ... OK
* checking if this is a source package ... OK
* checking if there is a namespace ... OK
* checking for hidden files and directories ... OK
* checking for portable file names ... OK
* checking for sufficient/correct file permissions ... OK
* checking whether package ‘chromDraw’ can be installed ... WARNING
Found the following significant warnings:
  chromDrawCPP/parameters.cpp:42:37: warning: ISO C++ forbids converting a string constant to ‘char*’ [-Wwrite-strings]
  chromDrawCPP/parameters.cpp:43:65: warning: ISO C++ forbids converting a string constant to ‘char*’ [-Wwrite-strings]
  chromDrawCPP/parameters.cpp:44:65: warning: ISO C++ forbids converting a string constant to ‘char*’ [-Wwrite-strings]
  chromDrawCPP/parameters.cpp:45:65: warning: ISO C++ forbids converting a string constant to ‘char*’ [-Wwrite-strings]
  chromDrawCPP/parameters.cpp:46:65: warning: ISO C++ forbids converting a string constant to ‘char*’ [-Wwrite-strings]
  chromDrawCPP/parameters.cpp:47:65: warning: ISO C++ forbids converting a string constant to ‘char*’ [-Wwrite-strings]
See ‘/home/biocbuild/bbs-3.17-bioc/meat/chromDraw.Rcheck/00install.out’ for details.
* used C++ compiler: ‘g++ (Ubuntu 11.3.0-1ubuntu1~22.04) 11.3.0’
* checking installed package size ... OK
* checking package directory ... OK
* checking ‘build’ directory ... OK
* checking DESCRIPTION meta-information ... NOTE
Malformed Title field: should not end in a period.
* checking top-level files ... OK
* checking for left-over files ... OK
* checking index information ... OK
* checking package subdirectories ... OK
* checking R files for non-ASCII characters ... OK
* checking R files for syntax errors ... OK
* checking whether the package can be loaded ... OK
* checking whether the package can be loaded with stated dependencies ... OK
* checking whether the package can be unloaded cleanly ... OK
* checking whether the namespace can be loaded with stated dependencies ... OK
* checking whether the namespace can be unloaded cleanly ... OK
* checking dependencies in R code ... OK
* checking S3 generic/method consistency ... OK
* checking replacement functions ... OK
* checking foreign function calls ... OK
* checking R code for possible problems ... OK
* checking Rd files ... OK
* checking Rd metadata ... OK
* checking Rd cross-references ... OK
* checking for missing documentation entries ... OK
* checking for code/documentation mismatches ... OK
* checking Rd \usage sections ... OK
* checking Rd contents ... OK
* checking for unstated dependencies in examples ... OK
* checking line endings in C/C++/Fortran sources/headers ... OK
* checking line endings in Makefiles ... OK
* checking compilation flags in Makevars ... WARNING
Non-portable flags in variable 'PKG_CPPFLAGS':
  -isystem -isystem
* checking for GNU extensions in Makefiles ... WARNING
Found the following file(s) containing GNU extensions:
  src/Makevars
Portable Makefiles do not use GNU extensions such as +=, :=, $(shell),
$(wildcard), ifeq ... endif, .NOTPARALLEL See section ‘Writing portable
packages’ in the ‘Writing R Extensions’ manual.
* checking for portable use of $(BLAS_LIBS) and $(LAPACK_LIBS) ... OK
* checking use of PKG_*FLAGS in Makefiles ... OK
* checking compiled code ... NOTE
Note: information on .o files is not available
File ‘/home/biocbuild/bbs-3.17-bioc/R/library/chromDraw/libs/chromDraw.so’:
  Found ‘_ZSt4cerr’, possibly from ‘std::cerr’ (C++)
  Found ‘_ZSt4cout’, possibly from ‘std::cout’ (C++)

Compiled code should not call entry points which might terminate R nor
write to stdout/stderr instead of to the console, nor use Fortran I/O
nor system RNGs nor [v]sprintf. The detected symbols are linked into
the code but might come from libraries and not actually be called.

See ‘Writing portable packages’ in the ‘Writing R Extensions’ manual.
* checking files in ‘vignettes’ ... OK
* checking examples ... OK
* checking for unstated dependencies in vignettes ... OK
* checking package vignettes in ‘inst/doc’ ... OK
* checking running R code from vignettes ...
  ‘chromDraw.Rnw’... OK
 OK
* checking re-building of vignette outputs ... OK
* checking PDF version of manual ... OK
* DONE

Status: 3 WARNINGs, 2 NOTEs
See
  ‘/home/biocbuild/bbs-3.17-bioc/meat/chromDraw.Rcheck/00check.log’
for details.



Installation output

chromDraw.Rcheck/00install.out

##############################################################################
##############################################################################
###
### Running command:
###
###   /home/biocbuild/bbs-3.17-bioc/R/bin/R CMD INSTALL chromDraw
###
##############################################################################
##############################################################################


* installing to library ‘/home/biocbuild/bbs-3.17-bioc/R/library’
* installing *source* package ‘chromDraw’ ...
** using staged installation
** libs
using C++ compiler: ‘g++ (Ubuntu 11.3.0-1ubuntu1~22.04) 11.3.0’
g++ -std=gnu++14 -I"/home/biocbuild/bbs-3.17-bioc/R/include" -DNDEBUG -isystem ./libBoard/include -isystem ./chromDrawCPP -I'/home/biocbuild/bbs-3.17-bioc/R/library/Rcpp/include' -I/usr/local/include    -fpic  -g -O2  -Wall -c chromDraw.cpp -o chromDraw.o
g++ -std=gnu++14 -I"/home/biocbuild/bbs-3.17-bioc/R/include" -DNDEBUG -isystem ./libBoard/include -isystem ./chromDrawCPP -I'/home/biocbuild/bbs-3.17-bioc/R/library/Rcpp/include' -I/usr/local/include    -fpic  -g -O2  -Wall -c RcppExports.cpp -o RcppExports.o
g++ -std=gnu++14 -I"/home/biocbuild/bbs-3.17-bioc/R/include" -DNDEBUG -isystem ./libBoard/include -isystem ./chromDrawCPP -I'/home/biocbuild/bbs-3.17-bioc/R/library/Rcpp/include' -I/usr/local/include    -fpic  -g -O2  -Wall -c libBoard/src/Board.cpp -o libBoard/src/Board.o
g++ -std=gnu++14 -I"/home/biocbuild/bbs-3.17-bioc/R/include" -DNDEBUG -isystem ./libBoard/include -isystem ./chromDrawCPP -I'/home/biocbuild/bbs-3.17-bioc/R/library/Rcpp/include' -I/usr/local/include    -fpic  -g -O2  -Wall -c libBoard/src/Color.cpp -o libBoard/src/Color.o
g++ -std=gnu++14 -I"/home/biocbuild/bbs-3.17-bioc/R/include" -DNDEBUG -isystem ./libBoard/include -isystem ./chromDrawCPP -I'/home/biocbuild/bbs-3.17-bioc/R/library/Rcpp/include' -I/usr/local/include    -fpic  -g -O2  -Wall -c libBoard/src/PSFonts.cpp -o libBoard/src/PSFonts.o
g++ -std=gnu++14 -I"/home/biocbuild/bbs-3.17-bioc/R/include" -DNDEBUG -isystem ./libBoard/include -isystem ./chromDrawCPP -I'/home/biocbuild/bbs-3.17-bioc/R/library/Rcpp/include' -I/usr/local/include    -fpic  -g -O2  -Wall -c libBoard/src/Path.cpp -o libBoard/src/Path.o
g++ -std=gnu++14 -I"/home/biocbuild/bbs-3.17-bioc/R/include" -DNDEBUG -isystem ./libBoard/include -isystem ./chromDrawCPP -I'/home/biocbuild/bbs-3.17-bioc/R/library/Rcpp/include' -I/usr/local/include    -fpic  -g -O2  -Wall -c libBoard/src/Rect.cpp -o libBoard/src/Rect.o
g++ -std=gnu++14 -I"/home/biocbuild/bbs-3.17-bioc/R/include" -DNDEBUG -isystem ./libBoard/include -isystem ./chromDrawCPP -I'/home/biocbuild/bbs-3.17-bioc/R/library/Rcpp/include' -I/usr/local/include    -fpic  -g -O2  -Wall -c libBoard/src/ShapeList.cpp -o libBoard/src/ShapeList.o
g++ -std=gnu++14 -I"/home/biocbuild/bbs-3.17-bioc/R/include" -DNDEBUG -isystem ./libBoard/include -isystem ./chromDrawCPP -I'/home/biocbuild/bbs-3.17-bioc/R/library/Rcpp/include' -I/usr/local/include    -fpic  -g -O2  -Wall -c libBoard/src/Shapes.cpp -o libBoard/src/Shapes.o
g++ -std=gnu++14 -I"/home/biocbuild/bbs-3.17-bioc/R/include" -DNDEBUG -isystem ./libBoard/include -isystem ./chromDrawCPP -I'/home/biocbuild/bbs-3.17-bioc/R/library/Rcpp/include' -I/usr/local/include    -fpic  -g -O2  -Wall -c libBoard/src/Tools.cpp -o libBoard/src/Tools.o
g++ -std=gnu++14 -I"/home/biocbuild/bbs-3.17-bioc/R/include" -DNDEBUG -isystem ./libBoard/include -isystem ./chromDrawCPP -I'/home/biocbuild/bbs-3.17-bioc/R/library/Rcpp/include' -I/usr/local/include    -fpic  -g -O2  -Wall -c libBoard/src/Transforms.cpp -o libBoard/src/Transforms.o
g++ -std=gnu++14 -I"/home/biocbuild/bbs-3.17-bioc/R/include" -DNDEBUG -isystem ./libBoard/include -isystem ./chromDrawCPP -I'/home/biocbuild/bbs-3.17-bioc/R/library/Rcpp/include' -I/usr/local/include    -fpic  -g -O2  -Wall -c chromDrawCPP/canvas.cpp -o chromDrawCPP/canvas.o
chromDrawCPP/canvas.cpp: In member function ‘void canvas::lin_drawRectangleMarkSign(int, canvas::ELocationOnChromosome, int)’:
chromDrawCPP/canvas.cpp:369:68: warning: ‘coordinate_y’ may be used uninitialized [-Wmaybe-uninitialized]
  369 |         sheet.drawRectangle(last_x-0.5*sizefactor*MARK_WIDTHSIZE1, coordinate_y+0.5*sizefactor*MARK_HEIGHTSIZE1, sizefactor*MARK_WIDTHSIZE1, sizefactor*MARK_HEIGHTSIZE1);
      |                                                                    ^~~~~~~~~~~~
chromDrawCPP/canvas.cpp: In member function ‘void canvas::lin_drawEllipseMarkSign(int, canvas::ELocationOnChromosome, int)’:
chromDrawCPP/canvas.cpp:446:26: warning: ‘coordinate_y’ may be used uninitialized [-Wmaybe-uninitialized]
  446 |         sheet.drawEllipse(last_x,coordinate_y, sizefactor*MARK_WIDTHSIZE1/2.0,sizefactor*MARK_HEIGHTSIZE1);
      |         ~~~~~~~~~~~~~~~~~^~~~~~~~~~~~~~~~~~~~~~~~~~~~~~~~~~~~~~~~~~~~~~~~~~~~~~~~~~~~~~~~~~~~~~~~~~~~~~~~~
g++ -std=gnu++14 -I"/home/biocbuild/bbs-3.17-bioc/R/include" -DNDEBUG -isystem ./libBoard/include -isystem ./chromDrawCPP -I'/home/biocbuild/bbs-3.17-bioc/R/library/Rcpp/include' -I/usr/local/include    -fpic  -g -O2  -Wall -c chromDrawCPP/chBlock.cpp -o chromDrawCPP/chBlock.o
g++ -std=gnu++14 -I"/home/biocbuild/bbs-3.17-bioc/R/include" -DNDEBUG -isystem ./libBoard/include -isystem ./chromDrawCPP -I'/home/biocbuild/bbs-3.17-bioc/R/library/Rcpp/include' -I/usr/local/include    -fpic  -g -O2  -Wall -c chromDrawCPP/chCentromere.cpp -o chromDrawCPP/chCentromere.o
g++ -std=gnu++14 -I"/home/biocbuild/bbs-3.17-bioc/R/include" -DNDEBUG -isystem ./libBoard/include -isystem ./chromDrawCPP -I'/home/biocbuild/bbs-3.17-bioc/R/library/Rcpp/include' -I/usr/local/include    -fpic  -g -O2  -Wall -c chromDrawCPP/chromosome.cpp -o chromDrawCPP/chromosome.o
g++ -std=gnu++14 -I"/home/biocbuild/bbs-3.17-bioc/R/include" -DNDEBUG -isystem ./libBoard/include -isystem ./chromDrawCPP -I'/home/biocbuild/bbs-3.17-bioc/R/library/Rcpp/include' -I/usr/local/include    -fpic  -g -O2  -Wall -c chromDrawCPP/chromosomeElement.cpp -o chromDrawCPP/chromosomeElement.o
g++ -std=gnu++14 -I"/home/biocbuild/bbs-3.17-bioc/R/include" -DNDEBUG -isystem ./libBoard/include -isystem ./chromDrawCPP -I'/home/biocbuild/bbs-3.17-bioc/R/library/Rcpp/include' -I/usr/local/include    -fpic  -g -O2  -Wall -c chromDrawCPP/chromosomeMark.cpp -o chromDrawCPP/chromosomeMark.o
g++ -std=gnu++14 -I"/home/biocbuild/bbs-3.17-bioc/R/include" -DNDEBUG -isystem ./libBoard/include -isystem ./chromDrawCPP -I'/home/biocbuild/bbs-3.17-bioc/R/library/Rcpp/include' -I/usr/local/include    -fpic  -g -O2  -Wall -c chromDrawCPP/chromosomeSign.cpp -o chromDrawCPP/chromosomeSign.o
g++ -std=gnu++14 -I"/home/biocbuild/bbs-3.17-bioc/R/include" -DNDEBUG -isystem ./libBoard/include -isystem ./chromDrawCPP -I'/home/biocbuild/bbs-3.17-bioc/R/library/Rcpp/include' -I/usr/local/include    -fpic  -g -O2  -Wall -c chromDrawCPP/color.cpp -o chromDrawCPP/color.o
g++ -std=gnu++14 -I"/home/biocbuild/bbs-3.17-bioc/R/include" -DNDEBUG -isystem ./libBoard/include -isystem ./chromDrawCPP -I'/home/biocbuild/bbs-3.17-bioc/R/library/Rcpp/include' -I/usr/local/include    -fpic  -g -O2  -Wall -c chromDrawCPP/colorPalette.cpp -o chromDrawCPP/colorPalette.o
g++ -std=gnu++14 -I"/home/biocbuild/bbs-3.17-bioc/R/include" -DNDEBUG -isystem ./libBoard/include -isystem ./chromDrawCPP -I'/home/biocbuild/bbs-3.17-bioc/R/library/Rcpp/include' -I/usr/local/include    -fpic  -g -O2  -Wall -c chromDrawCPP/getOpts.cpp -o chromDrawCPP/getOpts.o
chromDrawCPP/getOpts.cpp: In member function ‘char getOpts::getOptions(int, char**, char*, char**)’:
chromDrawCPP/getOpts.cpp:47:22: warning: unused variable ‘x’ [-Wunused-variable]
   47 |                 char x = argv[argcurent][1];
      |                      ^
chromDrawCPP/getOpts.cpp:48:22: warning: unused variable ‘y’ [-Wunused-variable]
   48 |                 char y = argv[argcurent][2];
      |                      ^
chromDrawCPP/getOpts.cpp:49:22: warning: unused variable ‘o’ [-Wunused-variable]
   49 |                 char o = optv[optcurent];
      |                      ^
g++ -std=gnu++14 -I"/home/biocbuild/bbs-3.17-bioc/R/include" -DNDEBUG -isystem ./libBoard/include -isystem ./chromDrawCPP -I'/home/biocbuild/bbs-3.17-bioc/R/library/Rcpp/include' -I/usr/local/include    -fpic  -g -O2  -Wall -c chromDrawCPP/ideogram.cpp -o chromDrawCPP/ideogram.o
chromDrawCPP/ideogram.cpp: In member function ‘int ideogram::loadMatrix(std::string, std::string)’:
chromDrawCPP/ideogram.cpp:70:13: warning: ‘retVal’ may be used uninitialized in this function [-Wmaybe-uninitialized]
   70 |         int retVal;
      |             ^~~~~~
g++ -std=gnu++14 -I"/home/biocbuild/bbs-3.17-bioc/R/include" -DNDEBUG -isystem ./libBoard/include -isystem ./chromDrawCPP -I'/home/biocbuild/bbs-3.17-bioc/R/library/Rcpp/include' -I/usr/local/include    -fpic  -g -O2  -Wall -c chromDrawCPP/karyotype.cpp -o chromDrawCPP/karyotype.o
chromDrawCPP/karyotype.cpp: In member function ‘int karyotype::loadMatrix(std::ifstream*)’:
chromDrawCPP/karyotype.cpp:266:49: warning: deleting object of polymorphic class type ‘chBlock’ which has non-virtual destructor might cause undefined behavior [-Wdelete-non-virtual-dtor]
  266 |                                                 delete block;
      |                                                 ^~~~~~~~~~~~
chromDrawCPP/karyotype.cpp:274:41: warning: deleting object of polymorphic class type ‘chBlock’ which has non-virtual destructor might cause undefined behavior [-Wdelete-non-virtual-dtor]
  274 |                                         delete block;
      |                                         ^~~~~~~~~~~~
chromDrawCPP/karyotype.cpp:315:41: warning: deleting object of polymorphic class type ‘chCentromere’ which has non-virtual destructor might cause undefined behavior [-Wdelete-non-virtual-dtor]
  315 |                                         delete centromere;
      |                                         ^~~~~~~~~~~~~~~~~
chromDrawCPP/karyotype.cpp:421:49: warning: deleting object of polymorphic class type ‘markSign’ which has non-virtual destructor might cause undefined behavior [-Wdelete-non-virtual-dtor]
  421 |                                                 delete mark;
      |                                                 ^~~~~~~~~~~
chromDrawCPP/karyotype.cpp:429:41: warning: deleting object of polymorphic class type ‘markSign’ which has non-virtual destructor might cause undefined behavior [-Wdelete-non-virtual-dtor]
  429 |                                         delete mark;
      |                                         ^~~~~~~~~~~
g++ -std=gnu++14 -I"/home/biocbuild/bbs-3.17-bioc/R/include" -DNDEBUG -isystem ./libBoard/include -isystem ./chromDrawCPP -I'/home/biocbuild/bbs-3.17-bioc/R/library/Rcpp/include' -I/usr/local/include    -fpic  -g -O2  -Wall -c chromDrawCPP/markSign.cpp -o chromDrawCPP/markSign.o
g++ -std=gnu++14 -I"/home/biocbuild/bbs-3.17-bioc/R/include" -DNDEBUG -isystem ./libBoard/include -isystem ./chromDrawCPP -I'/home/biocbuild/bbs-3.17-bioc/R/library/Rcpp/include' -I/usr/local/include    -fpic  -g -O2  -Wall -c chromDrawCPP/parameters.cpp -o chromDrawCPP/parameters.o
chromDrawCPP/parameters.cpp:66:63: warning: extra tokens at end of #ifdef directive
   66 |                                                 #ifdef _WIN32 || _WIN64
      |                                                               ^~
chromDrawCPP/parameters.cpp:147:15: warning: extra tokens at end of #ifdef directive
  147 | #ifdef _WIN32 || _WIN64
      |               ^~
chromDrawCPP/parameters.cpp:159:15: warning: extra tokens at end of #ifdef directive
  159 | #ifdef _WIN32 || _WIN64
      |               ^~
chromDrawCPP/parameters.cpp: In member function ‘int parameters::loadArguments(int, char**)’:
chromDrawCPP/parameters.cpp:42:37: warning: ISO C++ forbids converting a string constant to ‘char*’ [-Wwrite-strings]
   42 |         char *paramsExpanded[10] = {"--help",
      |                                     ^~~~~~~~
chromDrawCPP/parameters.cpp:43:65: warning: ISO C++ forbids converting a string constant to ‘char*’ [-Wwrite-strings]
   43 |                                                                 "--outputpath",
      |                                                                 ^~~~~~~~~~~~~~
chromDrawCPP/parameters.cpp:44:65: warning: ISO C++ forbids converting a string constant to ‘char*’ [-Wwrite-strings]
   44 |                                                                 "--colorinputpath",
      |                                                                 ^~~~~~~~~~~~~~~~~~
chromDrawCPP/parameters.cpp:45:65: warning: ISO C++ forbids converting a string constant to ‘char*’ [-Wwrite-strings]
   45 |                                                                 "--datainputpath",
      |                                                                 ^~~~~~~~~~~~~~~~~
chromDrawCPP/parameters.cpp:46:65: warning: ISO C++ forbids converting a string constant to ‘char*’ [-Wwrite-strings]
   46 |                                                                 "--scale",
      |                                                                 ^~~~~~~~~
chromDrawCPP/parameters.cpp:47:65: warning: ISO C++ forbids converting a string constant to ‘char*’ [-Wwrite-strings]
   47 |                                                                 "--format"};
      |                                                                 ^~~~~~~~~~
g++ -std=gnu++14 -I"/home/biocbuild/bbs-3.17-bioc/R/include" -DNDEBUG -isystem ./libBoard/include -isystem ./chromDrawCPP -I'/home/biocbuild/bbs-3.17-bioc/R/library/Rcpp/include' -I/usr/local/include    -fpic  -g -O2  -Wall -c R_init_chromDraw.cpp -o R_init_chromDraw.o
g++ -std=gnu++14 -shared -L/home/biocbuild/bbs-3.17-bioc/R/lib -L/usr/local/lib -o chromDraw.so chromDraw.o RcppExports.o ./libBoard/src/Board.o ./libBoard/src/Color.o ./libBoard/src/PSFonts.o ./libBoard/src/Path.o ./libBoard/src/Rect.o ./libBoard/src/ShapeList.o ./libBoard/src/Shapes.o ./libBoard/src/Tools.o ./libBoard/src/Transforms.o ./chromDrawCPP/canvas.o ./chromDrawCPP/chBlock.o ./chromDrawCPP/chCentromere.o ./chromDrawCPP/chromosome.o ./chromDrawCPP/chromosomeElement.o ./chromDrawCPP/chromosomeMark.o ./chromDrawCPP/chromosomeSign.o ./chromDrawCPP/color.o ./chromDrawCPP/colorPalette.o ./chromDrawCPP/getOpts.o ./chromDrawCPP/ideogram.o ./chromDrawCPP/karyotype.o ./chromDrawCPP/markSign.o ./chromDrawCPP/parameters.o ./R_init_chromDraw.o -L/home/biocbuild/bbs-3.17-bioc/R/lib -lR
installing to /home/biocbuild/bbs-3.17-bioc/R/library/00LOCK-chromDraw/00new/chromDraw/libs
** R
** inst
** byte-compile and prepare package for lazy loading
** help
*** installing help indices
** building package indices
** installing vignettes
** testing if installed package can be loaded from temporary location
** checking absolute paths in shared objects and dynamic libraries
** testing if installed package can be loaded from final location
** testing if installed package keeps a record of temporary installation path
* DONE (chromDraw)

Tests output


Example timings

chromDraw.Rcheck/chromDraw-Ex.timings

nameusersystemelapsed
chromDraw-package0.0830.0160.100
chromDraw0.0830.0110.096
chromDrawGR0.7000.0560.757
convertInputColors0.0010.0000.001
convertInputData0.5790.0030.584
main_chromDraw0.1020.0110.115