Back to Multiple platform build/check report for BioC 3.19:   simplified   long
AB[C]DEFGHIJKLMNOPQRSTUVWXYZ

This page was generated on 2024-03-04 11:36:29 -0500 (Mon, 04 Mar 2024).

HostnameOSArch (*)R versionInstalled pkgs
nebbiolo1Linux (Ubuntu 22.04.3 LTS)x86_64R Under development (unstable) (2024-01-16 r85808) -- "Unsuffered Consequences" 4676
palomino3Windows Server 2022 Datacenterx64R Under development (unstable) (2024-01-14 r85805 ucrt) -- "Unsuffered Consequences" 4414
merida1macOS 12.7.1 Montereyx86_64R Under development (unstable) (2024-01-16 r85808) -- "Unsuffered Consequences" 4441
kunpeng2Linux (openEuler 22.03 LTS-SP1)aarch64R Under development (unstable) (2024-01-16 r85812) -- "Unsuffered Consequences" 4417
Click on any hostname to see more info about the system (e.g. compilers)      (*) as reported by 'uname -p', except on Windows and Mac OS X

Package 319/2251HostnameOS / ArchINSTALLBUILDCHECKBUILD BIN
cghMCR 1.61.0  (landing page)
J. Zhang
Snapshot Date: 2024-03-01 14:00:22 -0500 (Fri, 01 Mar 2024)
git_url: https://git.bioconductor.org/packages/cghMCR
git_branch: devel
git_last_commit: 74e95d1
git_last_commit_date: 2023-10-24 09:36:40 -0500 (Tue, 24 Oct 2023)
nebbiolo1Linux (Ubuntu 22.04.3 LTS) / x86_64  OK    OK    WARNINGS  UNNEEDED, same version is already published
palomino3Windows Server 2022 Datacenter / x64  OK    OK    WARNINGS    OK  UNNEEDED, same version is already published
merida1macOS 12.7.1 Monterey / x86_64  OK    OK    WARNINGS    OK  UNNEEDED, same version is already published
kunpeng2Linux (openEuler 22.03 LTS-SP1) / aarch64  OK    OK    WARNINGS  

CHECK results for cghMCR on nebbiolo1


To the developers/maintainers of the cghMCR package:
- Allow up to 24 hours (and sometimes 48 hours) for your latest push to git@git.bioconductor.org:packages/cghMCR.git to reflect on this report. See Troubleshooting Build Report for more information.
- Use the following Renviron settings to reproduce errors and warnings.
- If 'R CMD check' started to fail recently on the Linux builder(s) over a missing dependency, add the missing dependency to 'Suggests:' in your DESCRIPTION file. See Renviron.bioc for more information.

raw results


Summary

Package: cghMCR
Version: 1.61.0
Command: /home/biocbuild/bbs-3.19-bioc/R/bin/R CMD check --install=check:cghMCR.install-out.txt --library=/home/biocbuild/bbs-3.19-bioc/R/site-library --timings cghMCR_1.61.0.tar.gz
StartedAt: 2024-03-01 20:47:04 -0500 (Fri, 01 Mar 2024)
EndedAt: 2024-03-01 20:49:45 -0500 (Fri, 01 Mar 2024)
EllapsedTime: 160.9 seconds
RetCode: 0
Status:   WARNINGS  
CheckDir: cghMCR.Rcheck
Warnings: 1

Command output

##############################################################################
##############################################################################
###
### Running command:
###
###   /home/biocbuild/bbs-3.19-bioc/R/bin/R CMD check --install=check:cghMCR.install-out.txt --library=/home/biocbuild/bbs-3.19-bioc/R/site-library --timings cghMCR_1.61.0.tar.gz
###
##############################################################################
##############################################################################


* using log directory ‘/home/biocbuild/bbs-3.19-bioc/meat/cghMCR.Rcheck’
* using R Under development (unstable) (2024-01-16 r85808)
* using platform: x86_64-pc-linux-gnu
* R was compiled by
    gcc (Ubuntu 11.4.0-1ubuntu1~22.04) 11.4.0
    GNU Fortran (Ubuntu 11.4.0-1ubuntu1~22.04) 11.4.0
* running under: Ubuntu 22.04.4 LTS
* using session charset: UTF-8
* checking for file ‘cghMCR/DESCRIPTION’ ... OK
* this is package ‘cghMCR’ version ‘1.61.0’
* checking package namespace information ... OK
* checking package dependencies ... OK
* checking if this is a source package ... OK
* checking if there is a namespace ... OK
* checking for hidden files and directories ... OK
* checking for portable file names ... OK
* checking for sufficient/correct file permissions ... OK
* checking whether package ‘cghMCR’ can be installed ... OK
* checking installed package size ... NOTE
  installed size is 64.9Mb
  sub-directories of 1Mb or more:
    sampleData  63.8Mb
* checking package directory ... OK
* checking ‘build’ directory ... OK
* checking DESCRIPTION meta-information ... OK
* checking top-level files ... OK
* checking for left-over files ... OK
* checking index information ... OK
* checking package subdirectories ... OK
* checking R files for non-ASCII characters ... OK
* checking R files for syntax errors ... OK
* checking whether the package can be loaded ... OK
* checking whether the package can be loaded with stated dependencies ... OK
* checking whether the package can be unloaded cleanly ... OK
* checking whether the namespace can be loaded with stated dependencies ... OK
* checking whether the namespace can be unloaded cleanly ... OK
* checking loading without being on the library search path ... OK
* checking dependencies in R code ... NOTE
'library' or 'require' call to ‘DNAcopy’ which was already attached by Depends.
  Please remove these calls from your code.
Packages in Depends field not imported from:
  ‘CNTools’ ‘DNAcopy’ ‘limma’ ‘methods’
  These packages need to be imported from (in the NAMESPACE file)
  for when this namespace is loaded but not attached.
There are ::: calls to the package's namespace in its code. A package
  almost never needs to use ::: for its own objects:
  ‘adjustSegments’ ‘alignGenes’ ‘drawSegs’ ‘getAdjustments’
  ‘highlightChrom’ ‘markChrom’
* checking S3 generic/method consistency ... OK
* checking replacement functions ... OK
* checking foreign function calls ... OK
* checking R code for possible problems ... NOTE
SGOL: no visible global function definition for ‘segBy’
SGOL: no visible global function definition for ‘rs’
drawSegs : drawSegLine: no visible global function definition for
  ‘lines’
dropGenes: no visible global function definition for ‘approx’
getAlteredSegs: no visible global function definition for ‘quantile’
getLineData: no visible global function definition for ‘median’
getSegData: no visible global function definition for ‘read.maimages’
getSegData: no visible global function definition for
  ‘normalizeWithinArrays’
getSegData: no visible global function definition for
  ‘backgroundCorrect’
getSegData: no visible global function definition for ‘CNA’
getSegData: no visible global function definition for ‘segment’
getSegData: no visible global function definition for ‘smooth.CNA’
highlightChrom: no visible global function definition for ‘polygon’
markChrom: no visible global function definition for ‘polygon’
plot.DNAcopy: no visible global function definition for ‘png’
plot.DNAcopy: no visible global function definition for ‘par’
plot.DNAcopy: no visible global function definition for ‘axis’
plot.DNAcopy: no visible global function definition for ‘box’
plot.DNAcopy: no visible global function definition for ‘points’
plot.DNAcopy: no visible global function definition for ‘lines’
plot.DNAcopy: no visible global function definition for ‘dev.off’
plot.MCR: no visible global function definition for ‘png’
plot.MCR: no visible global function definition for ‘par’
plot.MCR: no visible global function definition for ‘dev.off’
plotSGOL: no visible global function definition for ‘lines’
plotSGOL: no visible global function definition for ‘axis’
plotSGOL: no visible global function definition for ‘box’
showMCR : <anonymous>: no visible global function definition for
  ‘median’
showMCR: no visible global function definition for ‘lines’
showMCR: no visible global function definition for ‘median’
showSegment : getMean: no visible global function definition for
  ‘median’
topGenes: no visible global function definition for ‘quantile’
Undefined global functions or variables:
  CNA approx axis backgroundCorrect box dev.off lines median
  normalizeWithinArrays par png points polygon quantile read.maimages
  rs segBy segment smooth.CNA
Consider adding
  importFrom("grDevices", "dev.off", "png")
  importFrom("graphics", "axis", "box", "lines", "par", "points",
             "polygon")
  importFrom("stats", "approx", "median", "quantile")
to your NAMESPACE file.
* checking Rd files ... OK
* checking Rd metadata ... OK
* checking Rd cross-references ... OK
* checking for missing documentation entries ... WARNING
Undocumented S4 methods:
  generic '[' and siglist 'SGOL,ANY,ANY,ANY'
All user-level objects in a package (including S4 classes and methods)
should have documentation entries.
See chapter ‘Writing R documentation files’ in the ‘Writing R
Extensions’ manual.
* checking for code/documentation mismatches ... OK
* checking Rd \usage sections ... OK
* checking Rd contents ... OK
* checking for unstated dependencies in examples ... OK
* checking contents of ‘data’ directory ... OK
* checking data for non-ASCII characters ... OK
* checking data for ASCII and uncompressed saves ... OK
* checking files in ‘vignettes’ ... OK
* checking examples ... OK
* checking for unstated dependencies in vignettes ... OK
* checking package vignettes ... OK
* checking re-building of vignette outputs ... OK
* checking PDF version of manual ... OK
* DONE

Status: 1 WARNING, 3 NOTEs
See
  ‘/home/biocbuild/bbs-3.19-bioc/meat/cghMCR.Rcheck/00check.log’
for details.



Installation output

cghMCR.Rcheck/00install.out

##############################################################################
##############################################################################
###
### Running command:
###
###   /home/biocbuild/bbs-3.19-bioc/R/bin/R CMD INSTALL cghMCR
###
##############################################################################
##############################################################################


* installing to library ‘/home/biocbuild/bbs-3.19-bioc/R/site-library’
* installing *source* package ‘cghMCR’ ...
** using staged installation
** R
** data
** inst
** byte-compile and prepare package for lazy loading
** help
*** installing help indices
** building package indices
** installing vignettes
** testing if installed package can be loaded from temporary location
** testing if installed package can be loaded from final location
** testing if installed package keeps a record of temporary installation path
* DONE (cghMCR)

Tests output


Example timings

cghMCR.Rcheck/cghMCR-Ex.timings

nameusersystemelapsed
SGOL-class0.0010.0000.001
cghMCR-class0.1020.0030.107
cghMCR0.0150.0010.014
mergeMCRProbes3.7740.0153.790
plot.DNAcopy000