Back to Multiple platform build/check report for BioC 3.17
A[B]CDEFGHIJKLMNOPQRSTUVWXYZ

This page was generated on 2022-11-26 11:05:08 -0500 (Sat, 26 Nov 2022).

HostnameOSArch (*)R versionInstalled pkgs
nebbiolo1Linux (Ubuntu 20.04.5 LTS)x86_64R Under development (unstable) (2022-10-25 r83175) -- "Unsuffered Consequences" 4462
palomino3Windows Server 2022 Datacenterx64R Under development (unstable) (2022-10-11 r83083 ucrt) -- "Unsuffered Consequences" 4201
merida1macOS 10.14.6 Mojavex86_64R Under development (unstable) (2022-11-13 r83342) -- "Unsuffered Consequences" 4231
Click on any hostname to see more info about the system (e.g. compilers)      (*) as reported by 'uname -p', except on Windows and Mac OS X

CHECK results for bnbc on nebbiolo1


To the developers/maintainers of the bnbc package:
- Please allow up to 24 hours (and sometimes 48 hours) for your latest push to git@git.bioconductor.org:packages/bnbc.git to
reflect on this report. See How and When does the builder pull? When will my changes propagate? for more information.
- Make sure to use the following settings in order to reproduce any error or warning you see on this page.

raw results

Package 211/2154HostnameOS / ArchINSTALLBUILDCHECKBUILD BIN
bnbc 1.21.0  (landing page)
Kipper Fletez-Brant
Snapshot Date: 2022-11-25 14:00:12 -0500 (Fri, 25 Nov 2022)
git_url: https://git.bioconductor.org/packages/bnbc
git_branch: master
git_last_commit: 6fcaac4
git_last_commit_date: 2022-11-01 11:16:33 -0500 (Tue, 01 Nov 2022)
nebbiolo1Linux (Ubuntu 20.04.5 LTS) / x86_64  OK    OK    WARNINGS  UNNEEDED, same version is already published
palomino3Windows Server 2022 Datacenter / x64  OK    OK    WARNINGS    OK  NO, package depends on 'SummarizedExperiment' which is not available
merida1macOS 10.14.6 Mojave / x86_64  OK    OK    WARNINGS    OK  NO, package depends on 'sva' which is not available

Summary

Package: bnbc
Version: 1.21.0
Command: /home/biocbuild/bbs-3.17-bioc/R/bin/R CMD check --install=check:bnbc.install-out.txt --library=/home/biocbuild/bbs-3.17-bioc/R/library --timings bnbc_1.21.0.tar.gz
StartedAt: 2022-11-25 19:10:54 -0500 (Fri, 25 Nov 2022)
EndedAt: 2022-11-25 19:16:16 -0500 (Fri, 25 Nov 2022)
EllapsedTime: 321.7 seconds
RetCode: 0
Status:   WARNINGS  
CheckDir: bnbc.Rcheck
Warnings: 2

Command output

##############################################################################
##############################################################################
###
### Running command:
###
###   /home/biocbuild/bbs-3.17-bioc/R/bin/R CMD check --install=check:bnbc.install-out.txt --library=/home/biocbuild/bbs-3.17-bioc/R/library --timings bnbc_1.21.0.tar.gz
###
##############################################################################
##############################################################################


* using log directory ‘/home/biocbuild/bbs-3.17-bioc/meat/bnbc.Rcheck’
* using R Under development (unstable) (2022-10-25 r83175)
* using platform: x86_64-pc-linux-gnu (64-bit)
* using session charset: UTF-8
* checking for file ‘bnbc/DESCRIPTION’ ... OK
* this is package ‘bnbc’ version ‘1.21.0’
* checking package namespace information ... OK
* checking package dependencies ... OK
* checking if this is a source package ... OK
* checking if there is a namespace ... OK
* checking for hidden files and directories ... OK
* checking for portable file names ... OK
* checking for sufficient/correct file permissions ... OK
* checking whether package ‘bnbc’ can be installed ... WARNING
Found the following significant warnings:
  Warning: S3 methods ‘effectiveLibSizes.default’, ‘effectiveLibSizes.DGEList’, ‘effectiveLibSizes.DGEGLM’, ‘effectiveLibSizes.DGELRT’ were declared in NAMESPACE but not found
See ‘/home/biocbuild/bbs-3.17-bioc/meat/bnbc.Rcheck/00install.out’ for details.
* checking installed package size ... OK
* checking package directory ... OK
* checking ‘build’ directory ... OK
* checking DESCRIPTION meta-information ... OK
* checking top-level files ... OK
* checking for left-over files ... OK
* checking index information ... OK
* checking package subdirectories ... OK
* checking R files for non-ASCII characters ... OK
* checking R files for syntax errors ... OK
* checking whether the package can be loaded ... OK
* checking whether the package can be loaded with stated dependencies ... OK
* checking whether the package can be unloaded cleanly ... OK
* checking whether the namespace can be loaded with stated dependencies ... OK
* checking whether the namespace can be unloaded cleanly ... OK
* checking dependencies in R code ... OK
* checking S3 generic/method consistency ... OK
* checking replacement functions ... OK
* checking foreign function calls ... OK
* checking R code for possible problems ... OK
* checking Rd files ... WARNING
checkRd: (5) ContactGroup-class.Rd:72-74: \item in \describe must have non-empty label
* checking Rd metadata ... OK
* checking Rd cross-references ... OK
* checking for missing documentation entries ... OK
* checking for code/documentation mismatches ... OK
* checking Rd \usage sections ... OK
* checking Rd contents ... OK
* checking for unstated dependencies in examples ... OK
* checking contents of ‘data’ directory ... OK
* checking data for non-ASCII characters ... OK
* checking data for ASCII and uncompressed saves ... OK
* checking line endings in C/C++/Fortran sources/headers ... OK
* checking compiled code ... NOTE
Note: information on .o files is not available
* checking files in ‘vignettes’ ... OK
* checking examples ... OK
Examples with CPU (user + system) or elapsed time > 5s
                     user system elapsed
smoothing          17.658  0.276  17.935
bnbc-package       15.574  1.283  16.866
bnbc               11.182  0.361  11.541
cooler_methods      7.549  0.119   7.571
ContactGroup-class  6.307  0.880   7.187
* checking for unstated dependencies in ‘tests’ ... OK
* checking tests ...
  Running ‘runTests.R’
 OK
* checking for unstated dependencies in vignettes ... OK
* checking package vignettes in ‘inst/doc’ ... OK
* checking running R code from vignettes ...
  ‘bnbc.Rmd’ using ‘UTF-8’... OK
 NONE
* checking re-building of vignette outputs ... OK
* checking PDF version of manual ... OK
* DONE

Status: 2 WARNINGs, 1 NOTE
See
  ‘/home/biocbuild/bbs-3.17-bioc/meat/bnbc.Rcheck/00check.log’
for details.



Installation output

bnbc.Rcheck/00install.out

##############################################################################
##############################################################################
###
### Running command:
###
###   /home/biocbuild/bbs-3.17-bioc/R/bin/R CMD INSTALL bnbc
###
##############################################################################
##############################################################################


* installing to library ‘/home/biocbuild/bbs-3.17-bioc/R/library’
* installing *source* package ‘bnbc’ ...
** using staged installation
** libs
g++ -std=gnu++14 -I"/home/biocbuild/bbs-3.17-bioc/R/include" -DNDEBUG  -I'/home/biocbuild/bbs-3.17-bioc/R/library/Rcpp/include' -I/usr/local/include    -fpic  -g -O2  -Wall -c RcppExports.cpp -o RcppExports.o
g++ -std=gnu++14 -I"/home/biocbuild/bbs-3.17-bioc/R/include" -DNDEBUG  -I'/home/biocbuild/bbs-3.17-bioc/R/library/Rcpp/include' -I/usr/local/include    -fpic  -g -O2  -Wall -c update_bands.cpp -o update_bands.o
g++ -std=gnu++14 -shared -L/home/biocbuild/bbs-3.17-bioc/R/lib -L/usr/local/lib -o bnbc.so RcppExports.o update_bands.o -L/home/biocbuild/bbs-3.17-bioc/R/lib -lR
installing to /home/biocbuild/bbs-3.17-bioc/R/library/00LOCK-bnbc/00new/bnbc/libs
** R
** data
** inst
** byte-compile and prepare package for lazy loading
Warning: S3 methods ‘effectiveLibSizes.default’, ‘effectiveLibSizes.DGEList’, ‘effectiveLibSizes.DGEGLM’, ‘effectiveLibSizes.DGELRT’ were declared in NAMESPACE but not found
** help
*** installing help indices
** building package indices
** installing vignettes
** testing if installed package can be loaded from temporary location
Warning: S3 methods ‘effectiveLibSizes.default’, ‘effectiveLibSizes.DGEList’, ‘effectiveLibSizes.DGEGLM’, ‘effectiveLibSizes.DGELRT’ were declared in NAMESPACE but not found
** checking absolute paths in shared objects and dynamic libraries
** testing if installed package can be loaded from final location
Warning: S3 methods ‘effectiveLibSizes.default’, ‘effectiveLibSizes.DGEList’, ‘effectiveLibSizes.DGEGLM’, ‘effectiveLibSizes.DGELRT’ were declared in NAMESPACE but not found
** testing if installed package keeps a record of temporary installation path
* DONE (bnbc)

Tests output

bnbc.Rcheck/tests/runTests.Rout


R Under development (unstable) (2022-10-25 r83175) -- "Unsuffered Consequences"
Copyright (C) 2022 The R Foundation for Statistical Computing
Platform: x86_64-pc-linux-gnu (64-bit)

R is free software and comes with ABSOLUTELY NO WARRANTY.
You are welcome to redistribute it under certain conditions.
Type 'license()' or 'licence()' for distribution details.

R is a collaborative project with many contributors.
Type 'contributors()' for more information and
'citation()' on how to cite R or R packages in publications.

Type 'demo()' for some demos, 'help()' for on-line help, or
'help.start()' for an HTML browser interface to help.
Type 'q()' to quit R.

> require("bnbc") || stop("unable to load bnbc")
Loading required package: bnbc
Loading required package: BiocGenerics

Attaching package: 'BiocGenerics'

The following objects are masked from 'package:stats':

    IQR, mad, sd, var, xtabs

The following objects are masked from 'package:base':

    Filter, Find, Map, Position, Reduce, anyDuplicated, aperm, append,
    as.data.frame, basename, cbind, colnames, dirname, do.call,
    duplicated, eval, evalq, get, grep, grepl, intersect, is.unsorted,
    lapply, mapply, match, mget, order, paste, pmax, pmax.int, pmin,
    pmin.int, rank, rbind, rownames, sapply, setdiff, sort, table,
    tapply, union, unique, unsplit, which.max, which.min

Loading required package: SummarizedExperiment
Loading required package: MatrixGenerics
Loading required package: matrixStats

Attaching package: 'MatrixGenerics'

The following objects are masked from 'package:matrixStats':

    colAlls, colAnyNAs, colAnys, colAvgsPerRowSet, colCollapse,
    colCounts, colCummaxs, colCummins, colCumprods, colCumsums,
    colDiffs, colIQRDiffs, colIQRs, colLogSumExps, colMadDiffs,
    colMads, colMaxs, colMeans2, colMedians, colMins, colOrderStats,
    colProds, colQuantiles, colRanges, colRanks, colSdDiffs, colSds,
    colSums2, colTabulates, colVarDiffs, colVars, colWeightedMads,
    colWeightedMeans, colWeightedMedians, colWeightedSds,
    colWeightedVars, rowAlls, rowAnyNAs, rowAnys, rowAvgsPerColSet,
    rowCollapse, rowCounts, rowCummaxs, rowCummins, rowCumprods,
    rowCumsums, rowDiffs, rowIQRDiffs, rowIQRs, rowLogSumExps,
    rowMadDiffs, rowMads, rowMaxs, rowMeans2, rowMedians, rowMins,
    rowOrderStats, rowProds, rowQuantiles, rowRanges, rowRanks,
    rowSdDiffs, rowSds, rowSums2, rowTabulates, rowVarDiffs, rowVars,
    rowWeightedMads, rowWeightedMeans, rowWeightedMedians,
    rowWeightedSds, rowWeightedVars

Loading required package: GenomicRanges
Loading required package: stats4
Loading required package: S4Vectors

Attaching package: 'S4Vectors'

The following objects are masked from 'package:base':

    I, expand.grid, unname

Loading required package: IRanges
Loading required package: GenomeInfoDb
Loading required package: Biobase
Welcome to Bioconductor

    Vignettes contain introductory material; view with
    'browseVignettes()'. To cite Bioconductor, see
    'citation("Biobase")', and for packages 'citation("pkgname")'.


Attaching package: 'Biobase'

The following object is masked from 'package:MatrixGenerics':

    rowMedians

The following objects are masked from 'package:matrixStats':

    anyMissing, rowMedians

[1] TRUE
Warning message:
S3 methods 'effectiveLibSizes.default', 'effectiveLibSizes.DGEList', 'effectiveLibSizes.DGEGLM', 'effectiveLibSizes.DGELRT' were declared in NAMESPACE but not found 
> BiocGenerics:::testPackage("bnbc")


RUNIT TEST PROTOCOL -- Fri Nov 25 19:15:24 2022 
*********************************************** 
Number of test functions: 2 
Number of errors: 0 
Number of failures: 0 

 
1 Test Suite : 
bnbc RUnit Tests - 2 test functions, 0 errors, 0 failures
Number of test functions: 2 
Number of errors: 0 
Number of failures: 0 
> 
> proc.time()
   user  system elapsed 
 11.872   0.714  12.575 

Example timings

bnbc.Rcheck/bnbc-Ex.timings

nameusersystemelapsed
ContactGroup-class6.3070.8807.187
apply_functions1.3520.2591.612
band0.6220.1390.763
bnbc-package15.574 1.28316.866
bnbc11.182 0.36111.541
cooler_methods7.5490.1197.571
getBandIdx0.6760.0160.692
getBandMatrix0.7050.0230.728
groupZeros0.8550.0200.875
smoothing17.658 0.27617.935