Back to Multiple platform build/check report for BioC 3.19: simplified long |
|
This page was generated on 2024-03-28 11:38:48 -0400 (Thu, 28 Mar 2024).
Hostname | OS | Arch (*) | R version | Installed pkgs |
---|---|---|---|---|
nebbiolo1 | Linux (Ubuntu 22.04.3 LTS) | x86_64 | R Under development (unstable) (2024-03-18 r86148) -- "Unsuffered Consequences" | 4708 |
palomino3 | Windows Server 2022 Datacenter | x64 | R Under development (unstable) (2024-03-16 r86144 ucrt) -- "Unsuffered Consequences" | 4446 |
lconway | macOS 12.7.1 Monterey | x86_64 | R Under development (unstable) (2024-03-18 r86148) -- "Unsuffered Consequences" | 4471 |
kunpeng2 | Linux (openEuler 22.03 LTS-SP1) | aarch64 | R Under development (unstable) (2024-03-19 r86153) -- "Unsuffered Consequences" | 4426 |
Click on any hostname to see more info about the system (e.g. compilers) (*) as reported by 'uname -p', except on Windows and Mac OS X |
Package 112/2270 | Hostname | OS / Arch | INSTALL | BUILD | CHECK | BUILD BIN | ||||||||
autonomics 1.11.86 (landing page) Aditya Bhagwat
| nebbiolo1 | Linux (Ubuntu 22.04.3 LTS) / x86_64 | OK | ERROR | skipped | |||||||||
palomino3 | Windows Server 2022 Datacenter / x64 | OK | ERROR | skipped | skipped | |||||||||
lconway | macOS 12.7.1 Monterey / x86_64 | OK | ERROR | skipped | skipped | |||||||||
kunpeng2 | Linux (openEuler 22.03 LTS-SP1) / aarch64 | OK | ERROR | skipped | ||||||||||
To the developers/maintainers of the autonomics package: - Allow up to 24 hours (and sometimes 48 hours) for your latest push to git@git.bioconductor.org:packages/autonomics.git to reflect on this report. See Troubleshooting Build Report for more information. - Use the following Renviron settings to reproduce errors and warnings. - If 'R CMD check' started to fail recently on the Linux builder(s) over a missing dependency, add the missing dependency to 'Suggests:' in your DESCRIPTION file. See Renviron.bioc for more information. |
Package: autonomics |
Version: 1.11.86 |
Command: /Library/Frameworks/R.framework/Resources/bin/R CMD build --keep-empty-dirs --no-resave-data autonomics |
StartedAt: 2024-03-27 15:59:12 -0400 (Wed, 27 Mar 2024) |
EndedAt: 2024-03-27 16:00:54 -0400 (Wed, 27 Mar 2024) |
EllapsedTime: 101.2 seconds |
RetCode: 1 |
Status: ERROR |
PackageFile: None |
PackageFileSize: NA |
############################################################################## ############################################################################## ### ### Running command: ### ### /Library/Frameworks/R.framework/Resources/bin/R CMD build --keep-empty-dirs --no-resave-data autonomics ### ############################################################################## ############################################################################## * checking for file ‘autonomics/DESCRIPTION’ ... OK * preparing ‘autonomics’: * checking DESCRIPTION meta-information ... OK * installing the package to build vignettes * creating vignettes ... ERROR --- re-building ‘autonomics_detailed_manual.Rmd’ using rmarkdown Quitting from lines 24-38 [unnamed-chunk-1] (autonomics_detailed_manual.Rmd) Error: processing vignette 'autonomics_detailed_manual.Rmd' failed with diagnostics: unused arguments (phosphofile = file.phosphosites, proteinfile = file.proteingroups) --- failed re-building ‘autonomics_detailed_manual.Rmd’ --- re-building ‘autonomics_platformaware_analysis.Rmd’ using rmarkdown Quitting from lines 51-54 [unnamed-chunk-2] (autonomics_platformaware_analysis.Rmd) Error: processing vignette 'autonomics_platformaware_analysis.Rmd' failed with diagnostics: object 'sep' not found --- failed re-building ‘autonomics_platformaware_analysis.Rmd’ --- re-building ‘autonomics_unified_modeling.Rmd’ using rmarkdown Quitting from lines 57-62 [unnamed-chunk-4] (autonomics_unified_modeling.Rmd) Error: processing vignette 'autonomics_unified_modeling.Rmd' failed with diagnostics: object 'sep' not found --- failed re-building ‘autonomics_unified_modeling.Rmd’ SUMMARY: processing the following files failed: ‘autonomics_detailed_manual.Rmd’ ‘autonomics_platformaware_analysis.Rmd’ ‘autonomics_unified_modeling.Rmd’ Error: Vignette re-building failed. Execution halted